{"id":2543,"date":"2026-02-28T01:02:16","date_gmt":"2026-02-28T04:02:16","guid":{"rendered":"https:\/\/bibliotecajuridicavirtual.cl\/?post_type=product&#038;p=2543"},"modified":"2026-02-28T01:02:30","modified_gmt":"2026-02-28T04:02:30","slug":"procedimiento-contencioso-de-libre-competencia-en-chile-normativa-doctrina-y-jurisprudencia-nicolas-carrasco-delgado-nicolas-palma-peredo-dario-seguel","status":"publish","type":"product","link":"https:\/\/bibliotecajuridicavirtual.cl\/index.php\/product\/procedimiento-contencioso-de-libre-competencia-en-chile-normativa-doctrina-y-jurisprudencia-nicolas-carrasco-delgado-nicolas-palma-peredo-dario-seguel\/","title":{"rendered":"Procedimiento Contencioso de Libre Competencia en Chile &#8211; Normativa, Doctrina y Jurisprudencia *  Nicol\u00e1s Carrasco Delgado &#8211; Nicol\u00e1s Palma Peredo &#8211; Dar\u00edo Seguel"},"content":{"rendered":"<p style=\"font-weight: 400;\">Esta obra es la primera en abordar de manera sistem\u00e1tica y completa el procedimiento contencioso de libre competencia incorporando la doctrina m\u00e1s relevante en la materia y la jurisprudencia del Tribunal de Defensa de la Libre Competencia y de la Corte Suprema, en los m\u00e1s de 20 a\u00f1os de existencia de la institucionalidad moderna de libre competencia en Chile. El resultado es un texto riguroso y sistem\u00e1tico, que ofrece una mirada integral y actualizada sobre un tema escasamente abordado en la literatura jur\u00eddica nacional.<\/p>\n<p style=\"font-weight: 400;\">El contenido se divide en tres cap\u00edtulos fundamentales. El primero sirve como introducci\u00f3n a los procedimientos de libre competencia, haciendo especial \u00e9nfasis en su historia, su naturaleza civil y sus facultades jurisdiccionales. El segundo cap\u00edtulo se aboca de lleno a los aspectos org\u00e1nicos en libre competencia, tanto en la Fiscal\u00eda Nacional Econ\u00f3mica como en el Tribunal de Defensa de Libre Competencia, profundizando en sus funciones, facultades y objetivos. Finalmente, se aborda de manera directa lo que compete al procedimiento contencioso de libre competencia, es decir: naturaleza del procedimiento, principios formativos, supletoriedad, disposiciones comunes a todo procedimiento, inicio y conciliaci\u00f3n del mismo, medidas cautelares, etapa probatoria, sentencia y etapa de cumplimiento junto a recursos \u00fatiles en esta materia.<\/p>\n<p style=\"font-weight: 400;\">De esta manera, nos encontramos ante una herramienta imprescindible para abogados litigantes, acad\u00e9micos, estudiantes y toda persona que est\u00e9 interesada en temas relacionados al procedimiento contencioso de libre competencia.<\/p>\n<p style=\"font-weight: 400;\"><b><strong>CAP\u00cdTULO I<\/strong><\/b><br \/>\n<b><strong>INTRODUCCI\u00d3N. MARCO TE\u00d3RICO PARA EXAMINAR LOS PROCEDIMIENTOS EN SEDE DE LIBRE COMPETENCIA<\/strong><\/b><\/p>\n<ol>\n<li style=\"font-weight: 400;\">Breve historia de los procedimientos de libre competencia<\/li>\n<li style=\"font-weight: 400;\">Naturaleza civil de los procedimientos de libre competencia<br \/>\n2.1. Apuntes sobre la naturaleza civil del procedimiento contencioso de libre competencia<br \/>\n2.2 Apuntes sobre la naturaleza civil del procedimiento no contencioso de libre competencia<\/li>\n<li style=\"font-weight: 400;\">\u00bfJurisdicci\u00f3n o Administraci\u00f3n?<br \/>\n3.1. Facultades jurisdiccionales y no jurisdiccionales asignadas al TDLC<br \/>\n3.2. Ideas generales sobre los principios formativos civiles asociados a las funciones jurisdiccionales del TDLC<\/li>\n<\/ol>\n<p style=\"font-weight: 400;\"><b><strong>CAP\u00cdTULO II<\/strong><\/b><br \/>\n<b><strong>ASPECTOS ORG\u00c1NICOS EN LIBRE COMPETENCIA<\/strong><\/b><\/p>\n<ol>\n<li style=\"font-weight: 400;\">Introducci\u00f3n<\/li>\n<li style=\"font-weight: 400;\">De la FNE<br \/>\n2.1. Aspectos org\u00e1nicos de la FNE<br \/>\nA) Organizaci\u00f3n interna de la FNE<br \/>\nB) Acerca de la ausencia de autonom\u00eda financiera de la FNE<br \/>\nC) Reglas administrativas que rigen a los funcionarios que se desempe\u00f1an\u00a0en la FNE<\/li>\n<\/ol>\n<p style=\"font-weight: 400;\">2.2. Funciones de la FNE<br \/>\nA) Facultades de investigaci\u00f3n<br \/>\na. Facultad de investigaci\u00f3n asociada a petici\u00f3n de colaboraci\u00f3n y aporte de antecedentes de organismos y funcionarios p\u00fablicos<br \/>\nb. Facultad de investigaci\u00f3n asociada a petici\u00f3n de informaci\u00f3n y antecedentes a sujetos involucrados y relacionados con sus investigaciones<br \/>\nc. Facultad de investigaci\u00f3n referida a llamar a declarar a personas que tuvieran conocimiento de las pr\u00e1cticas indagadas<br \/>\nd. Facultad de investigaci\u00f3n asociada al ejercicio de facultades intrusivas<br \/>\ne. Facultad investigativa de delaci\u00f3n compensada en materia de carteles<br \/>\nB) Facultades de intervenci\u00f3n procesal<br \/>\na. Facultad de intervenci\u00f3n procesal en representaci\u00f3n del inter\u00e9s general de la colectividad en el orden econ\u00f3mico<br \/>\nb. Facultad de emisi\u00f3n de informes a solicitud del TDLC<br \/>\nc. Facultad de alcanzar acuerdos extrajudiciales<br \/>\nC) Facultades de ejecuci\u00f3n<br \/>\nD) Facultades propositivas<br \/>\nE) Facultades en materia de operaciones de concentraci\u00f3n<\/p>\n<ol start=\"3\">\n<li style=\"font-weight: 400;\">Del TDLC<br \/>\n3.1. Tribunal especial e independiente y \u00e1mbito de competencia<br \/>\n3.2. Objetivo institucional del TDLC<br \/>\n3.3. Aspectos org\u00e1nicos del TDLC<br \/>\nA) Integraci\u00f3n<br \/>\nB) Funcionamiento org\u00e1nico del TDLC<br \/>\nC) Inhabilidades de los ministros del TDLC<br \/>\nD) Asiento del TDLC y otras reglas org\u00e1nicas<br \/>\nE) Causales de cesaci\u00f3n en el cargo de los ministros del TDLC<br \/>\nF) Planta de funcionarios del TDLC y r\u00e9gimen disciplinario<\/li>\n<\/ol>\n<p style=\"font-weight: 400;\"><b><strong>CAP\u00cdTULO III<\/strong><\/b><br \/>\n<b><strong>PROCEDIMIENTO CONTENCIOSO DE LIBRE COMPETENCIA<\/strong><\/b><\/p>\n<ol>\n<li style=\"font-weight: 400;\">Naturaleza del procedimiento<\/li>\n<li style=\"font-weight: 400;\">Principios formativos<br \/>\n2.1. Principio dispositivo<br \/>\n2.2. Principio de impulso de oficio por el TDLC<br \/>\n2.3. Principio de escrituraci\u00f3n morigerada<br \/>\n2.4. Principio de tramitaci\u00f3n electr\u00f3nica<br \/>\n2.5. Principio de eficiencia procesal<br \/>\n2.6. Principio de protecci\u00f3n de la confidencialidad<\/li>\n<li style=\"font-weight: 400;\">Supletoriedad<\/li>\n<li style=\"font-weight: 400;\">Disposiciones comunes a todo procedimiento<br \/>\n4.1. Sobre las reglas generales de las disposiciones comunes a todo procedimiento contenidas en el T\u00edtulo I del Libro I del CPC<br \/>\n4.2. Sobre las reglas de comparecencia en juicio del T\u00edtulo II del Libro I del CPC<br \/>\nA) Acerca de la comparecencia en juicio en libre competencia<br \/>\nB) Del procurador com\u00fan en libre competencia<br \/>\n4.3. Reglas de pluralidad de acciones y partes seg\u00fan el T\u00edtulo III del Libro I del CPC<br \/>\nA) Pluralidad de acciones y partes<br \/>\nB) Emplazamiento a terceros titulares de la acci\u00f3n<br \/>\nC) Regulaci\u00f3n sobre los terceros con inter\u00e9s<br \/>\n4.4. Sobre las cargas pecuniarias a que est\u00e1n sometidas las partes de acuerdo con el T\u00edtulo IV del Libro I del CPC<br \/>\n4.5. Sobre la formaci\u00f3n del proceso, su custodia y su comunicaci\u00f3n a las partes de acuerdo con el T\u00edtulo V del Libro I del CPC<br \/>\n4.6. Sobre las notificaciones de conformidad con el T\u00edtulo V del Libro I del CPC<br \/>\nA) Notificaci\u00f3n personal<br \/>\nB) Notificaci\u00f3n sustitutiva de la personal<br \/>\nC) Notificaci\u00f3n especial en libre competencia a la filial o sucursal en Chile de una empresa extranjera<br \/>\nD) Notificaci\u00f3n por aviso<br \/>\nE) Notificaci\u00f3n por c\u00e9dula<br \/>\nF) Notificaci\u00f3n electr\u00f3nica<br \/>\nG) Notificaci\u00f3n por el estado diario<br \/>\nH) Notificaci\u00f3n t\u00e1cita y notificaci\u00f3n ficta<br \/>\n4.7. Sobre las actuaciones judiciales de acuerdo con las reglas contenidas en el T\u00edtulo VII y sobre rebeld\u00edas del T\u00edtulo VIII, ambos del Libro I del CPC<br \/>\nA) De las actuaciones judiciales y sus formalidades<br \/>\nB) De los plazos y de las rebeld\u00edas<br \/>\nC) De la forma en que se deben realizar las actuaciones procesales<br \/>\nD) De los exhortos<br \/>\n4.8. Sobre las actuaciones judiciales de acuerdo con las reglas contenidas en el T\u00edtulo VII bis del Libro I CPC<br \/>\n4.9. Regulaci\u00f3n sobre incidentes especiales y ordinarios<br \/>\nA) De los incidentes ordinarios<br \/>\nB) Incidente de nulidad procesal<br \/>\nC) De los incidentes especiales<br \/>\na. Acumulaci\u00f3n de autos<br \/>\nb. Cuestiones de competencia<br \/>\nc. De las implicancias y recusaciones<br \/>\nd. De las costas<br \/>\ne. Desistimiento de la demanda<br \/>\nf. Abandono del procedimiento<br \/>\n4.10. Regulaci\u00f3n de resoluciones judiciales en el T\u00edtulo XVII del Libro I del CPC<br \/>\nA) Requisitos comunes a todas las resoluciones judiciales<br \/>\nB) Concepto y requisitos de los decretos<br \/>\nC) Concepto y requisitos de los autos<br \/>\nD) Concepto y requisitos de las sentencias interlocutorias<br \/>\nE) Concepto y requisitos de las sentencias definitivas<\/li>\n<li style=\"font-weight: 400;\">Inicio del procedimiento<br \/>\n5.1. Medidas prejudiciales<br \/>\nA) Medidas prejudiciales preparatorias<br \/>\nB) Medidas prejudiciales precautorias<br \/>\nC) Medidas prejudiciales probatorias<br \/>\nD) Debate: \u00bfla medida prejudicial puede interrumpir el plazo de prescripci\u00f3n?<br \/>\n5.2. Demanda o requerimiento y su admisibilidad<br \/>\nA) Demanda o requerimiento<br \/>\nB) Admisibilidad<br \/>\n5.3. Excepciones dilatorias<br \/>\nA) Excepci\u00f3n dilatoria de incompetencia del tribunal<br \/>\nB) Excepci\u00f3n dilatoria de falta de capacidad del demandante o de personer\u00eda, y falta o insuficiencia de representaci\u00f3n legal del actor<br \/>\nC) Excepci\u00f3n dilatoria de litispendencia<br \/>\nD) Excepci\u00f3n dilatoria de ineptitud del libelo por falta de alg\u00fan requisito legal en el modo de proponer la demanda<br \/>\nE) Excepci\u00f3n dilatoria de beneficio de excusi\u00f3n<br \/>\nF) Excepci\u00f3n dilatoria general que se refiere a la correcci\u00f3n del procedimiento sin afectar el fondo de la acci\u00f3n deducida<br \/>\nG) Forma, oportunidad y tramitaci\u00f3n de las excepciones dilatorias<br \/>\n5.4. Contestaci\u00f3n y defensas<br \/>\nA) Excepciones perentorias<br \/>\na. Falta de legitimaci\u00f3n<br \/>\nb. Cosa juzgada<br \/>\nc. Cosa juzgada refleja<\/li>\n<li style=\"font-weight: 400;\">Conciliaci\u00f3n<br \/>\n6.1. Algunas cuestiones procesales sobre la conciliaci\u00f3n<br \/>\n6.2. An\u00e1lisis de las conciliaciones por tipo de conducta<br \/>\nA) Acuerdos conciliatorios en materia de abuso de posici\u00f3n dominante<br \/>\nB) Conciliaciones en causas infraccionales<br \/>\nC) \u00bfConciliaciones en carteles?<br \/>\na. Primera etapa: inexistencia de conciliaciones en materia de carteles<br \/>\nb. Segunda etapa: convenciones probatorias<br \/>\nc. Tercera etapa: aceptaci\u00f3n de conciliaciones en causas de carteles<br \/>\nd. Consideraciones finales sobre relaci\u00f3n entre conciliaciones y pol\u00edtica de persecuci\u00f3n de carteles<\/li>\n<li style=\"font-weight: 400;\">Medidas cautelares<br \/>\n7.1. Definici\u00f3n y caracter\u00edsticas de las medidas cautelares<br \/>\nA) Las medidas cautelares son preventivas<br \/>\nB) Las medidas cautelares son instrumentales<br \/>\nC) Las medidas cautelares son transitorias<br \/>\nD) Las medidas cautelares son proporcionales<br \/>\nE) Las medidas cautelares son excepcionales y accesorias a un proceso principal<br \/>\n7.2. Requisitos para la procedencia de toda medida cautelar<br \/>\nA) La apariencia o humo de buen derecho<br \/>\nB) El peligro en la demora<br \/>\nC) La conceptuaci\u00f3n de ambos requisitos en el D.L. No 211<br \/>\n7.3. El procedimiento para el otorgamiento de las medidas cautelares en libre competencia<br \/>\n7.4. Ejemplos jurisprudenciales en materia de medidas cautelares<br \/>\nA) Causa Rol C No 518-2024<br \/>\nB) Causa Rol C No 476-2022<br \/>\nC) Causa Rol C No 460-2022<br \/>\nD) Causas Rol C No 457-2022 y Rol C No 444-2022<br \/>\nE) Causa Rol C No 435-2021<br \/>\nF) Causa Rol C No 385-2019<br \/>\nG) Causa Rol C No 349-2018<br \/>\nH) Causa Rol C No 342-2018<br \/>\nI) Causa Rol C No 332-2017<br \/>\nJ) Causa Rol C No 329-2017<br \/>\nK) Causa Rol C No 326-2017<br \/>\nL) Causa Rol C No 256-2013<\/li>\n<li style=\"font-weight: 400;\">Etapa probatoria<br \/>\n8.1. Actividad probatoria<br \/>\nA) Etapa de proposici\u00f3n probatoria<br \/>\nB) Admisibilidad probatoria<br \/>\nC) Rendici\u00f3n de prueba<br \/>\nD) Contraexamen<br \/>\nE) Etapas de valoraci\u00f3n de prueba y est\u00e1ndar de prueba<br \/>\n8.2. Introducci\u00f3n sobre la interlocutoria de prueba y t\u00e9rmino probatorio<br \/>\nA) Resoluci\u00f3n que recibe la causa a prueba en el procedimiento contencioso de libre competencia<br \/>\nB) T\u00e9rminos probatorios en el procedimiento contencioso de libre competencia<br \/>\na. T\u00e9rmino probatorio ordinario<br \/>\nb. T\u00e9rmino probatorio extraordinario<br \/>\nc. T\u00e9rminos probatorios especiales<br \/>\n8.3. Medios de prueba<br \/>\nA) Prueba documental<br \/>\na. La exhibici\u00f3n de documentos<br \/>\nb. \u00bfCu\u00e1ndo se tienen por acompa\u00f1ados los documentos?<br \/>\nc. \u00bfEl expediente de investigaci\u00f3n es un documento o un conjunto de antecedentes?<br \/>\nd. Confidencialidad y reserva en procedimientos contenciosos de libre competencia<br \/>\nB) Prueba testimonial<br \/>\na. Lista de testigos<br \/>\nb. Citaci\u00f3n a los testigos a audiencia<br \/>\nc. Desarrollo de la audiencia<br \/>\nd. El derecho a guardar silencio<br \/>\ne. Valor probatorio de los testigos<br \/>\nf. Consideraci\u00f3n hist\u00f3rica sobre las tachas<br \/>\nC) Inspecci\u00f3n personal del tribunal<br \/>\nD) Prueba confesional<br \/>\na. Absoluci\u00f3n de posiciones<br \/>\nb. Absoluci\u00f3n de posiciones en el procedimiento contencioso de libre competencia y su vinculaci\u00f3n con el procedimiento penal posterior<br \/>\nc. Confesi\u00f3n en sentencias de procedimientos contenciosos de libre competencia<br \/>\nE) Prueba pericial<br \/>\nF) Presunciones<br \/>\na. Presunciones en caso de abuso o colusi\u00f3n<br \/>\nb. La doctrina de la \u00fanica unidad econ\u00f3mica<br \/>\nG) Otros medios de prueba no expresamente regulados por el legislador<br \/>\na. Audiencia de economistas<br \/>\nb. Sentencias como medios de prueba<br \/>\n8.4. Valoraci\u00f3n y est\u00e1ndar de prueba<br \/>\nA) Valoraci\u00f3n de prueba<br \/>\na. Aspectos introductorios sobre la sana cr\u00edtica<br \/>\nb. Breve referencia a los elementos de la sana cr\u00edtica<br \/>\nc. La sana cr\u00edtica en libre competencia<br \/>\nB) Est\u00e1ndar de prueba<br \/>\na. Dotando de contenido al est\u00e1ndar de prueba \u201cclara y concluyente\u201d en casos de libre competencia en Chile<br \/>\nb. Consideraciones sobre las razones de eficiencia como fundamento de un est\u00e1ndar de prueba civil en libre competencia<br \/>\nc. \u00bfLas normas de est\u00e1ndar de prueba son susceptibles de an\u00e1lisis de acuerdo con el \u00f3ptimo paretiano?<br \/>\nd. Propuesta de est\u00e1ndar de prueba en materia de libre competencia<br \/>\nC) Audiencia p\u00fablica<\/li>\n<li style=\"font-weight: 400;\">Prescripci\u00f3n<\/li>\n<li style=\"font-weight: 400;\">Sentencia definitiva en el procedimiento contencioso de libre competencia<br \/>\n10.1. Aspectos formales sobre la sentencia definitiva dictada en el procedimiento contencioso de libre competencia<br \/>\nA) De las medidas que pueden adoptarse en la sentencia definitiva<br \/>\na. Modificar o poner t\u00e9rmino a los actos, contratos, convenios, sistemas o acuerdos que sean contrarios a las disposiciones del D.L. No 211<br \/>\nb. Ordenar la modificaci\u00f3n o disoluci\u00f3n de las personas jur\u00eddicas de derecho privado que hubieren intervenido en dichos actos, contratos, convenios, sistemas o acuerdos<br \/>\nc. Aplicar multas a beneficio fiscal<br \/>\ni. Historia de la sanci\u00f3n de multas en libre competencia<br \/>\nii. R\u00e9gimen de c\u00e1lculo de multas actualmente vigente<br \/>\niii. Reglas que buscan asegurar la retribuci\u00f3n en la condena y pago de multas<br \/>\niv. Solidaridad en el pago de las multas<br \/>\nd. En caso de gun jumping, se impondr\u00e1 una multa proporcional por cada d\u00eda de retardo contado desde el perfeccionamiento de la operaci\u00f3n de concentraci\u00f3n<br \/>\ne. En caso de colusi\u00f3n, se puede imponer la prohibici\u00f3n de contratar con el Estado, con organismos aut\u00f3nomos o con instituciones en donde el Estado efect\u00fae aportes, con el Congreso Nacional y el Poder Judicial, as\u00ed como de adjudicarse cualquier concesi\u00f3n<br \/>\nf. Otras medidas preventivas, correctivas o prohibitivas que respecto de dichos hechos, actos o convenciones puedan disponerse en cada caso<\/li>\n<li style=\"font-weight: 400;\">Etapa de cumplimiento en materia de procedimiento contencioso<br \/>\n11.1. Atribuciones que posee el TDLC en materia de ejecuci\u00f3n<br \/>\n11.2. \u00bfAplican las normas de cumplimiento incidental en el procedimiento no contencioso de libre competencia?<br \/>\n11.3. Ejecuci\u00f3n respecto de las multas impuestas en el procedimiento contencioso de libre competencia<\/li>\n<li style=\"font-weight: 400;\">Recursos en materia de procedimiento contencioso<br \/>\n12.1. Recurso de reposici\u00f3n<br \/>\nA) Normativa aplicable al recurso de reposici\u00f3n en el procedimiento contencioso<br \/>\nB) Plazo para interponer el recurso de reposici\u00f3n en el procedimiento contencioso<br \/>\nC) Tramitaci\u00f3n del recurso de reposici\u00f3n en el procedimiento contencioso<br \/>\n12.2. Recurso de aclaraci\u00f3n, rectificaci\u00f3n o enmienda<br \/>\n12.3. Recurso de reclamaci\u00f3n<br \/>\nA) Resoluciones en contra de las cuales procede el recurso de reclamaci\u00f3n<br \/>\nB) Caracter\u00edsticas del recurso de reclamaci\u00f3n<br \/>\nC) Tramitaci\u00f3n del recurso de reclamaci\u00f3n<br \/>\nD) Modos de terminar el recurso de reclamaci\u00f3n<br \/>\nE) Estad\u00edsticas<br \/>\n12.4. Recurso de hecho<br \/>\n12.5. Recurso de queja<br \/>\n12.6. Acci\u00f3n de inaplicabilidad por inconstitucionalidad<\/li>\n<\/ol>\n","protected":false},"excerpt":{"rendered":"<p>Octubre a\u00f1o 2025\u00a0&#8211; 744 P\u00e1ginas<br \/>\nBuscas un libro Jur\u00eddico.? Lo puedes encontrar en nuestra tienda virtual.<br \/>\nContamos con prestigiosos autores y muchas alternativas en sus diferentes materias al igual que grandes descuentos.! Vis\u00edtanos en <a class=\"BZlYAjikHPGRJsJDVXcEAIgyCHVdMWfWWELYvU \" tabindex=\"0\" href=\"https:\/\/lnkd.in\/eiAG7jdZ\" target=\"_blank\" rel=\"noopener\" data-test-app-aware-link=\"\">https:\/\/lnkd.in\/eiAG7jdZ<\/a><br \/>\nEscr\u00edbenos al +56930565235 \/ <a class=\"BZlYAjikHPGRJsJDVXcEAIgyCHVdMWfWWELYvU \" tabindex=\"0\" href=\"mailto:ventaslegallexglobal@gmail.com\" target=\"_self\" data-test-app-aware-link=\"\">ventaslegallexglobal@gmail.com<\/a><br \/>\nHacemos env\u00edos a todo Chile \u2013 Starken o Correos Chile \/ Te esperamos.<\/p>\n<p>&nbsp;<\/p>\n","protected":false},"featured_media":2573,"comment_status":"open","ping_status":"closed","template":"","meta":{"inline_featured_image":false,"_joinchat":[]},"product_brand":[],"product_cat":[45,26,50],"product_tag":[],"class_list":{"0":"post-2543","1":"product","2":"type-product","3":"status-publish","4":"has-post-thumbnail","6":"product_cat-administrativo","7":"product_cat-derecho","8":"product_cat-procedimientos-civiles","10":"first","11":"instock","12":"shipping-taxable","13":"purchasable","14":"product-type-simple"},"_links":{"self":[{"href":"https:\/\/bibliotecajuridicavirtual.cl\/index.php\/wp-json\/wp\/v2\/product\/2543","targetHints":{"allow":["GET"]}}],"collection":[{"href":"https:\/\/bibliotecajuridicavirtual.cl\/index.php\/wp-json\/wp\/v2\/product"}],"about":[{"href":"https:\/\/bibliotecajuridicavirtual.cl\/index.php\/wp-json\/wp\/v2\/types\/product"}],"replies":[{"embeddable":true,"href":"https:\/\/bibliotecajuridicavirtual.cl\/index.php\/wp-json\/wp\/v2\/comments?post=2543"}],"wp:featuredmedia":[{"embeddable":true,"href":"https:\/\/bibliotecajuridicavirtual.cl\/index.php\/wp-json\/wp\/v2\/media\/2573"}],"wp:attachment":[{"href":"https:\/\/bibliotecajuridicavirtual.cl\/index.php\/wp-json\/wp\/v2\/media?parent=2543"}],"wp:term":[{"taxonomy":"product_brand","embeddable":true,"href":"https:\/\/bibliotecajuridicavirtual.cl\/index.php\/wp-json\/wp\/v2\/product_brand?post=2543"},{"taxonomy":"product_cat","embeddable":true,"href":"https:\/\/bibliotecajuridicavirtual.cl\/index.php\/wp-json\/wp\/v2\/product_cat?post=2543"},{"taxonomy":"product_tag","embeddable":true,"href":"https:\/\/bibliotecajuridicavirtual.cl\/index.php\/wp-json\/wp\/v2\/product_tag?post=2543"}],"curies":[{"name":"wp","href":"https:\/\/api.w.org\/{rel}","templated":true}]}}