{"id":2591,"date":"2026-02-28T01:02:39","date_gmt":"2026-02-28T04:02:39","guid":{"rendered":"https:\/\/bibliotecajuridicavirtual.cl\/?post_type=product&#038;p=2591"},"modified":"2026-02-28T01:02:49","modified_gmt":"2026-02-28T04:02:49","slug":"manual-de-iva-gonzalo-falcon-romero-diciembre-ano-2025-488-paginas","status":"publish","type":"product","link":"https:\/\/bibliotecajuridicavirtual.cl\/index.php\/product\/manual-de-iva-gonzalo-falcon-romero-diciembre-ano-2025-488-paginas\/","title":{"rendered":"Manual de IVA * Gonzalo Falc\u00f3n Romero &#8211;  Diciembre a\u00f1o 2025 * 488 P\u00e1ginas"},"content":{"rendered":"<p style=\"font-weight: 400;\">El Impuesto al Valor Agregado (IVA) es un impuesto al consumo particular. Esto quiere decir que tiene reglas especiales que lo diferencian de otros de su tipo. El tr\u00e1nsito de un impuesto al consumo a un impuesto al valor agregado muestra que, aunque su objetivo principal es la recaudaci\u00f3n, dicha finalidad puede ser cumplida de diferentes formas.<\/p>\n<p style=\"font-weight: 400;\">La operatividad mensual del impuesto exige a personas, comerciantes y empresarios una dedicaci\u00f3n importante en el cumplimiento de sus obligaciones tributarias. Este Manual de IVA busca aportar en la explicaci\u00f3n de los aspectos b\u00e1sicos del impuesto a trav\u00e9s de una sistematizaci\u00f3n de la normativa tributaria vigente.<\/p>\n<p style=\"font-weight: 400;\">Para cooperar con lo anterior, se exponen los antecedentes hist\u00f3ricos de algunas reglas y se utilizan numerosos ejemplos basados en la jurisprudencia administrativa del Servicio de Impuestos Internos. En este sentido, un objetivo principal es que el texto pueda ser entendido por todos quienes se desenvuelven en la pr\u00e1ctica jur\u00eddica tributaria.<\/p>\n<p style=\"font-weight: 400;\">Asimismo, la comprensi\u00f3n de la estructura y mec\u00e1nica del IVA es esencial para las discusiones relacionadas con eventuales reformas al impuesto. El funcionamiento especial del IVA muestra, por ejemplo, que una exenci\u00f3n no solo produce efectos en la venta beneficiada sino que tambi\u00e9n en la cadena comercial hacia atr\u00e1s.<\/p>\n<p style=\"font-weight: 400;\"><b><strong>CAP\u00cdTULO 1<br \/>\nEL IMPUESTO<\/strong><\/b><\/p>\n<p style=\"font-weight: 400;\"><b><strong>SECCI\u00d3N I<\/strong><\/b><br \/>\n<b><strong>ELEMENTOS GENERALES<\/strong><\/b><\/p>\n<ol>\n<li style=\"font-weight: 400;\">Hecho gravado<br \/>\n2. Base imponible<br \/>\n3. Tasa<br \/>\n4. Devengo<\/li>\n<\/ol>\n<p style=\"font-weight: 400;\"><b><strong>SECCI\u00d3N II<\/strong><\/b><br \/>\n<b><strong>ELEMENTOS PARTICULARES<\/strong><\/b><\/p>\n<ol>\n<li style=\"font-weight: 400;\">Traslaci\u00f3n<\/li>\n<li style=\"font-weight: 400;\">Cr\u00e9dito fiscal<\/li>\n<\/ol>\n<p style=\"font-weight: 400;\">2.1. El valor agregado<br \/>\n2.2. \u201cEn base financiera\u201d<\/p>\n<ol start=\"3\">\n<li style=\"font-weight: 400;\">Territorialidad<\/li>\n<\/ol>\n<p style=\"font-weight: 400;\">3.1. Ventas<br \/>\n3.1.1. Normales (bienes ubicados en Chile)<br \/>\n3.1.2. Remotas (bienes ubicados en el exterior)<\/p>\n<p>3.2. Servicios<br \/>\n3.2.1. Normales (prestados en Chile)<br \/>\n3.2.2. Remotos (prestados en el extranjero)<\/p>\n<p>3.3. Hechos gravados especiales<\/p>\n<ol start=\"4\">\n<li style=\"font-weight: 400;\">Relaci\u00f3n con el impuesto a la renta<\/li>\n<\/ol>\n<p style=\"font-weight: 400;\">4.1. Ingresos<br \/>\n4.2. Gastos<\/p>\n<p style=\"font-weight: 400;\"><b><strong>CAP\u00cdTULO 2<\/strong><\/b><br \/>\n<b><strong>HECHO GRAVADO, BASE IMPONIBLE, DEVENGO, DECLARACI\u00d3N Y PAGO<\/strong><\/b><\/p>\n<p style=\"font-weight: 400;\"><b><strong>SECCI\u00d3N I<\/strong><\/b><br \/>\n<b><strong>HECHO GRAVADO GENERAL<\/strong><\/b><\/p>\n<ol>\n<li style=\"font-weight: 400;\">Ventas<\/li>\n<\/ol>\n<p style=\"font-weight: 400;\">1.1. Definici\u00f3n<br \/>\n1.1.1. Convenci\u00f3n<br \/>\n1.1.2. T\u00edtulo traslaticio de dominio<br \/>\n1.1.3. Onerosidad<\/p>\n<p style=\"font-weight: 400;\">1.2. El contribuyente y el sujeto del impuesto (y la habitualidad)<\/p>\n<p style=\"font-weight: 400;\">1.3. Bienes corporales<br \/>\n1.3.1. Muebles<br \/>\n1.3.1.1. Explicaci\u00f3n<br \/>\n1.3.1.2. Base imponible<br \/>\n1.3.1.3. Devengo, declaraci\u00f3n y pago<br \/>\n1.3.2. Inmuebles<br \/>\n1.3.2.1. Breve historia<br \/>\n1.3.2.2. Explicaci\u00f3n<br \/>\n1.3.2.3. Base imponible<br \/>\n1.3.2.4. Devengo, declaraci\u00f3n y pago<br \/>\n1.3.2.5. Reglas particulares<\/p>\n<p style=\"font-weight: 400;\">1.4. Bienes incorporales<br \/>\n1.4.1. Derechos personales<br \/>\n1.4.2. Derechos reales<br \/>\n1.4.2.1. Dominio<br \/>\n1.4.2.2. Usufructo<br \/>\n1.4.2.3. Prenda e hipoteca<br \/>\n1.4.2.4. Servidumbres<br \/>\n1.4.2.5. Uso y habitaci\u00f3n<br \/>\n1.4.2.6. Derecho real de herencia<\/p>\n<p style=\"font-weight: 400;\">1.5. Otras situaciones<br \/>\n1.5.1. Permutas y otros<br \/>\n1.5.2. Ventas por cuenta de terceros<br \/>\n1.5.3. Resciliaci\u00f3n, nulidad y otros<br \/>\n1.5.4. M\u00e1quinas expendedoras de productos<\/p>\n<ol start=\"2\">\n<li style=\"font-weight: 400;\">Servicios<\/li>\n<\/ol>\n<p style=\"font-weight: 400;\">2.1. Definici\u00f3n<br \/>\n2.1.1. La acci\u00f3n o prestaci\u00f3n<br \/>\n2.1.2. La contraprestaci\u00f3n<br \/>\n2.1.3. El beneficiario<br \/>\n2.1.4. Servicios complejos<\/p>\n<p style=\"font-weight: 400;\">2.2. El contribuyente y el sujeto del impuesto<\/p>\n<p style=\"font-weight: 400;\">2.3. Base imponible<\/p>\n<p style=\"font-weight: 400;\">2.4. Devengo, declaraci\u00f3n y pago<\/p>\n<p style=\"font-weight: 400;\">2.5. Las sociedades de profesionales<br \/>\n2.5.1. Concepto<br \/>\n2.5.2. Tributaci\u00f3n<\/p>\n<p style=\"font-weight: 400;\"><b><strong>SECCI\u00d3N II<\/strong><\/b><br \/>\n<b><strong>HECHOS GRAVADOS ESPECIALES<\/strong><\/b><\/p>\n<ol>\n<li style=\"font-weight: 400;\">Importaciones<\/li>\n<\/ol>\n<p style=\"font-weight: 400;\">1.1. Explicaci\u00f3n<br \/>\n1.2. Sujeto del impuesto<br \/>\n1.3. Base imponible<br \/>\n1.4. Devengo, declaraci\u00f3n y pago<\/p>\n<p style=\"font-weight: 400;\">1.5. Reglas particulares<br \/>\n1.5.1. Venta de veh\u00edculos importados bajo r\u00e9gimen preferencial<br \/>\n1.5.2. Exenciones<br \/>\n1.5.2.1. En general<br \/>\n1.5.2.2. Bienes de capital<br \/>\n1.5.2.3. Ventas remotas<\/p>\n<ol start=\"2\">\n<li style=\"font-weight: 400;\">Aportes de capital<\/li>\n<\/ol>\n<p style=\"font-weight: 400;\">2.1. Explicaci\u00f3n<br \/>\n2.1.1. Regla general<br \/>\n2.1.2. Situaci\u00f3n de las reorganizaciones empresariales<\/p>\n<p style=\"font-weight: 400;\">2.2. Sujeto del impuesto<\/p>\n<p style=\"font-weight: 400;\">2.3. Base imponible<\/p>\n<p style=\"font-weight: 400;\">2.4. Devengo, declaraci\u00f3n y pago<\/p>\n<ol start=\"3\">\n<li style=\"font-weight: 400;\">Adjudicaci\u00f3n de bienes societarios<\/li>\n<\/ol>\n<p style=\"font-weight: 400;\">3.1. Explicaci\u00f3n<br \/>\n3.2. Sujeto del impuesto<br \/>\n3.3. Base imponible<br \/>\n3.4. Devengo, declaraci\u00f3n y pago<\/p>\n<ol start=\"4\">\n<li style=\"font-weight: 400;\">Retiro de bienes societarios<\/li>\n<\/ol>\n<p style=\"font-weight: 400;\">4.1. Explicaci\u00f3n<br \/>\n4.1.1. Retiros<br \/>\n4.1.2. Bienes al t\u00e9rmino de giro<\/p>\n<p style=\"font-weight: 400;\">4.2. Sujeto del impuesto<\/p>\n<p style=\"font-weight: 400;\">4.3. Base imponible<\/p>\n<p style=\"font-weight: 400;\">4.4. Devengo, declaraci\u00f3n y pago<\/p>\n<p style=\"font-weight: 400;\">4.5. Reglas particulares<br \/>\n4.5.1. Faltantes de inventario<br \/>\n4.5.2. Rifas y sorteos<\/p>\n<ol start=\"5\">\n<li style=\"font-weight: 400;\">Contrato general de construcci\u00f3n y contratos de instalaci\u00f3n o confecci\u00f3n de Especialidades<\/li>\n<\/ol>\n<p style=\"font-weight: 400;\">5.1. Explicaci\u00f3n<br \/>\n5.2. Sujeto del impuesto<br \/>\n5.3. Base imponible<br \/>\n5.4. Devengo, declaraci\u00f3n y pago<\/p>\n<ol start=\"6\">\n<li style=\"font-weight: 400;\">Venta de establecimientos de comercio y otras universalidades<\/li>\n<\/ol>\n<p style=\"font-weight: 400;\">6.1. Explicaci\u00f3n<br \/>\n6.2. Sujeto del impuesto<br \/>\n6.3. Base imponible<br \/>\n6.4. Devengo, declaraci\u00f3n y pago<\/p>\n<ol start=\"7\">\n<li style=\"font-weight: 400;\">Arrendamiento de bienes corporales (muebles e inmuebles)<\/li>\n<\/ol>\n<p style=\"font-weight: 400;\">7.1. Bienes Muebles<br \/>\n7.1.1. Explicaci\u00f3n<br \/>\n7.1.2. Sujeto del impuesto<br \/>\n7.1.3. Base imponible<br \/>\n7.1.4. Devengo, declaraci\u00f3n y pago<\/p>\n<p style=\"font-weight: 400;\">7.2. Inmuebles<br \/>\n7.2.1. Explicaci\u00f3n<br \/>\n7.2.1.1. Inmuebles amoblados<br \/>\n7.2.1.2. Inmuebles con instalaciones o maquinarias<br \/>\n7.2.2. Sujeto del impuesto<br \/>\n7.2.3. Base imponible<br \/>\n7.2.4. Devengo, declaraci\u00f3n y pago<\/p>\n<p style=\"font-weight: 400;\">7.3. Establecimientos de comercio<\/p>\n<ol start=\"8\">\n<li style=\"font-weight: 400;\">Cesi\u00f3n temporal de propiedad industrial (y otras prestaciones similares)<\/li>\n<\/ol>\n<p style=\"font-weight: 400;\">8.1. Explicaci\u00f3n<br \/>\n8.2. Sujeto del impuesto<br \/>\n8.3. Base imponible<br \/>\n8.4. Devengo, declaraci\u00f3n y pago<\/p>\n<ol start=\"9\">\n<li style=\"font-weight: 400;\">Estacionamiento de autom\u00f3viles<\/li>\n<\/ol>\n<p style=\"font-weight: 400;\">9.1. Explicaci\u00f3n<br \/>\n9.1.1. General<br \/>\n9.1.2. Elementos<\/p>\n<p style=\"font-weight: 400;\">9.2. Sujeto del impuesto<\/p>\n<p style=\"font-weight: 400;\">9.3. Base imponible<\/p>\n<p style=\"font-weight: 400;\">9.4. Devengo, declaraci\u00f3n y pago<\/p>\n<ol start=\"10\">\n<li style=\"font-weight: 400;\">Primas de seguros de cooperativas<\/li>\n<\/ol>\n<p style=\"font-weight: 400;\">10.1. Explicaci\u00f3n<br \/>\n10.2. Sujeto del impuesto<br \/>\n10.3. Base imponible<br \/>\n10.4. Devengo, declaraci\u00f3n y pago<\/p>\n<ol start=\"11\">\n<li style=\"font-weight: 400;\">Leasing de bienes inmuebles<\/li>\n<\/ol>\n<p style=\"font-weight: 400;\">11.1. Explicaci\u00f3n<br \/>\n11.2. Sujeto del impuesto<br \/>\n11.3. Base imponible<br \/>\n11.4. Devengo, declaraci\u00f3n y pago<\/p>\n<ol start=\"12\">\n<li style=\"font-weight: 400;\">Venta de activo fijo<\/li>\n<\/ol>\n<p style=\"font-weight: 400;\">12.1. Explicaci\u00f3n<br \/>\n12.2. Sujeto del impuesto<br \/>\n12.3. Base imponible<br \/>\n12.4. Devengo, declaraci\u00f3n y pago<br \/>\n12.5. Reglas particulares<\/p>\n<ol start=\"13\">\n<li style=\"font-weight: 400;\">Servicios digitales<\/li>\n<\/ol>\n<p style=\"font-weight: 400;\">13.1. Explicaci\u00f3n<br \/>\n13.1.1. Generalidades<br \/>\n13.1.2. Supuestos<br \/>\n13.1.3. Territorialidad<\/p>\n<p style=\"font-weight: 400;\">13.2. Sujeto del impuesto<\/p>\n<p style=\"font-weight: 400;\">13.3. Base imponible<\/p>\n<p style=\"font-weight: 400;\">13.4. Devengo, declaraci\u00f3n y pago<\/p>\n<p style=\"font-weight: 400;\">13.5. Reglas particulares<br \/>\n13.5.1. Exenciones<\/p>\n<p style=\"font-weight: 400;\"><b><strong>CAP\u00cdTULO 3<\/strong><\/b><br \/>\n<b><strong>EL CONTRIBUYENTE<\/strong><\/b><\/p>\n<p style=\"font-weight: 400;\"><b><strong>SECCI\u00d3N I<\/strong><\/b><br \/>\n<b><strong>EL CONTRIBUYENTE<\/strong><\/b><\/p>\n<ol>\n<li style=\"font-weight: 400;\">Personas y empresas<br \/>\n2. Fundaciones y corporaciones<br \/>\n3. Comunidades y sociedades de hecho<br \/>\n4. Otros<br \/>\n5. Fisco, organismos p\u00fablicos y empresas asociadas<\/li>\n<\/ol>\n<p style=\"font-weight: 400;\"><b><strong>SECCI\u00d3N II<\/strong><\/b><br \/>\n<b><strong>EL SUJETO DEL IMPUESTO<\/strong><\/b><\/p>\n<ol>\n<li style=\"font-weight: 400;\">En general<\/li>\n<li style=\"font-weight: 400;\">En especial<\/li>\n<\/ol>\n<p style=\"font-weight: 400;\">2.1. Sujetos del art\u00edculo 11<\/p>\n<p style=\"font-weight: 400;\">2.2. Operadores de plataformas digitales de intermediaci\u00f3n<br \/>\n2.2.1. Generalidades<br \/>\n2.2.2. \u00bfCu\u00e1ndo es responsable?<\/p>\n<p style=\"font-weight: 400;\"><b><strong>SECCI\u00d3N III<\/strong><\/b><br \/>\n<b><strong>EL CAMBIO DE SUJETO<\/strong><\/b><\/p>\n<ol>\n<li style=\"font-weight: 400;\">Definici\u00f3n<\/li>\n<li style=\"font-weight: 400;\">Efectos<\/li>\n<li style=\"font-weight: 400;\">Supuestos<br \/>\n3.1. Legales<\/li>\n<\/ol>\n<p style=\"font-weight: 400;\">3.2. Administrativos<br \/>\n3.2.1. Cambio parcial<br \/>\n3.2.2. Cambio de sujeto \u201cpara atr\u00e1s\u201d<br \/>\n3.2.3. En importaci\u00f3n de zonas francas<br \/>\n3.2.4. Emisores de tarjetas de pago<\/p>\n<p style=\"font-weight: 400;\"><b><strong>CAP\u00cdTULO 4<\/strong><\/b><br \/>\n<b><strong>MEC\u00c1NICA DEL IMPUESTO<\/strong><\/b><\/p>\n<p style=\"font-weight: 400;\"><b><strong>SECCI\u00d3N I<\/strong><\/b><br \/>\n<b><strong>D\u00c9BITO FISCAL<\/strong><\/b><\/p>\n<ol>\n<li style=\"font-weight: 400;\">Definici\u00f3n<br \/>\n2. Aumentos<br \/>\n3. Deducciones<br \/>\n4. Facturaci\u00f3n indebida (o d\u00e9bito fiscal indebido)<br \/>\n5. Tasaci\u00f3n por el SII<\/li>\n<\/ol>\n<p style=\"font-weight: 400;\"><b><strong>SECCI\u00d3N II<\/strong><\/b><br \/>\n<b><strong>CR\u00c9DITO FISCAL<\/strong><\/b><\/p>\n<ol>\n<li style=\"font-weight: 400;\">Cuestiones generales<\/li>\n<li style=\"font-weight: 400;\">La regulaci\u00f3n del art\u00edculo 23<\/li>\n<\/ol>\n<p style=\"font-weight: 400;\">2.1. No 1: Derecho general a cr\u00e9dito fiscal<\/p>\n<p style=\"font-weight: 400;\">2.2. No 2: No hay derecho en general<br \/>\n2.3. No 3: Derecho proporcional<br \/>\n2.3.1. La proporcionalidad<br \/>\n2.3.2. Reglas para su determinaci\u00f3n<\/p>\n<p style=\"font-weight: 400;\">2.4. No 4: No hay derecho en especial<br \/>\n2.4.1. Veh\u00edculos y gastos asociados<br \/>\n2.4.2. Supermercado y comercios similares<\/p>\n<p style=\"font-weight: 400;\">2.5. No 5: Facturas falsas, no fidedignas, que no cumplen requisitos o que son emitidas por quienes no son contribuyentes de IVA<br \/>\n2.5.1. Breve historia<br \/>\n2.5.2. Regla general<br \/>\n2.5.3. Excepciones<br \/>\n2.5.3.1. Al momento del pago<br \/>\n2.5.3.2. Al ser objetada la factura<br \/>\n2.5.3.3. Recargo y entero efectivo<br \/>\n2.5.4. Contra excepci\u00f3n<\/p>\n<p style=\"font-weight: 400;\">2.6. No 6: Reglas para empresas constructoras<\/p>\n<p style=\"font-weight: 400;\">2.7. No 7: Acuse de recibo en facturas electr\u00f3nicas<\/p>\n<ol start=\"3\">\n<li style=\"font-weight: 400;\">Otras reglas<\/li>\n<\/ol>\n<p style=\"font-weight: 400;\">3.1. Aumentos y deducciones<br \/>\n3.2. Facturas recibidas con retraso<br \/>\n3.3. Recargo del impuesto<br \/>\n3.4. Remanente de cr\u00e9dito<\/p>\n<p style=\"font-weight: 400;\"><b><strong>CAP\u00cdTULO 5<\/strong><\/b><br \/>\n<b><strong>LA ADMINISTRACI\u00d3N DEL IMPUESTO<\/strong><\/b><\/p>\n<p style=\"font-weight: 400;\"><b><strong>SECCI\u00d3N I<\/strong><\/b><br \/>\n<b><strong>DOCUMENTOS TRIBUTARIOS<\/strong><\/b><\/p>\n<ol>\n<li style=\"font-weight: 400;\">Reglas generales<\/li>\n<\/ol>\n<p style=\"font-weight: 400;\">1.1. Obligaci\u00f3n general de respaldar<br \/>\n1.2. Formato electr\u00f3nico<br \/>\n1.3. Derecho a la autorizaci\u00f3n<br \/>\n1.4. Obligaci\u00f3n del comprador o beneficiario<br \/>\n1.5. Destrucci\u00f3n de documentos<\/p>\n<ol start=\"2\">\n<li style=\"font-weight: 400;\">Reglas especiales<br \/>\n2.1. No es emitida la factura<br \/>\n2.2. Contribuyentes de dif\u00edcil fiscalizaci\u00f3n<br \/>\n2.3. Caso de los bienes muebles usados<br \/>\n2.4. Facultades del SII<\/li>\n<li style=\"font-weight: 400;\">Los documentos<\/li>\n<\/ol>\n<p style=\"font-weight: 400;\">3.1. Facturas<br \/>\n3.2. Boletas<br \/>\n3.3. Notas de cr\u00e9dito y de d\u00e9bito<br \/>\n3.4. Gu\u00edas de despacho<br \/>\n3.5. Liquidaci\u00f3n-factura<br \/>\n3.6. Factura de compra<br \/>\n3.7. Otros<\/p>\n<p style=\"font-weight: 400;\"><b><strong>SECCI\u00d3N II<\/strong><\/b><br \/>\n<b><strong>REGISTRO DE COMPRAS Y VENTAS<\/strong><\/b><\/p>\n<p style=\"font-weight: 400;\"><b><strong>SECCI\u00d3N III<\/strong><\/b><br \/>\n<b><strong>DECLARACI\u00d3N Y PAGO<\/strong><\/b><\/p>\n<ol>\n<li style=\"font-weight: 400;\">Regla general<\/li>\n<li style=\"font-weight: 400;\">Postergaci\u00f3n del IVA<\/li>\n<\/ol>\n<p style=\"font-weight: 400;\">2.1. Postergaci\u00f3n del pago<br \/>\n2.2. Postergaci\u00f3n de la declaraci\u00f3n<\/p>\n<p style=\"font-weight: 400;\"><b><strong>SECCI\u00d3N IV<\/strong><\/b><br \/>\n<b><strong>OTRAS REGLAS DE FISCALIZACI\u00d3N<\/strong><\/b><\/p>\n<p style=\"font-weight: 400;\"><b><strong>CAP\u00cdTULO 6<\/strong><\/b><br \/>\n<b><strong>LAS DEVOLUCIONES<\/strong><\/b><\/p>\n<p style=\"font-weight: 400;\"><b><strong>SECCI\u00d3N I<\/strong><\/b><br \/>\n<b><strong>PROCEDIMIENTO GENERAL<\/strong><\/b><\/p>\n<ol>\n<li style=\"font-weight: 400;\">Tramitaci\u00f3n<\/li>\n<li style=\"font-weight: 400;\">Supuestos<\/li>\n<\/ol>\n<p style=\"font-weight: 400;\">2.1. Cambio de sujeto<\/p>\n<p style=\"font-weight: 400;\">2.2. Empresas en liquidaci\u00f3n<\/p>\n<p style=\"font-weight: 400;\">2.3. Exportaciones (art\u00edculo 36)<br \/>\n2.3.1. Generalidades<br \/>\n2.3.2. La regulaci\u00f3n del DS No 348<br \/>\n2.3.2.1. El beneficio<br \/>\n2.3.2.2. El otro beneficio (la devoluci\u00f3n anticipada)<br \/>\n2.3.2.3. Fiscalizaci\u00f3n Especial Previa (FEP)<br \/>\n2.3.2.4. Obligaci\u00f3n de restituci\u00f3n<br \/>\n2.3.3. Reglas especiales<\/p>\n<ol start=\"3\">\n<li style=\"font-weight: 400;\">Fiscalizaci\u00f3n Especial Previa (FEP)<\/li>\n<\/ol>\n<p style=\"font-weight: 400;\">3.1. Procedencia<br \/>\n3.1.1. Primera regla especial<br \/>\n3.1.2. Segunda regla especial<\/p>\n<p style=\"font-weight: 400;\">3.2. Tramitaci\u00f3n<\/p>\n<ol start=\"4\">\n<li style=\"font-weight: 400;\">Obligaci\u00f3n de reintegro<\/li>\n<\/ol>\n<p style=\"font-weight: 400;\"><b><strong>SECCI\u00d3N II<\/strong><\/b><br \/>\n<b><strong>PROCEDIMIENTOS ESPECIALES<\/strong><\/b><\/p>\n<ol>\n<li style=\"font-weight: 400;\">Activo fijo (art\u00edculo 27 bis)<\/li>\n<\/ol>\n<p style=\"font-weight: 400;\">1.1. Generalidades<br \/>\n1.1.1. El beneficio<br \/>\n1.1.2. Requisitos<br \/>\n1.1.3. Reglas particulares<\/p>\n<p style=\"font-weight: 400;\">1.2. Tramitaci\u00f3n<\/p>\n<p style=\"font-weight: 400;\">1.3. La restituci\u00f3n (normal y adicional)<\/p>\n<p style=\"font-weight: 400;\">1.4. Las sanciones<\/p>\n<ol start=\"2\">\n<li style=\"font-weight: 400;\">Art\u00edculo 126 CT<\/li>\n<\/ol>\n<p style=\"font-weight: 400;\">2.1. Generalidades<br \/>\n2.2. Supuestos<\/p>\n<p style=\"font-weight: 400;\"><b><strong>CAP\u00cdTULO 7<\/strong><\/b><br \/>\n<b><strong>REG\u00cdMENES SIMPLIFICADOS<\/strong><\/b><\/p>\n<p style=\"font-weight: 400;\"><b><strong>SECCI\u00d3N I<\/strong><\/b><br \/>\n<b><strong>PARA PEQUE\u00d1OS CONTRIBUYENTES<\/strong><\/b><\/p>\n<ol>\n<li style=\"font-weight: 400;\">Beneficiados<br \/>\n2. Tributaci\u00f3n<\/li>\n<\/ol>\n<p style=\"font-weight: 400;\"><b><strong>SECCI\u00d3N II<\/strong><\/b><br \/>\n<b><strong>PARA NO DOMICILIADOS NI RESIDENTES EN CHILE<\/strong><\/b><\/p>\n<ol>\n<li style=\"font-weight: 400;\">Explicaci\u00f3n previa<br \/>\n2. Beneficiados<br \/>\n3. Tributaci\u00f3n<br \/>\n4. Reglas particulares<\/li>\n<\/ol>\n<p style=\"font-weight: 400;\"><b><strong>SECCI\u00d3N III<\/strong><\/b><br \/>\n<b><strong>PARA COMERCIANTES DE FERIAS LIBRES<\/strong><\/b><\/p>\n<ol>\n<li style=\"font-weight: 400;\">Beneficiados<br \/>\n2. Tributaci\u00f3n<br \/>\n3. Reglas particulares<\/li>\n<\/ol>\n","protected":false},"excerpt":{"rendered":"<p>Buscas un libro Jur\u00eddico.? Lo puedes encontrar en nuestra tienda virtual.<br \/>\nContamos con prestigiosos autores y muchas alternativas en sus diferentes materias al igual que grandes descuentos.! Vis\u00edtanos en <a class=\"jfbWUPNxlgdMWLZQsnNKHMbqnahhigUo \" tabindex=\"0\" href=\"https:\/\/lnkd.in\/eiAG7jdZ\" target=\"_blank\" rel=\"noopener\" data-test-app-aware-link=\"\">https:\/\/lnkd.in\/eiAG7jdZ<\/a><br \/>\nEscr\u00edbenos al +56930565235 \/ <a class=\"jfbWUPNxlgdMWLZQsnNKHMbqnahhigUo \" tabindex=\"0\" href=\"mailto:ventaslegallexglobal@gmail.com\" target=\"_self\" data-test-app-aware-link=\"\">ventaslegallexglobal@gmail.com<\/a><br \/>\nHacemos env\u00edos a todo Chile \u2013 Starken o Correos Chile \/ Te esperamos.<\/p>\n","protected":false},"featured_media":2621,"comment_status":"open","ping_status":"closed","template":"","meta":{"inline_featured_image":false,"_joinchat":[]},"product_brand":[],"product_cat":[47],"product_tag":[],"class_list":{"0":"post-2591","1":"product","2":"type-product","3":"status-publish","4":"has-post-thumbnail","6":"product_cat-sin-categorizar","8":"first","9":"instock","10":"shipping-taxable","11":"purchasable","12":"product-type-simple"},"_links":{"self":[{"href":"https:\/\/bibliotecajuridicavirtual.cl\/index.php\/wp-json\/wp\/v2\/product\/2591","targetHints":{"allow":["GET"]}}],"collection":[{"href":"https:\/\/bibliotecajuridicavirtual.cl\/index.php\/wp-json\/wp\/v2\/product"}],"about":[{"href":"https:\/\/bibliotecajuridicavirtual.cl\/index.php\/wp-json\/wp\/v2\/types\/product"}],"replies":[{"embeddable":true,"href":"https:\/\/bibliotecajuridicavirtual.cl\/index.php\/wp-json\/wp\/v2\/comments?post=2591"}],"wp:featuredmedia":[{"embeddable":true,"href":"https:\/\/bibliotecajuridicavirtual.cl\/index.php\/wp-json\/wp\/v2\/media\/2621"}],"wp:attachment":[{"href":"https:\/\/bibliotecajuridicavirtual.cl\/index.php\/wp-json\/wp\/v2\/media?parent=2591"}],"wp:term":[{"taxonomy":"product_brand","embeddable":true,"href":"https:\/\/bibliotecajuridicavirtual.cl\/index.php\/wp-json\/wp\/v2\/product_brand?post=2591"},{"taxonomy":"product_cat","embeddable":true,"href":"https:\/\/bibliotecajuridicavirtual.cl\/index.php\/wp-json\/wp\/v2\/product_cat?post=2591"},{"taxonomy":"product_tag","embeddable":true,"href":"https:\/\/bibliotecajuridicavirtual.cl\/index.php\/wp-json\/wp\/v2\/product_tag?post=2591"}],"curies":[{"name":"wp","href":"https:\/\/api.w.org\/{rel}","templated":true}]}}