{"id":2600,"date":"2026-02-28T01:02:39","date_gmt":"2026-02-28T04:02:39","guid":{"rendered":"https:\/\/bibliotecajuridicavirtual.cl\/?post_type=product&#038;p=2600"},"modified":"2026-02-28T01:02:49","modified_gmt":"2026-02-28T04:02:49","slug":"la-responsabilidad-del-gerente-general-de-una-sociedad-anonima-por-incumplimiento-de-deberes-en-el-derecho-chileno","status":"publish","type":"product","link":"https:\/\/bibliotecajuridicavirtual.cl\/index.php\/product\/la-responsabilidad-del-gerente-general-de-una-sociedad-anonima-por-incumplimiento-de-deberes-en-el-derecho-chileno\/","title":{"rendered":"La Responsabilidad del Gerente General de una Sociedad An\u00f3nima por Incumplimiento de Deberes en el Derecho Chileno"},"content":{"rendered":"<p>La obra aborda el r\u00e9gimen jur\u00eddico de responsabilidad de los gerentes en el derecho societario chileno, con especial \u00e9nfasis en su rol como administradores. Se analizan los deberes fiduciarios que recaen sobre ellos, particularmente el deber de diligencia, el deber de lealtad y el deber de informaci\u00f3n, as\u00ed como las consecuencias jur\u00eddicas derivadas de su incumplimiento. El trabajo revisa doctrina y jurisprudencia nacional, con el objetivo de evaluar si el marco normativo vigente es suficiente para asegurar una actuaci\u00f3n responsable y transparente de los gerentes. Finalmente, se proponen ajustes normativos y pr\u00e1cticos que fortalezcan la protecci\u00f3n de los intereses societarios.<\/p>\n<p><em>Los Autores<\/em><\/p>\n<p>Leonardo Gerbaund Kerner:\u00a0 Abogado, Licenciado en ciencias jur\u00eddicas y sociales, Mag\u00edster con menci\u00f3n en derecho privado Universidad de Chile<\/p>\n<p>Javiera Beatriz Durand Gonz\u00e1lez: Abogada, Licenciada en ciencias jur\u00eddicas y sociales por la Universidad de Chile, Mag\u00edster en Derecho por la Pontificia Universidad Cat\u00f3loca de Valpara\u00edso.<\/p>\n<p>INTRODUCCI\u00d3N &#8230;&#8230;&#8230;&#8230;&#8230;&#8230;&#8230;&#8230;&#8230;&#8230;&#8230;&#8230;&#8230;&#8230;&#8230;&#8230;&#8230;&#8230;&#8230;&#8230;&#8230;&#8230;&#8230;&#8230;&#8230;&#8230; \u2003 17<br \/>\nNOTA DE LOS AUTORES &#8230;&#8230;&#8230;&#8230;&#8230;&#8230;&#8230;&#8230;&#8230;&#8230;&#8230;&#8230;&#8230;&#8230;&#8230;&#8230;&#8230;&#8230;&#8230;&#8230;&#8230;..\u2003 21<br \/>\nABREVIACIONES &#8230;&#8230;&#8230;&#8230;&#8230;&#8230;&#8230;&#8230;&#8230;&#8230;&#8230;&#8230;&#8230;&#8230;&#8230;&#8230;&#8230;&#8230;&#8230;&#8230;&#8230;&#8230;&#8230;&#8230;&#8230;..\u2003 23<br \/>\nCAP\u00cdTULO PRIMERO<br \/>\nLA RESPONSABILIDAD DEL GERENTE GENERAL<br \/>\nBAJO LEGISLACI\u00d3N CHILENA &#8230;&#8230;&#8230;&#8230;&#8230;&#8230;&#8230;&#8230;&#8230;&#8230;&#8230;&#8230;&#8230;&#8230;&#8230;&#8230;&#8230;&#8230;.\u2003 25<br \/>\n1. LA FIGURA DEL GERENTE GENERAL DE UNA SOCIEDAD<br \/>\nAN\u00d3NIMA EN CHILE<br \/>\n1.1 EVOLUCI\u00d3NHIST\u00d3RICA DEL GERENTE GENERAL,DESDE<br \/>\nEL C\u00d3DIGO DE COMERCIO DE 1853HASTA LA LEY DE SOCIEDADES AN\u00d3NIMAS DE 1981 &#8230;&#8230;&#8230;&#8230;&#8230;&#8230;&#8230;&#8230;&#8230;&#8230;&#8230;&#8230;&#8230;&#8230;&#8230;&#8230;&#8230;&#8230;&#8230;.\u2003 25<br \/>\n1.1.1 LA EMPRESA Y EL EMPRESARIO &#8230;&#8230;&#8230;&#8230;&#8230;&#8230;&#8230;&#8230;&#8230;&#8230;&#8230;&#8230;&#8230;&#8230;. 26<br \/>\n1.1.2 GERENTE COMO AGENTE DEPENDIENTE DEL EMPRESARIO: EL FACTOR DE COMERCIO &#8230;&#8230;&#8230;&#8230;&#8230;&#8230;&#8230;&#8230;&#8230;&#8230;&#8230;&#8230;&#8230;&#8230;.. 30<br \/>\n1.1.3 LA ADMINISTRACI\u00d3N DE LA SOCIEDAD AN\u00d3NIMA<br \/>\nHASTA ANTES DE 1981: &#8230;&#8230;&#8230;&#8230;&#8230;&#8230;&#8230;&#8230;&#8230;&#8230;&#8230;&#8230;&#8230;&#8230;&#8230;&#8230;&#8230;&#8230;&#8230;&#8230;.. 39<br \/>\n1.2 LEY DE SOCIEDADES AN\u00d3NIMAS DE 1981&#8230;&#8230;&#8230;&#8230;&#8230;&#8230;&#8230;&#8230;&#8230;.\u2003 50<br \/>\n1.2.1 EL CAMBIO DE PARADIGMA DE LA REGULACI\u00d3N DE LA<br \/>\nSOCIEDAD AN\u00d3NIMA &#8230;&#8230;&#8230;&#8230;&#8230;&#8230;&#8230;&#8230;&#8230;&#8230;&#8230;&#8230;&#8230;&#8230;&#8230;&#8230;&#8230;&#8230;&#8230;&#8230;&#8230;. 50<br \/>\n1.2.1 LA ADMINISTRACI\u00d3N ENTREGADA A UN \u00d3RGANO: &#8230;&#8230;. 53<\/p>\n<p>1.2.2 LA NUEVA POSICI\u00d3N ASIGNADA AL GERENTE GENERAL 57<br \/>\n1.3 FUENTE Y EXTENSI\u00d3NDE LAS ATRIBUCIONES DEL<br \/>\nGERENTE GENERAL DE UNA SOCIEDAD AN\u00d3NIMA BAJO LA<br \/>\nACTUAL LEYN\u00b018.046 &#8230;&#8230;&#8230;&#8230;&#8230;&#8230;&#8230;&#8230;&#8230;&#8230;&#8230;&#8230;&#8230;&#8230;&#8230;&#8230;&#8230;&#8230;&#8230;&#8230;&#8230;&#8230;.. \u2003 60<br \/>\n1.3.1 LA FUENTE DEL V\u00cdNCULO DEL GERENTE CON LA SOCIEDAD AN\u00d3NIMA &#8230;&#8230;&#8230;&#8230;&#8230;&#8230;&#8230;&#8230;&#8230;&#8230;&#8230;&#8230;&#8230;&#8230;&#8230;&#8230;&#8230;&#8230;&#8230;&#8230;&#8230;&#8230;&#8230;&#8230;&#8230; 61<br \/>\n1.3.2 LA EXTENSI\u00d3N DE LAS FACULTADES DEL GERENTE<br \/>\nGENERAL DE UNA SOCIEDAD AN\u00d3NIMA: &#8230;&#8230;&#8230;&#8230;&#8230;&#8230;&#8230;&#8230;&#8230;.. 70<br \/>\n2. SOBRE LANOCI\u00d3NDE BUEN GOBIERNO CORPORATIVO Y<br \/>\nEL ROL DEL GERENTE GENERAL ENSU SATISFACCI\u00d3N:<br \/>\nHACIA LA VERIFICACI\u00d3NDEL INTER\u00c9S SOCIAL<br \/>\n2.1 BUENGOBIERNO CORPORATIVO &#8230;&#8230;&#8230;&#8230;&#8230;&#8230;&#8230;&#8230;&#8230;&#8230;&#8230;&#8230;&#8230;&#8230;\u2003 75<br \/>\n2.2 INTER\u00c9S SOCIAL Y SU RELEVANCIA COMO LIMITACI\u00d3N<br \/>\nDE LA CONDUCTA DEL GERENTE GENERAL &#8230;&#8230;&#8230;&#8230;&#8230;&#8230;&#8230;&#8230;&#8230;&#8230;.\u2003 79<br \/>\n3. CONSAGRACI\u00d3NNORMATIVA DE DEBERES ASUMIDOS<br \/>\nPOR EL GERENTE GENERAL DE UNA SOCIEDAD AN\u00d3NIMA<br \/>\nENCHILE: SOBRE LA DILIGENCIA, LEALTAD<br \/>\nE INFORMACI\u00d3NDEBIDAS<br \/>\n3.1 GENERALIDADES DE LOS DEBERES DE CONDUCTA ESTABLECIDOS ENLA LEY DE SOCIEDADES AN\u00d3NIMAS &#8230;&#8230;&#8230;&#8230;&#8230;. \u2003 91<br \/>\n3.2 SOBRE EL DEBER DE LEALTAD ENLA LEGISLACI\u00d3N<br \/>\nNACIONAL &#8230;&#8230;&#8230;&#8230;&#8230;&#8230;&#8230;&#8230;&#8230;&#8230;&#8230;&#8230;&#8230;&#8230;&#8230;&#8230;&#8230;&#8230;&#8230;&#8230;&#8230;&#8230;&#8230;&#8230;&#8230;&#8230;&#8230;&#8230;. \u2003 94<br \/>\n3.3 SOBRE EL DEBER DE DILIGENCIA Y CUIDADO DEBIDO EN<br \/>\nLA LEGISLACI\u00d3N NACIONAL &#8230;&#8230;&#8230;&#8230;&#8230;&#8230;&#8230;&#8230;&#8230;&#8230;&#8230;&#8230;&#8230;&#8230;&#8230;&#8230;&#8230;. 98<br \/>\n3.4 EL DERECHO-DEBER DE INFORMACI\u00d3N<br \/>\nEN LA LEGISLACI\u00d3N NACIONAL &#8230;&#8230;&#8230;&#8230;&#8230;&#8230;&#8230;&#8230;&#8230;&#8230;&#8230;&#8230;&#8230;&#8230;&#8230;&#8230;. \u2003 110<br \/>\n3.5 PRECISIONES ENTORNO A LA APLICACI\u00d3N<br \/>\nDE LOS DEBERES DE LA LEYN\u00b018.046 AL GERENTE GENERAL \u2003 113<\/p>\n<p>CAPITULO SEGUNDO<br \/>\nPOSIBLES R\u00c9GIMENES DE RESPONSABILIDAD DEL GERENTE GENERAL DE UNA SOCIEDAD AN\u00d3NIMA POR INFRACCI\u00d3NA LA LEY DE SOCIEDADES AN\u00d3NIMAS &#8230;&#8230;&#8230;&#8230;&#8230;&#8230;&#8230;&#8230;&#8230;.\u2003 115<br \/>\n1. SOBRE EL R\u00c9GIMENDE RESPONSABILIDAD DEL GERENTE DE UNA SOCIEDAD AN\u00d3NIMA EN MATERIA ADMINISTRATIVA-INFRACCIONAL<br \/>\n1.1 FUNDAMENTO DE LA INTERVENCI\u00d3NESTATAL FRENTE<br \/>\nAL INCUMPLIMIENTO DE LOS DEBERES DE UN GERENTE<br \/>\nGENERAL &#8230;&#8230;&#8230;&#8230;&#8230;&#8230;&#8230;&#8230;&#8230;&#8230;&#8230;&#8230;&#8230;&#8230;&#8230;&#8230;&#8230;&#8230;&#8230;&#8230;&#8230;&#8230;&#8230;&#8230;&#8230;&#8230;&#8230;&#8230;&#8230;. \u2003 118<br \/>\n1.2 EL DISE\u00d1O INSTITUCIONAL DEL R\u00c9GIMENDE RESPONSABILIDAD INFRACCIONAL DEL GERENTE GENERAL DE<br \/>\nUNA SOCIEDAD AN\u00d3NIMA &#8230;&#8230;&#8230;&#8230;&#8230;&#8230;&#8230;&#8230;&#8230;&#8230;&#8230;&#8230;&#8230;&#8230;&#8230;&#8230;&#8230;&#8230;&#8230;\u2003 126<br \/>\n1.2.1 RESPONSABILIDAD INFRACCIONAL BAJO LA VIGENCIA<br \/>\nDE LA SVS COMO ORGANISMO FISCALIZADOR &#8230;&#8230;&#8230;&#8230;&#8230;&#8230; 128<br \/>\n1.2.2 R\u00c9GIMEN INFRACCIONAL BAJO LA COMPETENCIA DE<br \/>\nLA CMF &#8230;&#8230;&#8230;&#8230;&#8230;&#8230;&#8230;&#8230;&#8230;&#8230;&#8230;&#8230;&#8230;&#8230;&#8230;&#8230;&#8230;&#8230;&#8230;&#8230;&#8230;&#8230;&#8230;&#8230;&#8230;&#8230;&#8230;&#8230;&#8230;. 135<br \/>\n1.3 PARALELO CR\u00cdTICO DE LA INSTITUCIONALIDAD SANCIONATORIA BAJO LA SVS Y BAJO LA CMF:DURACI\u00d3NDEL<br \/>\nPROCEDIMIENTO Y GRADO DE DEFERENCIA &#8230;&#8230;&#8230;&#8230;&#8230;&#8230;&#8230;&#8230;.\u2003 143<br \/>\n1.4 EXCURSO: R\u00c9GIMENINFRACCIONAL BAJO EL DECRETO<br \/>\nLEYN\u00b0211DE 1973:DEBERES ESPECIALES DEL GERENTE<br \/>\nFRENTE AL ORDENAMIENTO DE PROTECCI\u00d3NA LA COMPETENCIA &#8230;&#8230;&#8230;&#8230;&#8230;&#8230;&#8230;&#8230;&#8230;&#8230;&#8230;&#8230;&#8230;&#8230;&#8230;&#8230;&#8230;&#8230;&#8230;&#8230;&#8230;&#8230;&#8230;&#8230;&#8230;&#8230;&#8230;&#8230;&#8230;&#8230;..\u2003 148<br \/>\n1.4.1 GENERALIDADES DEL R\u00c9GIMEN: &#8230;&#8230;&#8230;&#8230;&#8230;&#8230;&#8230;&#8230;&#8230;&#8230;&#8230;&#8230;. 148<br \/>\n1.4.2 EL IL\u00cdCITO DEL ART\u00cdCULO 3\u00b0 LETRA D) DEL DL 211: EL<br \/>\nINTERLOCKING. &#8230;&#8230;&#8230;&#8230;&#8230;&#8230;&#8230;&#8230;&#8230;&#8230;&#8230;&#8230;&#8230;&#8230;&#8230;&#8230;&#8230;&#8230;&#8230;&#8230;&#8230;&#8230;&#8230;&#8230; 153<br \/>\n2. SOBRE EL R\u00c9GIMENDE RESPONSABILIDAD CIVIL DEL<br \/>\nGERENTE DE UNA SOCIEDAD AN\u00d3NIMA<br \/>\n2.1DISCUSI\u00d3NDOCTRINAL ENTORNO A LANATURALEZA<br \/>\nY FUENTE DE LA RESPONSABILIDAD CIVIL DEL GERENTE<br \/>\nGENERAL DE UNA SOCIEDAD AN\u00d3NIMA &#8230;&#8230;&#8230;&#8230;&#8230;&#8230;&#8230;&#8230;&#8230;&#8230;.. \u2003 161<br \/>\n2.1.1 RESPONSABILIDAD CIVIL DEL GERENTE GENERAL<br \/>\nFRENTE A LA SOCIEDAD AN\u00d3NIMA: &#8230;&#8230;&#8230;&#8230;&#8230;&#8230;&#8230;&#8230;&#8230;&#8230;&#8230;&#8230;.. 161<br \/>\n2.1.2 RESPONSABILIDAD CIVIL DEL GERENTE GENERAL<br \/>\nFRENTE A ACCIONISTAS Y TERCEROS &#8230;&#8230;&#8230;&#8230;&#8230;&#8230;&#8230;&#8230;&#8230;&#8230;&#8230;.. 165<br \/>\n2.2DETERMINACI\u00d3NY PRUEBA DEL FACTOR SUBJETIVO<br \/>\nDE LA RESPONSABILIDAD DEL GERENTE &#8230;&#8230;&#8230;&#8230;&#8230;&#8230;&#8230;&#8230;&#8230;&#8230;..\u2003 168<br \/>\n2.3 EL DESAF\u00cdO DE LA CAUSALIDAD ENLA OBTENCI\u00d3NDE<br \/>\nUNA INDEMNIZACI\u00d3N &#8230;&#8230;&#8230;&#8230;&#8230;&#8230;&#8230;&#8230;&#8230;&#8230;&#8230;&#8230;&#8230;&#8230;&#8230;&#8230;&#8230;&#8230;&#8230;&#8230;&#8230; \u2003 175<br \/>\n3. RESPONSABILIDAD DEL GERENTE DE UNA SOCIEDAD<br \/>\nAN\u00d3NIMA ENSEDE PENAL: EL DELITO DE ADMINISTRACI\u00d3N DESLEAL EN CHILE.<br \/>\n3.1ANTECEDENTESDE LATIPIFICACI\u00d3NENEL C\u00d3DIGOPENAL \u2003 179<br \/>\n3.2 GENERALIDADES DEL DELITO DE ADMINISTRACI\u00d3N<br \/>\nDESLEAL &#8230;&#8230;&#8230;&#8230;&#8230;&#8230;&#8230;&#8230;&#8230;&#8230;&#8230;&#8230;&#8230;&#8230;&#8230;&#8230;&#8230;&#8230;&#8230;&#8230;&#8230;&#8230;&#8230;&#8230;&#8230;&#8230;&#8230;&#8230;&#8230;.. \u2003 181<br \/>\n3.3 SOBRE LA T\u00c9CNICA LEGISLATIVA EMPLEADA PARA EL<br \/>\nDELITO DE ADMINISTRACI\u00d3N DESLEAL &#8230;&#8230;&#8230;&#8230;&#8230;&#8230;&#8230;&#8230;&#8230;&#8230;&#8230;.\u2003 184<br \/>\n3.4ELCONTENIDODELDELITODEADMINISTRACI\u00d3NDESLEAL\u2003 188<br \/>\n3.5 EL ELEMENTO VOLITIVO O DE IMPUTACI\u00d3NSUBJETIVA<br \/>\nDEL DELITO DE ADMINISTRACI\u00d3N DESLEAL &#8230;&#8230;&#8230;&#8230;&#8230;&#8230;&#8230;&#8230;..\u2003 194<br \/>\n3.6 PENALIDAD ASOCIADA AL DELITO DE ADMINISTRACI\u00d3N DESLEAL &#8230;&#8230;&#8230;&#8230;&#8230;&#8230;&#8230;&#8230;&#8230;&#8230;&#8230;&#8230;&#8230;&#8230;&#8230;&#8230;&#8230;&#8230;&#8230;&#8230;&#8230;&#8230;&#8230;&#8230;&#8230;&#8230;. \u2003 195<br \/>\nCAP\u00cdTULO TERCERO<br \/>\nAN\u00c1LISIS CR\u00cdTICO DEL ESTATUTO DE RESPONSABILIDAD<br \/>\nDEL GERENTE GENERAL EN LA JURISPRUDENCIA ADMINISTRATIVA Y JUDICIAL &#8230;&#8230;&#8230;&#8230;&#8230;&#8230;&#8230;&#8230;&#8230;&#8230;&#8230;&#8230;&#8230;&#8230;&#8230;&#8230;&#8230;&#8230;&#8230;&#8230;.. \u2003 197<br \/>\n1. LOS DEBERES DEL GERENTE GENERAL PREVISTOS ENLA<br \/>\nLEY DE SOCIEDADES AN\u00d3NIMAS BAJO LA JURISPRUDENCIA NACIONAL.<br \/>\n1.1JURISPRUDENCIA ENSEDE ADMINISTRATIVA<br \/>\n(ANEXOSN\u00b01 YN\u00b02) &#8230;&#8230;&#8230;&#8230;&#8230;&#8230;&#8230;&#8230;&#8230;&#8230;&#8230;&#8230;&#8230;&#8230;&#8230;&#8230;&#8230;&#8230;&#8230;&#8230;&#8230;&#8230;&#8230;.\u2003 199<br \/>\n1.1.1 RELEVANCIA DEL ROL GERENTE GENERAL PARA LA<br \/>\nAUTORIDAD ADMINISTRATIVA &#8230;&#8230;&#8230;&#8230;&#8230;&#8230;&#8230;&#8230;&#8230;&#8230;&#8230;&#8230;&#8230;&#8230;&#8230; 199<br \/>\n1.1.2 OBLIGACIONES DEL GERENTE GENERAL VINCULADAS<br \/>\nAL DEBER DE LEALTAD COMO OBLIGACIONES \u201cABSOLUTAS\u201d &#8230;&#8230;&#8230;&#8230;&#8230;&#8230;&#8230;&#8230;&#8230;&#8230;&#8230;&#8230;&#8230;&#8230;&#8230;&#8230;&#8230;&#8230;&#8230;&#8230;&#8230;&#8230;&#8230;&#8230;&#8230;&#8230;&#8230;&#8230;&#8230;&#8230;. 204<br \/>\n1.1.3 SOBRE EL EST\u00c1NDAR DE CONDUCTA EXIGIBLE Y ESPERABLE AL GERENTE EN EL CUMPLIMIENTO DE SUS DEBERES LEGALES BAJO UNA PERSPECTIVA ADMINISTRATIVA 205<br \/>\n1.1.4 GERENTE GENERAL COMO DESTINATARIO PRINCIPAL<br \/>\nDEL DEBER DE ASEGURARSE QUE LA SOCIEDAD AN\u00d3NIMA CUMPLA LA NORMATIVA PERTINENTE DE INTER\u00c9S<br \/>\nP\u00daBLICO &#8230;&#8230;&#8230;&#8230;&#8230;&#8230;&#8230;&#8230;&#8230;&#8230;&#8230;&#8230;&#8230;&#8230;&#8230;&#8230;&#8230;&#8230;&#8230;&#8230;&#8230;&#8230;&#8230;&#8230;&#8230;&#8230;&#8230;&#8230; 210<br \/>\n1.2 JURISPRUDENCIA ENSEDE DE RESPONSABILIDAD<br \/>\nCIVIL &#8230;&#8230;&#8230;&#8230;&#8230;&#8230;&#8230;&#8230;&#8230;&#8230;&#8230;&#8230;&#8230;&#8230;&#8230;&#8230;&#8230;&#8230;&#8230;&#8230;&#8230;&#8230;&#8230;&#8230;&#8230;&#8230;&#8230;&#8230;&#8230;&#8230;&#8230;&#8230;\u2003 213<\/p>\n<p>1.2.1 SOBRE LA NATURALEZA CONTRACTUAL O EXTRACONTRACTUAL DE LA RESPONSABILIDAD CIVIL DEL GERENTE 214<br \/>\n1.2.2 SUPERPOSICI\u00d3N (NORMATIVA Y JUDICIAL) DE DISTINTOS ESTATUTOS JUR\u00cdDICOS APLICABLES AL GERENTE &#8230;&#8230;. 219<br \/>\n1.2.3 DEBERES FIDUCIARIOS DEL GERENTE GENERAL Y RESULTADOS ECON\u00d3MICOS DE LA SOCIEDAD COMO PRESUPUESTO DEL DA\u00d1O &#8230;&#8230;&#8230;&#8230;&#8230;&#8230;&#8230;&#8230;&#8230;&#8230;&#8230;&#8230;&#8230;&#8230;&#8230;&#8230;&#8230;&#8230;&#8230;&#8230;&#8230;&#8230; 231<br \/>\n1.3 JURISPRUDENCIA ENSEDE LABORAL &#8230;&#8230;&#8230;&#8230;&#8230;&#8230;&#8230;&#8230;&#8230;&#8230;..\u2003 233<br \/>\n1.3.1 EXISTENCIA DE V\u00cdNCULO LABORAL RESPECTO DEL<br \/>\nGERENTE Y LA SOCIEDAD &#8230;&#8230;&#8230;&#8230;&#8230;&#8230;&#8230;&#8230;&#8230;&#8230;&#8230;&#8230;&#8230;&#8230;&#8230;&#8230;&#8230;&#8230;. 234<br \/>\n1.3.2 LA RELEVANCIA DE LAS NORMAS IMPERATIVAS DE LA<br \/>\nLEY DE SOCIEDADES AN\u00d3NIMAS COMO INTEGRANTES DEL<br \/>\nCONTENIDO OBLIGACIONAL DEL CONTRATO DE TRABAJO 237<br \/>\n1.3.3 LA FIGURA DEL DESAHUCIO COMO MECANISMO DE<br \/>\nTERMINACI\u00d3N DEL CONTRATO DEL GERENTE &#8230;&#8230;&#8230;&#8230;&#8230;&#8230;.. 239<br \/>\n1.4 JURISPRUDENCIA ENSEDE PENAL &#8230;&#8230;&#8230;&#8230;&#8230;&#8230;&#8230;&#8230;&#8230;&#8230;&#8230;.. \u2003 242<br \/>\n1.4.1 CONTENIDO DEL DELITO DE ADMINISTRACI\u00d3N DESLEAL EN NUESTRO ORDENAMIENTO &#8230;&#8230;&#8230;&#8230;&#8230;.. 246<br \/>\n2.DESAF\u00cdOS Y TEMAS PENDIENTES DEL ESTATUTO DE RESPONSABILIDAD DEL GERENTE GENERAL<br \/>\n2.1\u00bfNECESIDAD DE REGULACI\u00d3NORG\u00c1NICA DEL ESTATUTO DEL GERENTE GENERAL? &#8230;&#8230;&#8230;&#8230;&#8230;&#8230;&#8230;&#8230;&#8230;&#8230;&#8230;&#8230;&#8230;&#8230;&#8230;&#8230;&#8230;&#8230; \u2003 250<br \/>\n2.1.1 UTILIDAD DE REGULAR EN ESPEC\u00cdFICO AL GERENTE<br \/>\nGENERAL EN LA LSA: &#8230;&#8230;&#8230;&#8230;&#8230;&#8230;&#8230;&#8230;&#8230;&#8230;&#8230;&#8230;&#8230;&#8230;&#8230;&#8230;&#8230;&#8230;&#8230;&#8230;&#8230; 252<br \/>\n2.1.2 ALGUNAS PROPUESTAS CONCRETAS: &#8230;&#8230;&#8230;&#8230;&#8230;&#8230;&#8230;&#8230;&#8230;. 255<br \/>\n2.1.2 EL SISTEMA NORTEAMERICANO DE LA MODEL BUSINESS CORPORATION ACT (2024) COMO INSPIRACI\u00d3N AL<br \/>\nCASO CHILENO: &#8230;&#8230;&#8230;&#8230;&#8230;&#8230;&#8230;&#8230;&#8230;&#8230;&#8230;&#8230;&#8230;&#8230;&#8230;&#8230;&#8230;&#8230;&#8230;&#8230;&#8230;&#8230;&#8230;&#8230; 259<br \/>\n2,2 ESTADO DEL SISTEMA DE DESINCENTIVOS Y AN\u00c1LISIS<br \/>\nSOBRE SU (IN)SUFICIENCIA &#8230;&#8230;&#8230;&#8230;&#8230;&#8230;&#8230;&#8230;&#8230;&#8230;&#8230;&#8230;&#8230;&#8230;&#8230;&#8230;&#8230;&#8230; \u2003 268<br \/>\n2.2.1 CASO CIVIL Y JURISDICCI\u00d3N ARBITRAL &#8230;&#8230;&#8230;&#8230;&#8230;&#8230;&#8230;&#8230;.. 268<br \/>\n2.2.2 SISTEMA DE SANCIONES EN SEDE PENAL &#8230;&#8230;&#8230;&#8230;&#8230;&#8230;&#8230; 273<\/p>\n<p>CONCLUSIONES &#8230;&#8230;&#8230;&#8230;&#8230;&#8230;&#8230;&#8230;&#8230;&#8230;&#8230;&#8230;&#8230;&#8230;&#8230;&#8230;&#8230;&#8230;&#8230;&#8230;&#8230;&#8230;&#8230;&#8230;&#8230;.\u2003 275<br \/>\nBIBLIOGRAF\u00cdA &#8230;&#8230;&#8230;&#8230;&#8230;&#8230;&#8230;&#8230;&#8230;&#8230;&#8230;&#8230;&#8230;&#8230;&#8230;&#8230;&#8230;&#8230;&#8230;&#8230;&#8230;&#8230;&#8230;&#8230;&#8230;&#8230;\u2003 279<br \/>\nLEGISLACI\u00d3N CITADA &#8230;&#8230;&#8230;&#8230;&#8230;&#8230;&#8230;&#8230;&#8230;&#8230;&#8230;&#8230;&#8230;&#8230;&#8230;&#8230;&#8230;&#8230;&#8230;&#8230;&#8230;&#8230;\u2003 285<br \/>\nJURISPRUDENCIA ADMINISTRATIVA &#8230;&#8230;&#8230;&#8230;&#8230;&#8230;&#8230;&#8230;&#8230;&#8230;&#8230;&#8230;. \u2003 286<br \/>\nJURISPRUDENCIA JUDICIAL POR RECLAMACI\u00d3N CONTRA<br \/>\nSANCI\u00d3N ADMINISTRATIVA &#8230;&#8230;&#8230;&#8230;&#8230;&#8230;&#8230;&#8230;&#8230;&#8230;&#8230;&#8230;&#8230;&#8230;&#8230;&#8230;&#8230;&#8230;\u2003 287<br \/>\nJURISPRUDENCIA CIVIL &#8230;&#8230;&#8230;&#8230;&#8230;&#8230;&#8230;&#8230;&#8230;&#8230;&#8230;&#8230;&#8230;&#8230;&#8230;&#8230;&#8230;&#8230;&#8230;&#8230;. \u2003 290<br \/>\nJURISPRUDENCIA LABORAL &#8230;&#8230;&#8230;&#8230;&#8230;&#8230;&#8230;&#8230;&#8230;&#8230;&#8230;&#8230;&#8230;&#8230;&#8230;&#8230;&#8230;&#8230;\u2003 297<br \/>\nJURISPRUDENCIA CRIMINAL &#8230;&#8230;&#8230;&#8230;&#8230;&#8230;&#8230;&#8230;&#8230;&#8230;&#8230;&#8230;&#8230;&#8230;&#8230;&#8230;&#8230;.\u2003 301<\/p>\n","protected":false},"excerpt":{"rendered":"<p>Autores: Leonardo Gerbaud Kern y- Javiera Beatriz Durand Gonz\u00e1lez \/ a\u00f1o 2026 &#8211; \u00a0468 P\u00e1g.<\/p>\n<p>Buscas un libro Jur\u00eddico.? Lo puedes encontrar en nuestra tienda virtual.<br \/>\nContamos con prestigiosos autores y muchas alternativas en sus diferentes materias al igual que grandes descuentos.! Vis\u00edtanos en <a class=\"SZOzBJrCZwbbbHzPXHSuEhpWgpxqIuwE \" tabindex=\"0\" href=\"https:\/\/lnkd.in\/eiAG7jdZ\" target=\"_blank\" rel=\"noopener\" data-test-app-aware-link=\"\">https:\/\/lnkd.in\/eiAG7jdZ<\/a><br \/>\nEscr\u00edbenos al +56930565235 \/ <a class=\"SZOzBJrCZwbbbHzPXHSuEhpWgpxqIuwE \" tabindex=\"0\" href=\"mailto:ventaslegallexglobal@gmail.com\" target=\"_self\" data-test-app-aware-link=\"\">ventaslegallexglobal@gmail.com<\/a><br \/>\nHacemos env\u00edos a todo Chile \u2013 Starken o Correos Chile \/ Te esperamos.<\/p>\n","protected":false},"featured_media":1645,"comment_status":"open","ping_status":"closed","template":"","meta":{"inline_featured_image":false,"_joinchat":[]},"product_brand":[],"product_cat":[27,26],"product_tag":[],"class_list":{"0":"post-2600","1":"product","2":"type-product","3":"status-publish","4":"has-post-thumbnail","6":"product_cat-civil","7":"product_cat-derecho","9":"first","10":"instock","11":"shipping-taxable","12":"purchasable","13":"product-type-simple"},"_links":{"self":[{"href":"https:\/\/bibliotecajuridicavirtual.cl\/index.php\/wp-json\/wp\/v2\/product\/2600","targetHints":{"allow":["GET"]}}],"collection":[{"href":"https:\/\/bibliotecajuridicavirtual.cl\/index.php\/wp-json\/wp\/v2\/product"}],"about":[{"href":"https:\/\/bibliotecajuridicavirtual.cl\/index.php\/wp-json\/wp\/v2\/types\/product"}],"replies":[{"embeddable":true,"href":"https:\/\/bibliotecajuridicavirtual.cl\/index.php\/wp-json\/wp\/v2\/comments?post=2600"}],"wp:featuredmedia":[{"embeddable":true,"href":"https:\/\/bibliotecajuridicavirtual.cl\/index.php\/wp-json\/wp\/v2\/media\/1645"}],"wp:attachment":[{"href":"https:\/\/bibliotecajuridicavirtual.cl\/index.php\/wp-json\/wp\/v2\/media?parent=2600"}],"wp:term":[{"taxonomy":"product_brand","embeddable":true,"href":"https:\/\/bibliotecajuridicavirtual.cl\/index.php\/wp-json\/wp\/v2\/product_brand?post=2600"},{"taxonomy":"product_cat","embeddable":true,"href":"https:\/\/bibliotecajuridicavirtual.cl\/index.php\/wp-json\/wp\/v2\/product_cat?post=2600"},{"taxonomy":"product_tag","embeddable":true,"href":"https:\/\/bibliotecajuridicavirtual.cl\/index.php\/wp-json\/wp\/v2\/product_tag?post=2600"}],"curies":[{"name":"wp","href":"https:\/\/api.w.org\/{rel}","templated":true}]}}