{"id":2602,"date":"2026-02-28T01:02:39","date_gmt":"2026-02-28T04:02:39","guid":{"rendered":"https:\/\/bibliotecajuridicavirtual.cl\/?post_type=product&#038;p=2602"},"modified":"2026-03-24T13:46:15","modified_gmt":"2026-03-24T16:46:15","slug":"codigo-organico-de-tribunales-de-chile-5ta-edicion-con-apendice-legislativo-indices-tematico-y-analitico-ano-2026-278-pag","status":"publish","type":"product","link":"https:\/\/bibliotecajuridicavirtual.cl\/index.php\/product\/codigo-organico-de-tribunales-de-chile-5ta-edicion-con-apendice-legislativo-indices-tematico-y-analitico-ano-2026-278-pag\/","title":{"rendered":"C\u00f3digo Org\u00e1nico de Tribunales de Chile * 5ta. edici\u00f3n con ap\u00e9ndice legislativo &#8211; \u00cdndices tem\u00e1tico y anal\u00edtico a\u00f1o 2026 * 278 P\u00e1g."},"content":{"rendered":"<h3><strong>TEXTO EN PREVENTA<\/strong><\/h3>\n<p><strong>env\u00edos a partir del 20 de marzo 2026<\/strong><\/p>\n<p>C\u00f3digo Org\u00e1nico de Tribunales de Chile 5\u00aa Edici\u00f3n con ap\u00e9ndice legislativo.<\/p>\n<p>\u00cdndices tem\u00e1tico y anal\u00edtico<\/p>\n<p>Decreto Supremo N\u00ba 307 que fija el texto refundido, coordinado y sistematizado de la Ley N\u00b0 15.231, sobre organizaci\u00f3n y atribuciones de los Juzgados de Polic\u00eda Local<br \/>\nAuto Acordado sobre tramitaci\u00f3n y fallo de los recursos de queja<br \/>\nActa N\u00ba 107-2017 Auto Acordado de la Corte Suprema que distribuye las materias de que conocen las salas especializadas de la Corte Suprema durante el funcionamiento ordinario y extraordinario<br \/>\nAD 139-2019 modifica Auto Acordado de distribuci\u00f3n de materias de las salas especializadas de la Corte Suprema<\/p>\n<p>\u00cdndice<br \/>\nINTRODUCCI\u00d3N\u00a0\u00a0 \u00a0\u00a0\u00a0 \u00a011<br \/>\nC\u00d3DIGO ORG\u00c1NICO DE TRIBUNALES<br \/>\nT\u00cdTULO I. Del Poder Judicial y de la Administraci\u00f3n de Justicia en general\u00a0\u00a0 \u00a0\u00a0\u00a0 \u00a013<br \/>\nT\u00cdTULO II. De los juzgados de garant\u00eda y de los tribunales de juicio oral en lo penal\u00a0\u00a0 \u00a0\u00a0\u00a0 \u00a016<br \/>\n\u00a7 1.\u00a0\u00a0 \u00a0De los juzgados de garant\u00eda\u00a0\u00a0 \u00a0\u00a0\u00a0 \u00a016<br \/>\n\u00a7 2.\u00a0\u00a0 \u00a0De los tribunales de juicio oral en lo penal\u00a0\u00a0 \u00a0\u00a0\u00a0 \u00a023<br \/>\n\u00a7 3.\u00a0\u00a0 \u00a0Del Comit\u00e9 de Jueces\u00a0\u00a0 \u00a0\u00a0\u00a0 \u00a030<br \/>\n\u00a7 4.\u00a0\u00a0 \u00a0Del Juez Presidente del Comit\u00e9 de Jueces\u00a0\u00a0 \u00a0\u00a0\u00a0 \u00a031<br \/>\n\u00a7 5.\u00a0\u00a0 \u00a0De la organizaci\u00f3n administrativa de los juzgados de garant\u00eda y de los tribunales de juicio oral en lo penal\u00a0\u00a0 \u00a0\u00a0\u00a0 \u00a032<br \/>\nT\u00cdTULO III. De los Jueces de Letras\u00a0\u00a0 \u00a0\u00a0\u00a0 \u00a033<br \/>\nT\u00cdTULO IV. De los Presidentes y Ministros de Corte como tribunales unipersonales\u00a0\u00a0 \u00a0\u00a0\u00a0 \u00a052<br \/>\nT\u00cdTULO V. Las Cortes de Apelaciones\u00a0\u00a0 \u00a0\u00a0\u00a0 \u00a053<br \/>\n\u00a7 1.\u00a0\u00a0 \u00a0Su organizaci\u00f3n y atribuciones\u00a0\u00a0 \u00a0\u00a0\u00a0 \u00a053<br \/>\n\u00a7 2.\u00a0\u00a0 \u00a0Los Acuerdos de las Cortes de Apelaciones\u00a0\u00a0 \u00a0\u00a0\u00a0 \u00a061<br \/>\n\u00a7 3.\u00a0\u00a0 \u00a0Los Presidentes de las Cortes de Apelaciones\u00a0\u00a0 \u00a0\u00a0\u00a0 \u00a065<br \/>\nT\u00cdTULO VI. La Corte Suprema\u00a0\u00a0 \u00a0\u00a0\u00a0 \u00a066<br \/>\n\u00a7 1.\u00a0\u00a0 \u00a0Su organizaci\u00f3n y atribuciones\u00a0\u00a0 \u00a0\u00a0\u00a0 \u00a066<br \/>\n\u00a7 2.\u00a0\u00a0 \u00a0El Presidente de la Corte Suprema\u00a0\u00a0 \u00a0\u00a0\u00a0 \u00a073<br \/>\nT\u00cdTULO VI bis. De la realizaci\u00f3n de audiencias bajo la modalidad semipresencial o v\u00eda remota en los procedimientos penales en tr\u00e1mite ante los juzgados de garant\u00eda, los tribunales de juicio oral en lo penal, las Cortes de Apelaciones y la Corte Suprema\u00a0\u00a0 \u00a0\u00a0\u00a0 \u00a074<br \/>\nT\u00cdTULO VII. La Competencia\u00a0\u00a0 \u00a0\u00a0\u00a0 \u00a077<br \/>\n\u00a7 1.\u00a0\u00a0 \u00a0Reglas generales\u00a0\u00a0 \u00a0\u00a0\u00a0 \u00a077<br \/>\n\u00a7 2.\u00a0\u00a0 \u00a0Reglas que determinan la cuant\u00eda de las materias judiciales\u00a0\u00a0 \u00a0\u00a0\u00a0 \u00a078<br \/>\n\u00a7 3.\u00a0\u00a0 \u00a0Supresi\u00f3n del fuero personal en algunos negocios judiciales\u00a0\u00a0 \u00a0\u00a0\u00a0 \u00a081<br \/>\n\u00a7 4.\u00a0\u00a0 \u00a0Reglas que determinan la competencia en materias civiles entre tribunales de igual jerarqu\u00eda\u00a0\u00a0 \u00a0\u00a0\u00a0 \u00a081<br \/>\n\u00a7 5.\u00a0\u00a0 \u00a0Reglas que determinan la competencia en materias criminales entre tribunales de igual jerarqu\u00eda\u00a0\u00a0 \u00a0\u00a0\u00a0 \u00a084<br \/>\n\u00a7 6.\u00a0\u00a0 \u00a0Reglas sobre competencia civil de los tribunales en lo criminal\u00a0\u00a0 \u00a0\u00a0\u00a0 \u00a086<br \/>\n\u00a7 7.\u00a0\u00a0 \u00a0Reglas que determinan la distribuci\u00f3n de causas en aquellas comunas o agrupaci\u00f3n de comunas en cuyo territorio existan dos o m\u00e1s jueces con igual competencia\u00a0\u00a0 \u00a0\u00a0\u00a0 \u00a088<br \/>\n\u00a7 8.\u00a0\u00a0 \u00a0De la pr\u00f3rroga de la competencia\u00a0\u00a0 \u00a0\u00a0\u00a0 \u00a089<br \/>\n\u00a7 9.\u00a0\u00a0 \u00a0De la competencia para fallar en \u00fanica o en primera instancia\u00a0\u00a0 \u00a0\u00a0\u00a0 \u00a090<br \/>\n\u00a7 10.\u00a0\u00a0 \u00a0De los tribunales que deben conocer en las contiendas y cuestiones de competencia\u00a0\u00a0 \u00a0\u00a0\u00a0 \u00a090<br \/>\n\u00a7 11.\u00a0\u00a0 \u00a0De la implicancia y recusaci\u00f3n de los jueces y de los abogados integrantes\u00a0\u00a0 \u00a0\u00a0\u00a0 \u00a091<br \/>\nT\u00cdTULO VIII. De la subrogaci\u00f3n e integraci\u00f3n\u00a0\u00a0 \u00a0\u00a0\u00a0 \u00a095<br \/>\nT\u00cdTULO IX. De los Jueces \u00c1rbitros\u00a0\u00a0 \u00a0\u00a0\u00a0 \u00a0103<br \/>\nT\u00cdTULO X. De los Magistrados y del Nombramiento y Escalaf\u00f3n de los Funcionarios Judiciales\u00a0\u00a0 \u00a0\u00a0\u00a0 \u00a0107<br \/>\n\u00a7 1.\u00a0\u00a0 \u00a0Calidades en que pueden ser nombrados los jueces\u00a0\u00a0 \u00a0\u00a0\u00a0 \u00a0107<br \/>\n\u00a7 2.\u00a0\u00a0 \u00a0Requisitos, inhabilidades e incompatibilidades\u00a0\u00a0 \u00a0\u00a0\u00a0 \u00a0107<br \/>\n\u00a7 3.\u00a0\u00a0 \u00a0De los nombramientos y del escalaf\u00f3n de los funcionarios judiciales\u00a0\u00a0 \u00a0\u00a0\u00a0 \u00a0112<br \/>\n1)\u00a0\u00a0 \u00a0Escalaf\u00f3n Primario\u00a0\u00a0 \u00a0\u00a0\u00a0 \u00a0113<br \/>\n2)\u00a0\u00a0 \u00a0Escalaf\u00f3n Secundario\u00a0\u00a0 \u00a0\u00a0\u00a0 \u00a0114<br \/>\n3)\u00a0\u00a0 \u00a0Formaci\u00f3n del Escalaf\u00f3n y calificaci\u00f3n del personal\u00a0\u00a0 \u00a0\u00a0\u00a0 \u00a0115<br \/>\n4)\u00a0\u00a0 \u00a0Los nombramientos\u00a0\u00a0 \u00a0\u00a0\u00a0 \u00a0122<br \/>\n5)\u00a0\u00a0 \u00a0Escalaf\u00f3n del personal de empleados u oficiales de secretar\u00eda\u00a0\u00a0 \u00a0\u00a0\u00a0 \u00a0130<br \/>\n\u00a7 4.\u00a0\u00a0 \u00a0De la instalaci\u00f3n de los jueces\u00a0\u00a0 \u00a0\u00a0\u00a0 \u00a0135<br \/>\n\u00a7 5.\u00a0\u00a0 \u00a0De los honores y prerrogativas de los jueces\u00a0\u00a0 \u00a0\u00a0\u00a0 \u00a0137<br \/>\n\u00a7 6.\u00a0\u00a0 \u00a0De las permutas y traslados\u00a0\u00a0 \u00a0\u00a0\u00a0 \u00a0137<br \/>\n\u00a7 7.\u00a0\u00a0 \u00a0De los deberes y prohibiciones a que est\u00e1n sujeto los jueces\u00a0\u00a0 \u00a0\u00a0\u00a0 \u00a0138<br \/>\n\u00a7 8.\u00a0\u00a0 \u00a0De la responsabilidad de los jueces\u00a0\u00a0 \u00a0\u00a0\u00a0 \u00a0141<br \/>\n\u00a7 9.\u00a0\u00a0 \u00a0La expiraci\u00f3n y suspensi\u00f3n de las funciones de los jueces. De las licencias\u00a0\u00a0 \u00a0\u00a0\u00a0 \u00a0143<br \/>\nT\u00cdTULO XI. Los Auxiliares de la Administraci\u00f3n de Justicia\u00a0\u00a0 \u00a0\u00a0\u00a0 \u00a0147<br \/>\n\u00a7 1.\u00a0\u00a0 \u00a0Fiscal\u00eda judicial\u00a0\u00a0 \u00a0\u00a0\u00a0 \u00a0147<br \/>\n\u00a7 2.\u00a0\u00a0 \u00a0Los Defensores P\u00fablicos\u00a0\u00a0 \u00a0\u00a0\u00a0 \u00a0150<br \/>\n\u00a7 3.\u00a0\u00a0 \u00a0Los Relatores\u00a0\u00a0 \u00a0\u00a0\u00a0 \u00a0151<br \/>\n\u00a7 4.\u00a0\u00a0 \u00a0Los Secretarios\u00a0\u00a0 \u00a0\u00a0\u00a0 \u00a0153<br \/>\n\u00a7 4 bis.\u00a0\u00a0 \u00a0Los administradores de tribunales con competencia en lo criminal\u00a0\u00a0 \u00a0\u00a0\u00a0 \u00a0155<br \/>\n\u00a7 5.\u00a0\u00a0 \u00a0Los Receptores\u00a0\u00a0 \u00a0\u00a0\u00a0 \u00a0158<br \/>\n\u00a7 6.\u00a0\u00a0 \u00a0De los Procuradores y especialmente de los Procuradores del N\u00famero\u00a0\u00a0 \u00a0\u00a0\u00a0 \u00a0160<br \/>\n\u00a7 7.\u00a0\u00a0 \u00a0Los Notarios\u00a0\u00a0 \u00a0\u00a0\u00a0 \u00a0161<br \/>\n1)\u00a0\u00a0 \u00a0Su Organizaci\u00f3n\u00a0\u00a0 \u00a0\u00a0\u00a0 \u00a0161<br \/>\n2)\u00a0\u00a0 \u00a0De las escrituras p\u00fablicas\u00a0\u00a0 \u00a0\u00a0\u00a0 \u00a0162<br \/>\n3)\u00a0\u00a0 \u00a0De las protocolizaciones\u00a0\u00a0 \u00a0\u00a0\u00a0 \u00a0166<br \/>\n4)\u00a0\u00a0 \u00a0De las copias de escrituras p\u00fablicas y documentos protocolizados y de los documentos privados\u00a0\u00a0 \u00a0\u00a0\u00a0 \u00a0167<br \/>\n5)\u00a0\u00a0 \u00a0De la falta de fuerza legal de las escrituras, copias y testimonios notariales\u00a0\u00a0 \u00a0\u00a0\u00a0 \u00a0168<br \/>\n6)\u00a0\u00a0 \u00a0De los libros que deben llevar los notarios\u00a0\u00a0 \u00a0\u00a0\u00a0 \u00a0168<br \/>\n7)\u00a0\u00a0 \u00a0De las infracciones y sanciones\u00a0\u00a0 \u00a0\u00a0\u00a0 \u00a0171<br \/>\n\u00a7 8.\u00a0\u00a0 \u00a0Los Conservadores\u00a0\u00a0 \u00a0\u00a0\u00a0 \u00a0172<br \/>\n\u00a7 9.\u00a0\u00a0 \u00a0Los Archiveros\u00a0\u00a0 \u00a0\u00a0\u00a0 \u00a0174<br \/>\n\u00a7 10.\u00a0\u00a0 \u00a0De los Consejos T\u00e9cnicos\u00a0\u00a0 \u00a0\u00a0\u00a0 \u00a0176<br \/>\n\u00a7 11.\u00a0\u00a0 \u00a0Los Bibliotecarios Judiciales\u00a0\u00a0 \u00a0\u00a0\u00a0 \u00a0176<br \/>\nT\u00cdTULO XII. Disposiciones generales aplicables a los Auxiliares de la Administraci\u00f3n de Justicia\u00a0\u00a0 \u00a0\u00a0\u00a0 \u00a0177<br \/>\n\u00a7 1.\u00a0\u00a0 \u00a0Nombramiento, requisitos, inhabilidades e incompatibilidades\u00a0\u00a0 \u00a0\u00a0\u00a0 \u00a0177<br \/>\n\u00a7 2.\u00a0\u00a0 \u00a0Juramento e instalaci\u00f3n\u00a0\u00a0 \u00a0\u00a0\u00a0 \u00a0180<br \/>\n\u00a7 3.\u00a0\u00a0 \u00a0Obligaciones y prohibiciones\u00a0\u00a0 \u00a0\u00a0\u00a0 \u00a0181<br \/>\n\u00a7 4.\u00a0\u00a0 \u00a0De las implicancias y recusaciones\u00a0\u00a0 \u00a0\u00a0\u00a0 \u00a0183<br \/>\n\u00a7 5.\u00a0\u00a0 \u00a0De su remuneraci\u00f3n y de su previsi\u00f3n\u00a0\u00a0 \u00a0\u00a0\u00a0 \u00a0185<br \/>\n\u00a7 6.\u00a0\u00a0 \u00a0Suspensi\u00f3n y expiraci\u00f3n de funciones.\u00a0\u00a0 \u00a0\u00a0\u00a0 \u00a0185<br \/>\nDe las licencias\u00a0\u00a0 \u00a0\u00a0\u00a0 \u00a0185<br \/>\nT\u00cdTULO XIII. De los empleados u oficiales de secretar\u00eda\u00a0\u00a0 \u00a0\u00a0\u00a0 \u00a0187<br \/>\nT\u00cdTULO XIV. La Corporaci\u00f3n Administrativa del Poder Judicial\u00a0\u00a0 \u00a0\u00a0\u00a0 \u00a0189<br \/>\nT\u00cdTULO XV. Los Abogados\u00a0\u00a0 \u00a0\u00a0\u00a0 \u00a0196<br \/>\nT\u00cdTULO XVI. De la jurisdicci\u00f3n disciplinaria y de la inspecci\u00f3n y vigilancia de los servicios judiciales\u00a0\u00a0 \u00a0\u00a0\u00a0 \u00a0198<br \/>\n\u00a7 1.\u00a0\u00a0 \u00a0Las facultades disciplinarias\u00a0\u00a0 \u00a0\u00a0\u00a0 \u00a0198<br \/>\n\u00a7 2.\u00a0\u00a0 \u00a0De las visitas\u00a0\u00a0 \u00a0\u00a0\u00a0 \u00a0206<br \/>\n\u00a7 3.\u00a0\u00a0 \u00a0Estados y publicaciones\u00a0\u00a0 \u00a0\u00a0\u00a0 \u00a0213<br \/>\nT\u00cdTULO XVII. De la asistencia judicial y del privilegio de pobreza\u00a0\u00a0 \u00a0\u00a0\u00a0 \u00a0215<br \/>\nT\u00cdTULO FINAL\u00a0\u00a0 \u00a0\u00a0\u00a0 \u00a0218<br \/>\nDisposiciones transitorias\u00a0\u00a0 \u00a0\u00a0\u00a0 \u00a0218<br \/>\nAP\u00c9NDICE<br \/>\nDecreto Supremo N\u00ba 307. (Publicado el 23 de mayo de 1978)\u00a0\u00a0 \u00a0\u00a0\u00a0 \u00a0225<br \/>\nAuto acordado sobre tramitaci\u00f3n y fallo de los recursos de queja. (Publicado el 1 de diciembre de 1972)\u00a0\u00a0 \u00a0\u00a0\u00a0 \u00a0237<br \/>\nAD 139-2019. MODIFICA AUTO ACORDADO DE DISTRIBUCI\u00d3N DE MATERIAS DE LAS SALAS ESPECIALIZADAS DE LA CORTE SUPREMA\u00a0\u00a0 \u00a0\u00a0\u00a0 \u00a0245<\/p>\n<p>\u00cdNDICE ANAL\u00cdTICO\u00a0\u00a0 \u00a0\u00a0\u00a0 \u00a0247<\/p>\n<p>&nbsp;<\/p>\n","protected":false},"excerpt":{"rendered":"<p>Autor: Cristian Contreras Rojas<\/p>\n<p>Buscas un libro Jur\u00eddico.? Lo puedes encontrar en nuestra tienda virtual.<br \/>\nContamos con prestigiosos autores y muchas alternativas en sus diferentes materias al igual que grandes descuentos.! Vis\u00edtanos en <a class=\"uzjjmrpxQeFebnMdUxptiDBQagtayOyxaRvLs \" tabindex=\"0\" href=\"https:\/\/lnkd.in\/eiAG7jdZ\" target=\"_blank\" rel=\"noopener\" data-test-app-aware-link=\"\">https:\/\/lnkd.in\/eiAG7jdZ<\/a> \ud83d\ude0a<br \/>\nEscr\u00edbenos al +56930565235 \/ <a class=\"uzjjmrpxQeFebnMdUxptiDBQagtayOyxaRvLs \" tabindex=\"0\" href=\"mailto:ventaslegallexglobal@gmail.com\" target=\"_self\" data-test-app-aware-link=\"\">ventaslegallexglobal@gmail.com<\/a><\/p>\n<p>Hacemos env\u00edos a todo Chile \u2013 Starken o Correos Chile \/ Te esperamos<\/p>\n<p>&nbsp;<\/p>\n","protected":false},"featured_media":1647,"comment_status":"open","ping_status":"closed","template":"","meta":{"inline_featured_image":false,"_joinchat":[]},"product_brand":[],"product_cat":[32,26],"product_tag":[],"class_list":{"0":"post-2602","1":"product","2":"type-product","3":"status-publish","4":"has-post-thumbnail","6":"product_cat-codigos-de-la-republica-de-chile-ano-2026","7":"product_cat-derecho","9":"first","10":"instock","11":"shipping-taxable","12":"purchasable","13":"product-type-simple"},"_links":{"self":[{"href":"https:\/\/bibliotecajuridicavirtual.cl\/index.php\/wp-json\/wp\/v2\/product\/2602","targetHints":{"allow":["GET"]}}],"collection":[{"href":"https:\/\/bibliotecajuridicavirtual.cl\/index.php\/wp-json\/wp\/v2\/product"}],"about":[{"href":"https:\/\/bibliotecajuridicavirtual.cl\/index.php\/wp-json\/wp\/v2\/types\/product"}],"replies":[{"embeddable":true,"href":"https:\/\/bibliotecajuridicavirtual.cl\/index.php\/wp-json\/wp\/v2\/comments?post=2602"}],"wp:featuredmedia":[{"embeddable":true,"href":"https:\/\/bibliotecajuridicavirtual.cl\/index.php\/wp-json\/wp\/v2\/media\/1647"}],"wp:attachment":[{"href":"https:\/\/bibliotecajuridicavirtual.cl\/index.php\/wp-json\/wp\/v2\/media?parent=2602"}],"wp:term":[{"taxonomy":"product_brand","embeddable":true,"href":"https:\/\/bibliotecajuridicavirtual.cl\/index.php\/wp-json\/wp\/v2\/product_brand?post=2602"},{"taxonomy":"product_cat","embeddable":true,"href":"https:\/\/bibliotecajuridicavirtual.cl\/index.php\/wp-json\/wp\/v2\/product_cat?post=2602"},{"taxonomy":"product_tag","embeddable":true,"href":"https:\/\/bibliotecajuridicavirtual.cl\/index.php\/wp-json\/wp\/v2\/product_tag?post=2602"}],"curies":[{"name":"wp","href":"https:\/\/api.w.org\/{rel}","templated":true}]}}