{"id":2603,"date":"2026-02-28T01:02:39","date_gmt":"2026-02-28T04:02:39","guid":{"rendered":"https:\/\/bibliotecajuridicavirtual.cl\/?post_type=product&#038;p=2603"},"modified":"2026-02-28T01:02:50","modified_gmt":"2026-02-28T04:02:50","slug":"tratado-de-derecho-contractual-latinoamericano-formacion-del-contrato-vol-i-edicion-actualizada-ano-2026-540-pag","status":"publish","type":"product","link":"https:\/\/bibliotecajuridicavirtual.cl\/index.php\/product\/tratado-de-derecho-contractual-latinoamericano-formacion-del-contrato-vol-i-edicion-actualizada-ano-2026-540-pag\/","title":{"rendered":"Tratado de Derecho Contractual Latinoamericano * Formaci\u00f3n del Contrato &#8211; Vol. I edici\u00f3n actualizada a\u00f1o 2026 * 540 P\u00e1g."},"content":{"rendered":"<h3>Sinopsis<\/h3>\n<p>Como sucede en Europa, trat\u00e1ndose de Latinoam\u00e9rica, todos los pa\u00edses tienen su derecho nacional sobre contratos, aunque junto a \u00e9l, suelen compartir, trat\u00e1ndose de la compraventa internacional de mercader\u00edas, la Convenci\u00f3n de Viena de 1980 sobre Compraventa Internacional de Mercader\u00edas.<\/p>\n<p>A diferencia de Europa, sin embargo, los esfuerzos por pensar comparativamente el derecho de contratos de la regi\u00f3n han sido extremadamente modestos, ya que en la materia se mira m\u00e1s bien a Europa y, en alguna ocasi\u00f3n, a Estados Unidos, pero rara vez, si es que alguna, los pa\u00edses de la regi\u00f3n buscan en este \u00e1mbito una identidad compartida. Es pues, evidente, la falta de estudios respecto de la existencia de una \u201cidentidad\u201d o \u201ccultura jur\u00eddica\u201d latinoamericana.<\/p>\n<p>Una obra como los Principios Latinoamericanos de Derecho de los Contratos debe venir precedida por esfuerzos comparativos, y dichos esfuerzos se tornan m\u00e1s sencillos si se ejecutan sobre obras que intenten presentar de una manera sistem\u00e1tica el derecho nacional de los contratos en la regi\u00f3n.<\/p>\n<p>Ese es el prop\u00f3sito de este Tratado, poner a disposici\u00f3n de quienes se interesen en ello una obra que facilite esfuerzos comparativos que permitan responder de una manera m\u00e1s robusta a la pregunta acerca de la existencia de una identidad o cultura jur\u00eddica latinoamericana.<\/p>\n<p>Con ese objeto se ha reunido autores y autoras de Argentina, Brasil, Colombia, Chile, Ecuador, M\u00e9xico, Per\u00fa y Uruguay. Desde luego, no se trata de todos los pa\u00edses de la regi\u00f3n, pero es una muestra valiosa.<\/p>\n<p>Este primer tomo cubre la formaci\u00f3n del consentimiento, sus vicios y la nulidad. En torno a ellos se formulan algunas de las preguntas m\u00e1s importantes del derecho de contratos relativas a la importancia de la voluntad, la confianza y la seguridad jur\u00eddica, la ignorancia y la coacci\u00f3n.<\/p>\n","protected":false},"excerpt":{"rendered":"<p>Directores: \u00cd\u00f1igo de la Maza Gazmuri y \u00c1lvaro Vidal Olivares * Coordinador: Natanael Pe\u00f1a Calder\u00f3n.<\/p>\n<p>Buscas un libro Jur\u00eddico.? Lo puedes encontrar en nuestra tienda virtual.<br \/>\nContamos con prestigiosos autores y muchas alternativas en sus diferentes materias al igual que grandes descuentos.! Vis\u00edtanos en <a class=\"mcrOFyFHtuEGTaPjLnmNxnmCkwEJtPUBwg \" tabindex=\"0\" href=\"https:\/\/lnkd.in\/eiAG7jdZ\" target=\"_blank\" rel=\"noopener\" data-test-app-aware-link=\"\">https:\/\/lnkd.in\/eiAG7jdZ<\/a><br \/>\nEscr\u00edbenos al +56930565235 \/\ud83d\udcda <a class=\"mcrOFyFHtuEGTaPjLnmNxnmCkwEJtPUBwg \" tabindex=\"0\" href=\"mailto:ventaslegallexglobal@gmail.com\" target=\"_self\" data-test-app-aware-link=\"\">ventaslegallexglobal@gmail.com<\/a><br \/>\nHacemos env\u00edos a todo Chile \u2013 Starken o Correos Chile \/ Te esperamos<\/p>\n","protected":false},"featured_media":1648,"comment_status":"open","ping_status":"closed","template":"","meta":{"inline_featured_image":false,"_joinchat":[]},"product_brand":[],"product_cat":[27,26],"product_tag":[],"class_list":{"0":"post-2603","1":"product","2":"type-product","3":"status-publish","4":"has-post-thumbnail","6":"product_cat-civil","7":"product_cat-derecho","9":"first","10":"instock","11":"shipping-taxable","12":"purchasable","13":"product-type-simple"},"_links":{"self":[{"href":"https:\/\/bibliotecajuridicavirtual.cl\/index.php\/wp-json\/wp\/v2\/product\/2603","targetHints":{"allow":["GET"]}}],"collection":[{"href":"https:\/\/bibliotecajuridicavirtual.cl\/index.php\/wp-json\/wp\/v2\/product"}],"about":[{"href":"https:\/\/bibliotecajuridicavirtual.cl\/index.php\/wp-json\/wp\/v2\/types\/product"}],"replies":[{"embeddable":true,"href":"https:\/\/bibliotecajuridicavirtual.cl\/index.php\/wp-json\/wp\/v2\/comments?post=2603"}],"wp:featuredmedia":[{"embeddable":true,"href":"https:\/\/bibliotecajuridicavirtual.cl\/index.php\/wp-json\/wp\/v2\/media\/1648"}],"wp:attachment":[{"href":"https:\/\/bibliotecajuridicavirtual.cl\/index.php\/wp-json\/wp\/v2\/media?parent=2603"}],"wp:term":[{"taxonomy":"product_brand","embeddable":true,"href":"https:\/\/bibliotecajuridicavirtual.cl\/index.php\/wp-json\/wp\/v2\/product_brand?post=2603"},{"taxonomy":"product_cat","embeddable":true,"href":"https:\/\/bibliotecajuridicavirtual.cl\/index.php\/wp-json\/wp\/v2\/product_cat?post=2603"},{"taxonomy":"product_tag","embeddable":true,"href":"https:\/\/bibliotecajuridicavirtual.cl\/index.php\/wp-json\/wp\/v2\/product_tag?post=2603"}],"curies":[{"name":"wp","href":"https:\/\/api.w.org\/{rel}","templated":true}]}}