{"id":2623,"date":"2026-02-28T01:02:51","date_gmt":"2026-02-28T04:02:51","guid":{"rendered":"https:\/\/bibliotecajuridicavirtual.cl\/?post_type=product&#038;p=2623"},"modified":"2026-02-28T01:02:51","modified_gmt":"2026-02-28T04:02:51","slug":"curso-de-iva-ernesto-rencoret-orrego-ernesto-rencoret-orrego-tercera-edicion-ano-2025-448-paginas","status":"publish","type":"product","link":"https:\/\/bibliotecajuridicavirtual.cl\/index.php\/product\/curso-de-iva-ernesto-rencoret-orrego-ernesto-rencoret-orrego-tercera-edicion-ano-2025-448-paginas\/","title":{"rendered":"Curso de Iva &#8211; Ernesto Rencoret Orrego * Ernesto Rencoret Orrego &#8211; tercera edici\u00f3n a\u00f1o 2025 * 448 P\u00e1ginas"},"content":{"rendered":"<p style=\"font-weight: 400;\">Este trabajo responde, fundamentalmente, a las modificaciones introducidas en el Decreto Ley No 825, Ley de Impuesto a las Ventas y Servicios (LIVS); por las normas de las leyes No 21.398 de diciembre de 2021; No 21.420 de febrero de 2022 y No 21.713 de octubre de 2024; adem\u00e1s de considerar las reformas de las leyes No 21.462 de julio de 2022 y No 21.558 de mayo de 2023, teniendo presente, asimismo, una serie de instructivos administrativos dictados con posterioridad a la publicaci\u00f3n y vigencia de dichas leyes.<\/p>\n<p style=\"font-weight: 400;\">Las modificaciones legales referidas en el p\u00e1rrafo ante precedente tienen, en general, una trascendencia jur\u00eddica relevante, desde una perspectiva sustancial, frente a la estructura jur\u00eddico-econ\u00f3mica del tributo a las ventas y los servicios, resultando indispensable mantener esta obra debidamente actualizada para que los lectores cuenten con una gu\u00eda b\u00e1sica de las normas vigentes en estas materias.<\/p>\n<p style=\"font-weight: 400;\">Con todo, creo que en la presente edici\u00f3n de nuestro Curso de IVA no solo me dedico a actualizar materias, sino que me atrevo a ir un poco m\u00e1s all\u00e1 de la mera descripci\u00f3n normativa, para incurrir en el an\u00e1lisis cr\u00edtico de las normas legales y, particularmente, de las interpretaciones administrativas que ha ido dictando nuestro SII.<\/p>\n<p style=\"font-weight: 400;\">De ah\u00ed que esta edici\u00f3n lleve como caracterizaci\u00f3n editorial la de ser una publicaci\u00f3n actualizada, complementada, corregida y comentada, pues tengo la \u00edntima pretensi\u00f3n de generar alguna influencia en los lectores y, especialmente, en los t\u00e9cnicos y profesionales del rubro.<\/p>\n<p style=\"font-weight: 400;\"><b><strong>CAP\u00cdTULO I<\/strong><\/b><br \/>\n<b><strong>ASPECTOS GENERALES DEL IMPUESTO AL VALOR AGREGADO<\/strong><\/b><\/p>\n<ol>\n<li style=\"font-weight: 400;\">El hecho gravado econ\u00f3mico<\/li>\n<li style=\"font-weight: 400;\">Caracter\u00edsticas del IVA<br \/>\na. Es un impuesto indirecto<br \/>\nb. Es un impuesto plurif\u00e1sico<br \/>\nc. Es un impuesto no acumulativo<\/li>\n<\/ol>\n<p style=\"font-weight: 400;\"><b><strong>CAP\u00cdTULO II<\/strong><\/b><br \/>\n<b><strong>LOS HECHOS GRAVADOS EN EL DL N\u00b0 825<\/strong><\/b><\/p>\n<ol>\n<li style=\"font-weight: 400;\">El principio de legalidad del impuesto<br \/>\na. El principio de legalidad y el hecho gravado<br \/>\nb. Obligaci\u00f3n tributaria principal y obligaciones accesorias<br \/>\nc. Los hechos gravados con el Impuesto al Valor Agregado<\/li>\n<li style=\"font-weight: 400;\">El hecho gravado b\u00e1sico de venta y sus elementos<br \/>\na. Debe celebrarse una convenci\u00f3n<br \/>\nb. La convenci\u00f3n debe servir para transferir el dominio<br \/>\nc. La convenci\u00f3n translaticia de dominio debe ser a t\u00edtulo oneroso<br \/>\nd. La convenci\u00f3n debe recaer sobre bienes corporales muebles o bienes corporales inmuebles construidos, o una cuota de dominio sobre dichos bienes o derechos reales constituidos sobre ellos<br \/>\ne. La transferencia debe ser realizada por un vendedor. De la habitualidad<br \/>\nf. Territorialidad del impuesto<\/li>\n<li style=\"font-weight: 400;\">El hecho gravado b\u00e1sico de servicio<br \/>\na. Que una persona realice una acci\u00f3n o prestaci\u00f3n en favor de otra<br \/>\nb. Que el prestador del servicio perciba por la acci\u00f3n o prestaci\u00f3n alg\u00fan tipo de remuneraci\u00f3n<br \/>\n\u2022 Corolarios respecto de los requisitos de los literales a y b anteriores; la problem\u00e1tica de los servicios complejos (el inciso 2\u00b0, del No 2 del art. 2\u00b0) y las agencias de negocios<br \/>\nc. Territorialidad del impuesto en las prestaciones de servicios<\/li>\n<li style=\"font-weight: 400;\">Los hechos gravados especiales<br \/>\na. Hechos gravados especiales asimilados a venta<br \/>\ni. Importaciones<br \/>\nii. Aportes a sociedades<br \/>\n\u2022 El aporte a sociedades de bienes del activo fijo. \u00bfse encuentra afecto al IVA?<br \/>\n\u2022 Aportes a Empresas Individuales de Responsabilidad Limitada<br \/>\niii. Adjudicaciones en liquidaci\u00f3n de sociedades<br \/>\niv. Retiros de bienes del giro y donaciones promocionales<br \/>\nv. Contratos generales de construcci\u00f3n por suma alzada<br \/>\nvi. Venta de universalidades<br \/>\nvii. Contratos de arriendo con opci\u00f3n de compra que recaigan sobre inmuebles<br \/>\nviii. Venta de bienes corporales del activo fijo<br \/>\nb. Hechos gravados especiales asimilados a servicio<br \/>\ni. Contratos de instalaci\u00f3n o confecci\u00f3n de especialidades<br \/>\nii. Arrendamiento de bienes corporales muebles e inmuebles, y de todo tipo de establecimientos de comercio<br \/>\niii. Arrendamiento de marcas, patentes de invenci\u00f3n, procedimientos o f\u00f3rmulas industriales<br \/>\niv. Estacionamientos de autom\u00f3viles y otros veh\u00edculos en playas de estacionamiento u otros lugares destinados a este fin<br \/>\nv. Primas de seguros de las cooperativas de servicio de seguro<br \/>\nvi. Servicios realizados por prestadores domiciliados o residentes en el extranjero<\/li>\n<\/ol>\n<p style=\"font-weight: 400;\"><b><strong>CAP\u00cdTULO III<\/strong><\/b><br \/>\n<b><strong>LOS CONTRIBUYENTES DEL IVA<\/strong><\/b><\/p>\n<ol>\n<li style=\"font-weight: 400;\">El sujeto pasivo de la obligaci\u00f3n tributaria en general<\/li>\n<li style=\"font-weight: 400;\">El sujeto pasivo frente al IVA<\/li>\n<li style=\"font-weight: 400;\">El cambio de sujeto en general y la facultad de cambio de sujeto<br \/>\n\u2022 Cambio de Sujeto respecto de emisores de medios de pago, trat\u00e1ndose de ventas o servicios realizados por personas sin domicilio ni residencia en Chile en favor de contribuyentes que no lo son del IVA, cuando aquellos no se encuentren inscritos en el r\u00e9gimen de tributaci\u00f3n simplificada del p\u00e1rrafo 7o bis de la LIVS<\/li>\n<li style=\"font-weight: 400;\">Las plataformas digitales como contribuyentes directos fictos<\/li>\n<li style=\"font-weight: 400;\">Otros sujetos pasivos en particular<br \/>\na. Sujeto pasivo en las importaciones<br \/>\nb. Sujeto pasivo en las ventas realizadas por personas sin residencia en Chile<br \/>\nc. Sujeto pasivo en las adjudicaciones de bienes del giro, en liquidaciones de sociedades y comunidades<br \/>\nd. Sujeto del impuesto en los aportes a sociedades<br \/>\ne. Sujeto pasivo en los servicios prestados por personas no domiciliadas ni residentes en Chile<br \/>\nf. Sujeto pasivo en las permutas y mutuos<br \/>\ng. Sujeto pasivo en operaciones realizadas por comisionistas y otros intermediarios<br \/>\nh. Sujeto pasivo en las facturas de inicio<\/li>\n<\/ol>\n<p style=\"font-weight: 400;\"><b><strong>CAP\u00cdTULO IV<\/strong><\/b><br \/>\n<b><strong>LAS VENTAS Y SERVICIOS EXENTOS<\/strong><\/b><\/p>\n<ol>\n<li style=\"font-weight: 400;\">Las Exenciones Reales<br \/>\na. Ventas Exentas<br \/>\nb. Importaciones Exentas<br \/>\nc. Internaciones Exentas<br \/>\nd. Las Exportaciones de bienes<br \/>\ne. Servicios Exentos<br \/>\nf. Operaciones inmobiliarias con subsidios habitacionales<\/li>\n<li style=\"font-weight: 400;\">Las Exenciones Personales<\/li>\n<\/ol>\n<p style=\"font-weight: 400;\"><b><strong>CAP\u00cdTULO V<\/strong><\/b><br \/>\n<b><strong>DEVENGAMIENTO DEL IMPUESTO<\/strong><\/b><\/p>\n<ol>\n<li style=\"font-weight: 400;\">Concepto y reglas generales<\/li>\n<li style=\"font-weight: 400;\">Normas sobre emisi\u00f3n de documentos<br \/>\na. Emisi\u00f3n de documentos en las ventas de bienes corporales muebles<br \/>\nb. Emisi\u00f3n de documentos en las ventas de bienes corporales inmuebles<br \/>\nc. Emisi\u00f3n de documentos en los servicios<br \/>\nd. Posibilidad de anticipar la emisi\u00f3n de los documentos<br \/>\ne. Conclusiones particulares referidas a las normas generales sobre devengamiento<br \/>\nf. Situaciones especiales sobre devengamiento<br \/>\ni. Devengamiento del impuesto en las importaciones<br \/>\nii. Devengamiento del impuesto en los retiros de mercader\u00edas, incluyendo inmuebles<br \/>\niii. Devengo del impuesto en los intereses y reajustes por saldos de precio<br \/>\niv. Devengamiento del impuesto en los servicios peri\u00f3dicos, suministros y servicios domiciliarios peri\u00f3dicos<br \/>\ng. Emisi\u00f3n electr\u00f3nica de documentos<br \/>\nh. Facultades del Servicio de Impuestos Internos en materia documental y de emisi\u00f3n de documentos. Observaciones al actuar del \u00f3rgano fiscalizador<br \/>\n1. Potestad general para exigir el otorgamiento de facturas o boletas<br \/>\n2. Potestades documentales en la Ley del IVA<\/li>\n<\/ol>\n<p style=\"font-weight: 400;\"><b><strong>CAP\u00cdTULO VI<\/strong><\/b><br \/>\n<b><strong>BASE IMPONIBLE DEL IVA<\/strong><\/b><\/p>\n<ol>\n<li style=\"font-weight: 400;\">Explicaci\u00f3n previa<\/li>\n<li style=\"font-weight: 400;\">La base imponible en las ventas y servicios<\/li>\n<li style=\"font-weight: 400;\">La base imponible en la venta de inmuebles gravados<br \/>\na. El cr\u00e9dito especial de empresas constructoras (CEEC) del art\u00edculo 21 del DL No 910 de 1975. Referencia y derogaci\u00f3n<br \/>\nb. Derogaci\u00f3n del CEEC a partir del a\u00f1o 2027<\/li>\n<li style=\"font-weight: 400;\">Situaciones particulares sobre base imponible: el reembolso de gastos y el principio de la indivisibilidad<\/li>\n<li style=\"font-weight: 400;\">Normas especiales sobre base imponible<br \/>\na. Importaciones<br \/>\nb. Retiros de bienes corporales muebles o inmueblesc. Contratos generales de construcci\u00f3n e instalaci\u00f3n y confecci\u00f3n de especialidades<br \/>\nd. Contratos de construcci\u00f3n y servicios de conservaci\u00f3n, reparaci\u00f3n y explotaci\u00f3n de obras de uso p\u00fablico, cuyo precio se paga con la concesi\u00f3n temporal de la explotaci\u00f3n de la obra<br \/>\ne. Ventas de establecimientos de comercio<br \/>\nf. Hoteles y restaurantes<br \/>\ng. Ventas de inmuebles en cuya adquisici\u00f3n no se soport\u00f3 IVA<br \/>\nRequisitos para que tenga aplicaci\u00f3n esta norma<br \/>\nh. Contratos de arriendo con opci\u00f3n de compra<br \/>\ni. Arrendamientos de inmuebles gravados<br \/>\nj. Permutas, mutuos de fungibles y daciones en pago<\/li>\n<\/ol>\n<p style=\"font-weight: 400;\"><b><strong>CAP\u00cdTULO VII<\/strong><\/b><br \/>\n<b><strong>OPERATORIA Y DETERMINACI\u00d3N DEL IMPUESTO<\/strong><\/b><\/p>\n<ol>\n<li style=\"font-weight: 400;\">El d\u00e9bito fiscal mensual. Conformaci\u00f3n<\/li>\n<li style=\"font-weight: 400;\">Deducciones al d\u00e9bito fiscal mensual. Emisi\u00f3n de Notas de Cr\u00e9dito<br \/>\na. Bonificaciones y Descuentos otorgados a clientes<br \/>\nb. Resciliaci\u00f3n y nulidad de las operaciones<br \/>\nc. Error en la facturaci\u00f3n del impuesto<br \/>\nUn t\u00f3pico final: situaci\u00f3n de exceso de notas de cr\u00e9dito por sobre el d\u00e9bito fiscal del mes<\/li>\n<li style=\"font-weight: 400;\">Potestad del SII para determinar el IVA<\/li>\n<li style=\"font-weight: 400;\">El derecho a cr\u00e9dito fiscal<br \/>\na. Concepto<br \/>\nb. Caracter\u00edsticas<br \/>\ni. Es un elemento esencial del tributo<br \/>\nii. Es un derecho personal y patrimonial de caracter\u00edsticas propias<br \/>\niii. Es un derecho intransferible, pero s\u00ed transmisible<br \/>\niv. Irrecuperable en dinero. El remanentec. Tipos de bienes o servicios que otorgan derecho a cr\u00e9dito fiscal<br \/>\ni. Adquisiciones excluidas: los autom\u00f3viles y los gastos en supermercados<br \/>\nd. Nacimiento, Plazo de Ejercicio, Conformaci\u00f3n Documental y<br \/>\nRequisitos del DCF<br \/>\nNacimiento del derecho<br \/>\nPlazo de ejercicio del derecho<br \/>\nConformaci\u00f3n documental del derecho<br \/>\nRequisitos del derecho a cr\u00e9dito fiscal<br \/>\n\u2013 Requisitos de fondo<br \/>\n1. La relaci\u00f3n con el giro o actividad del contribuyente<br \/>\n2. La afectaci\u00f3n a operaciones gravadas con el impuesto<br \/>\n\u2013 Requisitos de forma<br \/>\n\u2022 Documentaci\u00f3n sustentatoria<br \/>\n1. Formalidades del documento<br \/>\n2. Efectividad material de la operaci\u00f3n<br \/>\n3. Emisor del documento. No podr\u00eda otorgar DCF, en principio, una operaci\u00f3n no gravada o exenta a la que de facto se le ha aplicado el impuesto<br \/>\nInaplicabilidad de los requisitos relativos a la documentaci\u00f3n sustentatoria<br \/>\n\u2022 Contabilizaci\u00f3n de la documentaci\u00f3n<br \/>\n\u2013 El cr\u00e9dito fiscal en la actividad inmobiliaria, su relaci\u00f3n con el cr\u00e9dito fiscal de empresas constructoras (CEEC) y la posibilidad de un cr\u00e9dito provisional en dicha actividad<br \/>\ne. El Cr\u00e9dito Fiscal Proporcional<br \/>\nConcepto y \u00e1mbito de aplicaci\u00f3n<br \/>\nDeterminaci\u00f3n del cr\u00e9dito proporcional<br \/>\nIncidencia de la obtenci\u00f3n de rentas pasivas en la proporcionalidad del cr\u00e9dito fiscal<br \/>\nf. Recuperaci\u00f3n del Cr\u00e9dito Fiscal por Adquisiciones de Activo Fijo<br \/>\nBienes que deben originar el remanente de cr\u00e9dito fiscal e inicio del plazo de dos o m\u00e1s meses<br \/>\nSituaci\u00f3n en la que en el remanente se comprenden bienes que no forman parte del activo fijo<br \/>\nEjercicio del derecho de imputaci\u00f3n<br \/>\nEjercicio del derecho de devoluci\u00f3n<br \/>\nRestituci\u00f3n de las sumas recibidas por concepto de remanentes de cr\u00e9dito fiscal de activo fijo. Tipos de restituci\u00f3n<br \/>\n1. La Restituci\u00f3n Normal<br \/>\n2. Las Restituciones Adicionales<br \/>\na) La Restituci\u00f3n Adicional propiamente tal<br \/>\nb) La Restituci\u00f3n Adicional Acelerada<br \/>\nc) La Restituci\u00f3n Adicional Instant\u00e1nea<br \/>\nc.1) Cuando la imputaci\u00f3n o la devoluci\u00f3n han sido indebidas<br \/>\nc.2) Cuando el contribuyente pone t\u00e9rmino a su giro<br \/>\nc.3) Naturaleza jur\u00eddica de la obligaci\u00f3n de restituci\u00f3n instant\u00e1nea<br \/>\nSanci\u00f3n penal por devoluciones o imputaciones fraudulentas<br \/>\nBeneficio del art\u00edculo 27 bis y exportadores<br \/>\ng. Cr\u00e9dito fiscal y Exportaciones<br \/>\nExtensi\u00f3n del concepto de exportador<br \/>\nModalidades de ejercicio del derecho de recuperaci\u00f3n<br \/>\nExportadores que realizan ventas internas y externas<br \/>\nExportadores que realizan exclusivamente ventas externas<br \/>\nObservaciones generales que fluyen de los apartados anteriores<br \/>\nEjercicio de aplicaci\u00f3n conjunta: cr\u00e9dito fiscal, cr\u00e9dito fiscal proporcional y cr\u00e9dito fiscal exportador<br \/>\nSituaci\u00f3n especial de las empresas a\u00e9reas y navieras<br \/>\nModificaciones introducidas al art\u00edculo 36 por la ley 21.713 de 2024<br \/>\nh. Procedimiento general para solicitar la devoluci\u00f3n o recuperaci\u00f3n de los impuestos del DL 825<\/li>\n<\/ol>\n","protected":false},"excerpt":{"rendered":"<p>Buscas un libro Jur\u00eddico.? Lo puedes encontrar en nuestra tienda virtual.<br \/>\nContamos con prestigiosos autores y muchas alternativas en sus diferentes materias al igual que grandes descuentos.! Vis\u00edtanos en <a class=\"vPdMhfeBWCozIyudxSzVfkcdaupHPowRXJIaYA \" tabindex=\"0\" href=\"https:\/\/lnkd.in\/eiAG7jdZ\" target=\"_blank\" rel=\"noopener\" data-test-app-aware-link=\"\">https:\/\/lnkd.in\/eiAG7jdZ<\/a><br \/>\nEscr\u00edbenos al +56930565235 \/ <a class=\"vPdMhfeBWCozIyudxSzVfkcdaupHPowRXJIaYA \" tabindex=\"0\" href=\"mailto:ventaslegallexglobal@gmail.com\" target=\"_self\" data-test-app-aware-link=\"\">ventaslegallexglobal@gmail.com<\/a><br \/>\nHacemos env\u00edos a todo Chile \u2013 Starken o Correos Chile \/ Te esperamos.<\/p>\n","protected":false},"featured_media":1655,"comment_status":"open","ping_status":"closed","template":"","meta":{"inline_featured_image":false,"_joinchat":[]},"product_brand":[],"product_cat":[26,28],"product_tag":[],"class_list":{"0":"post-2623","1":"product","2":"type-product","3":"status-publish","4":"has-post-thumbnail","6":"product_cat-derecho","7":"product_cat-tributario","9":"first","10":"instock","11":"shipping-taxable","12":"purchasable","13":"product-type-simple"},"_links":{"self":[{"href":"https:\/\/bibliotecajuridicavirtual.cl\/index.php\/wp-json\/wp\/v2\/product\/2623","targetHints":{"allow":["GET"]}}],"collection":[{"href":"https:\/\/bibliotecajuridicavirtual.cl\/index.php\/wp-json\/wp\/v2\/product"}],"about":[{"href":"https:\/\/bibliotecajuridicavirtual.cl\/index.php\/wp-json\/wp\/v2\/types\/product"}],"replies":[{"embeddable":true,"href":"https:\/\/bibliotecajuridicavirtual.cl\/index.php\/wp-json\/wp\/v2\/comments?post=2623"}],"wp:featuredmedia":[{"embeddable":true,"href":"https:\/\/bibliotecajuridicavirtual.cl\/index.php\/wp-json\/wp\/v2\/media\/1655"}],"wp:attachment":[{"href":"https:\/\/bibliotecajuridicavirtual.cl\/index.php\/wp-json\/wp\/v2\/media?parent=2623"}],"wp:term":[{"taxonomy":"product_brand","embeddable":true,"href":"https:\/\/bibliotecajuridicavirtual.cl\/index.php\/wp-json\/wp\/v2\/product_brand?post=2623"},{"taxonomy":"product_cat","embeddable":true,"href":"https:\/\/bibliotecajuridicavirtual.cl\/index.php\/wp-json\/wp\/v2\/product_cat?post=2623"},{"taxonomy":"product_tag","embeddable":true,"href":"https:\/\/bibliotecajuridicavirtual.cl\/index.php\/wp-json\/wp\/v2\/product_tag?post=2623"}],"curies":[{"name":"wp","href":"https:\/\/api.w.org\/{rel}","templated":true}]}}