{"id":2645,"date":"2026-02-28T01:04:16","date_gmt":"2026-02-28T04:04:16","guid":{"rendered":"https:\/\/bibliotecajuridicavirtual.cl\/?post_type=product&#038;p=2645"},"modified":"2026-02-28T01:04:37","modified_gmt":"2026-02-28T04:04:37","slug":"recursos-procesales-practica-forense-septima-edicion-ano-2023-autor-eric-andres-chavez-chavez","status":"publish","type":"product","link":"https:\/\/bibliotecajuridicavirtual.cl\/index.php\/product\/recursos-procesales-practica-forense-septima-edicion-ano-2023-autor-eric-andres-chavez-chavez\/","title":{"rendered":"Recursos Procesales, Pr\u00e1ctica Forense, S\u00e9ptima edici\u00f3n. A\u00f1o 2023. Autor Eric Andr\u00e9s Ch\u00e1vez Ch\u00e1vez"},"content":{"rendered":"<p style=\"font-weight: 400;\">Recursos Procesales, Pr\u00e1ctica Forense en su 7\u00aa Edici\u00f3n, 2023, incluye un an\u00e1lisis actualizado de los diferentes recursos procesales en materia\u00a0 civil, destinado a los abogados en el desempe\u00f1o de su actividad jurisdiccional en los estrados de manera did\u00e1ctica y precisa, cuya utilidad se ver\u00e1 en el uso diario de este texto.<\/p>\n<p style=\"font-weight: 400;\">En esta edici\u00f3n los diferentes escritos y formatos fueron ampliados, para que los usuarios tengan m\u00e1s material para preparar remedios procesales ante los juzgados civiles y tribunales superiores de justicia.<\/p>\n<p style=\"font-weight: 400;\">Esta pr\u00e1ctica forense contiene los principales escritos de recursos y de mera tramitaci\u00f3n, para dar la agilidad a la redacci\u00f3n de \u00e9stos atendida la casu\u00edstica de los mismos y las diferentes causales que pueden ser invocadas por los diferentes letrados.<\/p>\n<p>&nbsp;<\/p>\n","protected":false},"excerpt":{"rendered":"<p>Recursos Procesales, Pr\u00e1ctica Forense en su 7\u00aa Edici\u00f3n, 2023, incluye un an\u00e1lisis actualizado de los diferentes recursos procesales en materia\u00a0 civil, destinado a los abogados en el desempe\u00f1o de su actividad jurisdiccional en los estrados de manera did\u00e1ctica y precisa, cuya utilidad se ver\u00e1 en el uso diario de este texto. En esta edici\u00f3n los diferentes escritos y formatos fueron ampliados, para que los usuarios tengan m\u00e1s material para preparar remedios procesales ante los juzgados civiles y tribunales superiores de justicia. Esta pr\u00e1ctica forense contiene los principales escritos de recursos y de mera tramitaci\u00f3n, para dar la agilidad a la redacci\u00f3n de \u00e9stos atendida la casu\u00edstica de los mismos y las diferentes causales que pueden ser invocadas por los diferentes letrados. &nbsp;<\/p>\n","protected":false},"featured_media":2675,"comment_status":"open","ping_status":"closed","template":"","meta":{"inline_featured_image":false,"_joinchat":[]},"product_brand":[],"product_cat":[27,59],"product_tag":[],"class_list":{"0":"post-2645","1":"product","2":"type-product","3":"status-publish","4":"has-post-thumbnail","6":"product_cat-civil","7":"product_cat-editorial-tofulex-ediciones-juridicas","8":"product_shipping_class-a-convenir","10":"first","11":"instock","12":"shipping-taxable","13":"purchasable","14":"product-type-simple"},"_links":{"self":[{"href":"https:\/\/bibliotecajuridicavirtual.cl\/index.php\/wp-json\/wp\/v2\/product\/2645","targetHints":{"allow":["GET"]}}],"collection":[{"href":"https:\/\/bibliotecajuridicavirtual.cl\/index.php\/wp-json\/wp\/v2\/product"}],"about":[{"href":"https:\/\/bibliotecajuridicavirtual.cl\/index.php\/wp-json\/wp\/v2\/types\/product"}],"replies":[{"embeddable":true,"href":"https:\/\/bibliotecajuridicavirtual.cl\/index.php\/wp-json\/wp\/v2\/comments?post=2645"}],"wp:featuredmedia":[{"embeddable":true,"href":"https:\/\/bibliotecajuridicavirtual.cl\/index.php\/wp-json\/wp\/v2\/media\/2675"}],"wp:attachment":[{"href":"https:\/\/bibliotecajuridicavirtual.cl\/index.php\/wp-json\/wp\/v2\/media?parent=2645"}],"wp:term":[{"taxonomy":"product_brand","embeddable":true,"href":"https:\/\/bibliotecajuridicavirtual.cl\/index.php\/wp-json\/wp\/v2\/product_brand?post=2645"},{"taxonomy":"product_cat","embeddable":true,"href":"https:\/\/bibliotecajuridicavirtual.cl\/index.php\/wp-json\/wp\/v2\/product_cat?post=2645"},{"taxonomy":"product_tag","embeddable":true,"href":"https:\/\/bibliotecajuridicavirtual.cl\/index.php\/wp-json\/wp\/v2\/product_tag?post=2645"}],"curies":[{"name":"wp","href":"https:\/\/api.w.org\/{rel}","templated":true}]}}