{"id":2647,"date":"2026-02-28T01:04:16","date_gmt":"2026-02-28T04:04:16","guid":{"rendered":"https:\/\/bibliotecajuridicavirtual.cl\/?post_type=product&#038;p=2647"},"modified":"2026-02-28T01:04:41","modified_gmt":"2026-02-28T04:04:41","slug":"juicio-ejecutivo-practica-forense-explicaciones-y-formularios-sexta-edicion-ano-2023-308-pag-autor-eric-andres-chavez-chavez","status":"publish","type":"product","link":"https:\/\/bibliotecajuridicavirtual.cl\/index.php\/product\/juicio-ejecutivo-practica-forense-explicaciones-y-formularios-sexta-edicion-ano-2023-308-pag-autor-eric-andres-chavez-chavez\/","title":{"rendered":"Juicio Ejecutivo- Practica Forense &#8211; Explicaciones y Formularios, sexta edici\u00f3n. A\u00f1o 2023\/308 P\u00e1g. Autor Eric Andr\u00e9s Ch\u00e1vez Ch\u00e1vez"},"content":{"rendered":"<p style=\"font-weight: 400;\">El \u00abJuicio Ejecutivo. Pr\u00e1ctica Forense, Desarrollo y Reglas Aplicables\u00bb, de quien es autor el abogado Eric Andr\u00e9s Ch\u00e1vez Ch\u00e1vez, es una obra que incluye un an\u00e1lisis completo y actualizado del juicio ejecutivo, uno de los m\u00e1s empleados en la pr\u00e1ctica profesional en los estrados, acompa\u00f1ado de los formularios utilizados en el ejercicio de la profesi\u00f3n de abogado.<\/p>\n<p style=\"font-weight: 400;\">De esta manera, a la instituci\u00f3n jur\u00eddica indicada, se acompa\u00f1a en cada cap\u00edtulo de una explicaci\u00f3n positiva, doctrinaria y jurisprudencia, que es un compendio tanto sustantivo como procesal del tema.<\/p>\n<p style=\"font-weight: 400;\">Para ello, las referencias bibliogr\u00e1ficas sobre tratados jur\u00eddicos y la jurisprudencia de fecha reciente que se incluye, pretende guiar al lector, abogado, procurador o estudiante para facilitar un informe m\u00e1s especializado, tanto sobre las situaciones que con mayor frecuencia se presentan en el quehacer judicial de nuestros estrados y en el ejercicio profesional y relacionado con el procedimiento indicado.<\/p>\n<p style=\"font-weight: 400;\"><strong>CAP\u00cdTULO I<\/strong><br \/>\n<strong>GESTIONES PREPARATORIAS DE LA V\u00cdA EJECUTIVA<\/strong><\/p>\n<p>Enumeraci\u00f3n de las gestiones preparatorias<br \/>\nAn\u00e1lisis particular<br \/>\nReglas aplicables<br \/>\nPr\u00e1ctica Forense<\/p>\n<p><strong>CAP\u00cdTULO II<\/strong><br \/>\n<strong>CUADERNO EJECUTIVO<\/strong><\/p>\n<p>1ra Secci\u00f3n: La demanda ejecutiva<br \/>\nResoluci\u00f3n que puede recaer en esa demanda<br \/>\nEl mandamiento de ejecuci\u00f3n<br \/>\nEl requerimiento de pago<br \/>\nFormas de practicar el requerimiento<br \/>\nActitudes diversas del deudor<br \/>\nReglas aplicables<br \/>\nPr\u00e1ctica Forense<\/p>\n<p>2da Secci\u00f3n: Oposici\u00f3n del ejecutado<br \/>\nReglas aplicables<br \/>\nPr\u00e1ctica Forense<\/p>\n<p>3ra Secci\u00f3n: Responde a las excepciones<br \/>\nReglas aplicables<br \/>\nPr\u00e1ctica Forense<\/p>\n<p>4ta Secci\u00f3n: Admisibilidad e inadmisibilidad de las excepciones opuestas<br \/>\nReglas aplicables<br \/>\nPr\u00e1ctica Forense<\/p>\n<p>5ta Secci\u00f3n: La prueba<br \/>\n1ra Parte. La prueba y los medios de prueba en particular<br \/>\n2da Parte. Los medios de prueba en particular<br \/>\nReglas aplicables<br \/>\nPr\u00e1ctica Forense<\/p>\n<p style=\"font-weight: 400;\">5ta Secci\u00f3n: Observaci\u00f3n a la prueba<br \/>\nReglas aplicables<br \/>\nPr\u00e1ctica Forense<\/p>\n<p style=\"font-weight: 400;\">6ta Secci\u00f3n: Citaci\u00f3n a o\u00edr sentencia<br \/>\nReglas aplicables<br \/>\nPr\u00e1ctica Forense<\/p>\n<p style=\"font-weight: 400;\">7ma Secci\u00f3n: Sentencia<br \/>\nReglas aplicables<br \/>\nPr\u00e1ctica Forense<\/p>\n<p style=\"font-weight: 400;\">8va Secci\u00f3n: La cosa juzgada y el juicio ejecutivo<br \/>\nReglas aplicables<br \/>\nPr\u00e1ctica Forense<\/p>\n<p><strong>CAP\u00cdTULO III<\/strong><br \/>\n<strong>CUADERNO DE APREMIO<\/strong><\/p>\n<p>1ra Secci\u00f3n: El embargo<br \/>\nReembargo<br \/>\nIncidentes en el cuaderno de apremio<br \/>\nLa sentencia definitiva<br \/>\nLa venta en remate p\u00fablico<br \/>\nTr\u00e1mites o formalidades previas al remate<br \/>\nEl remate p\u00fablico<br \/>\nNulidad del remate p\u00fablico<br \/>\nNulidad del remate p\u00fablico<\/p>\n<p style=\"font-weight: 400;\">2da Secci\u00f3n: Procedimientos finales del apremio<br \/>\nOrden en que se efect\u00faa el pago<br \/>\nPr\u00e1ctica Forense<\/p>\n<p><strong>CAP\u00cdTULO IV<\/strong><br \/>\n<strong>CUADERNO DE TERCER\u00cdAS<\/strong><\/p>\n<p>Concepto<br \/>\nCaracter\u00edsticas de las tercer\u00edas<br \/>\nReglas aplicables<br \/>\nPr\u00e1ctica Forense<\/p>\n","protected":false},"excerpt":{"rendered":"<p>El \u00abJuicio Ejecutivo. Pr\u00e1ctica Forense, Desarrollo y Reglas Aplicables\u00bb, de quien es autor el abogado Eric Andr\u00e9s Ch\u00e1vez Ch\u00e1vez, es una obra que incluye un an\u00e1lisis completo y actualizado del juicio ejecutivo, uno de los m\u00e1s empleados en la pr\u00e1ctica profesional en los estrados, acompa\u00f1ado de los formularios utilizados en el ejercicio de la profesi\u00f3n de abogado. De esta manera, a la instituci\u00f3n jur\u00eddica indicada, se acompa\u00f1a en cada cap\u00edtulo de una explicaci\u00f3n positiva, doctrinaria y jurisprudencia, que es un compendio tanto sustantivo como procesal del tema. Para ello, las referencias bibliogr\u00e1ficas sobre tratados jur\u00eddicos y la jurisprudencia de fecha reciente que se incluye, pretende guiar al lector, abogado, procurador o estudiante para facilitar un informe m\u00e1s especializado, tanto sobre las situaciones que con mayor frecuencia se presentan en el quehacer judicial de nuestros estrados y en el ejercicio profesional y relacionado con el procedimiento indicado. CAP\u00cdTULO I GESTIONES PREPARATORIAS DE LA V\u00cdA EJECUTIVA Enumeraci\u00f3n de las gestiones preparatorias An\u00e1lisis particular Reglas aplicables Pr\u00e1ctica Forense CAP\u00cdTULO II CUADERNO EJECUTIVO 1ra Secci\u00f3n: La demanda ejecutiva Resoluci\u00f3n que puede recaer en esa demanda El mandamiento de ejecuci\u00f3n El requerimiento de pago Formas de practicar el requerimiento Actitudes diversas del deudor Reglas aplicables Pr\u00e1ctica Forense 2da Secci\u00f3n: Oposici\u00f3n del ejecutado Reglas aplicables Pr\u00e1ctica Forense 3ra Secci\u00f3n: Responde a las excepciones Reglas aplicables Pr\u00e1ctica Forense 4ta Secci\u00f3n: Admisibilidad e inadmisibilidad de las excepciones opuestas Reglas aplicables Pr\u00e1ctica Forense 5ta Secci\u00f3n: La prueba 1ra Parte. La prueba y los medios de prueba en particular 2da Parte. Los medios de prueba en particular Reglas aplicables Pr\u00e1ctica Forense 5ta Secci\u00f3n: Observaci\u00f3n a la prueba Reglas aplicables Pr\u00e1ctica Forense 6ta Secci\u00f3n: Citaci\u00f3n a o\u00edr sentencia Reglas aplicables Pr\u00e1ctica Forense 7ma Secci\u00f3n: Sentencia Reglas aplicables Pr\u00e1ctica Forense 8va Secci\u00f3n: La cosa juzgada y el juicio ejecutivo Reglas aplicables Pr\u00e1ctica Forense CAP\u00cdTULO III CUADERNO DE APREMIO 1ra Secci\u00f3n: El embargo Reembargo Incidentes en el cuaderno de apremio La sentencia definitiva La venta en remate p\u00fablico Tr\u00e1mites o formalidades previas al remate El remate p\u00fablico Nulidad del remate p\u00fablico Nulidad del remate p\u00fablico 2da Secci\u00f3n: Procedimientos finales del apremio Orden en que se efect\u00faa el pago Pr\u00e1ctica Forense CAP\u00cdTULO IV CUADERNO DE TERCER\u00cdAS Concepto Caracter\u00edsticas de las tercer\u00edas Reglas aplicables Pr\u00e1ctica Forense<\/p>\n","protected":false},"featured_media":2698,"comment_status":"open","ping_status":"closed","template":"","meta":{"inline_featured_image":false,"_joinchat":[]},"product_brand":[],"product_cat":[59,39],"product_tag":[],"class_list":{"0":"post-2647","1":"product","2":"type-product","3":"status-publish","4":"has-post-thumbnail","6":"product_cat-editorial-tofulex-ediciones-juridicas","7":"product_cat-procesal-civil","8":"product_shipping_class-a-convenir","10":"first","11":"instock","12":"shipping-taxable","13":"purchasable","14":"product-type-simple"},"_links":{"self":[{"href":"https:\/\/bibliotecajuridicavirtual.cl\/index.php\/wp-json\/wp\/v2\/product\/2647","targetHints":{"allow":["GET"]}}],"collection":[{"href":"https:\/\/bibliotecajuridicavirtual.cl\/index.php\/wp-json\/wp\/v2\/product"}],"about":[{"href":"https:\/\/bibliotecajuridicavirtual.cl\/index.php\/wp-json\/wp\/v2\/types\/product"}],"replies":[{"embeddable":true,"href":"https:\/\/bibliotecajuridicavirtual.cl\/index.php\/wp-json\/wp\/v2\/comments?post=2647"}],"wp:featuredmedia":[{"embeddable":true,"href":"https:\/\/bibliotecajuridicavirtual.cl\/index.php\/wp-json\/wp\/v2\/media\/2698"}],"wp:attachment":[{"href":"https:\/\/bibliotecajuridicavirtual.cl\/index.php\/wp-json\/wp\/v2\/media?parent=2647"}],"wp:term":[{"taxonomy":"product_brand","embeddable":true,"href":"https:\/\/bibliotecajuridicavirtual.cl\/index.php\/wp-json\/wp\/v2\/product_brand?post=2647"},{"taxonomy":"product_cat","embeddable":true,"href":"https:\/\/bibliotecajuridicavirtual.cl\/index.php\/wp-json\/wp\/v2\/product_cat?post=2647"},{"taxonomy":"product_tag","embeddable":true,"href":"https:\/\/bibliotecajuridicavirtual.cl\/index.php\/wp-json\/wp\/v2\/product_tag?post=2647"}],"curies":[{"name":"wp","href":"https:\/\/api.w.org\/{rel}","templated":true}]}}