{"id":2650,"date":"2026-02-28T01:04:16","date_gmt":"2026-02-28T04:04:16","guid":{"rendered":"https:\/\/bibliotecajuridicavirtual.cl\/?post_type=product&#038;p=2650"},"modified":"2026-02-28T01:04:45","modified_gmt":"2026-02-28T04:04:45","slug":"curso-para-preparacion-de-examen-de-grado-modalidad-tradicional-y-de-casos-practicos-tomo-i-y-ii-ano-2022-tomo-i-360-pag-tomo-ii-721-pag-autor-chistopher-fernandez-de-la-cuadra-y-carlos-lop","status":"publish","type":"product","link":"https:\/\/bibliotecajuridicavirtual.cl\/index.php\/product\/curso-para-preparacion-de-examen-de-grado-modalidad-tradicional-y-de-casos-practicos-tomo-i-y-ii-ano-2022-tomo-i-360-pag-tomo-ii-721-pag-autor-chistopher-fernandez-de-la-cuadra-y-carlos-lop\/","title":{"rendered":"Curso para Preparacion de Examen de Grado- Modalidad Tradicional y de Casos Practicos Tomo I y II. A\u00f1o 2022\/ Tomo I &#8211; 360 P\u00e1g. \/ Tomo II-  721 P\u00e1g. Autor CHISTOPHER FERN\u00c1NDEZ DE LA CUADRA Y CARLOS L\u00d3PEZ D\u00cdAZ"},"content":{"rendered":"<p>EL PRESENTE CURSO VIENE A LLENAR UN IMPORTANTE VACIO DE MATERIAL PARA LA PREPARACION DE EXAMEN DE GRADO. PARA TAL EFECTO, DESTINAMOS LAS PRIMERAS PAGINAS A PROPORCIONAR LAS SUGERENCIAS PRACTICAS INDISPENSABLES PARA LA APROBACION DEL EXAMEN DE GRADO.<\/p>\n<p>LUEGO, EN LA PRIMERA PARTE, NOS HEMOS ESFORZADO EN ENTREGAR UN TEXTO DINAMICO, ORDENADO, CON UNA JERARQUIZACION ORDENADA DE LAS MATERIAS, DANDO PRIORIDAD A LO QUE EFECTIVAMENTE SE INTERROGA EN LOS EXAMENES DE GRADO, ATENDIDA NUESTRA EXPERIENCIA DOCENTE DE PRIMERA MANO.<\/p>\n<p>EN EL MISMO SENTIDO, HEMOS INCLUIDO UNA SEGUNDA PARTE CON ALGUNAS PAUTAS Y EJERCICIOS PARA LA RESOLUCION DE CASOS PRACTICOS , EL CUAL CORRESPONDE A UN SISTEMA DE ENFOQUE POR COMPETENCIAS Y QUE SE ESTA IMPONIENDO EN LAS UNIVERSIDADES.<\/p>\n<p>POR A\u00d1OS IMPARTIMOS CURSO DE ESTE TIPO, Y PODEMOS DAR FE DE LOS CRITERIOS NECESARIOS PARA LA ADECUADA RESOLUCION DE CASOS.<\/p>\n<p>ESPERAMOS QUE EL PRESENTE TRABAJO SEA DE UTILIDAD PARA TODOS LOS ESTUDIANTES DE DERECHO.<\/p>\n<p>1. PRINCIPIOS FUNDAMENTALES.<\/p>\n<p>2. TEOR\u00cdA DE LA LEY.<\/p>\n<p>3. RELACIONES JUR\u00cdDICAS DE DERECHOS PRIVADO.<\/p>\n<p>4. PERSONA NATURAL Y JUR\u00cdDICA.<\/p>\n<p>5. LOS ATRIBUTOS DE LA PERSONALIDAD.<\/p>\n<p>6. ACTO JUR\u00cdDICO. ASPECTOS GENERALES, VOLUNTAD Y SUS VICIOS.<\/p>\n<p>7. ACTO JUR\u00cdDICO. OBJETO, CAUSA, FORMALIDADES, CAPACIDAD.<\/p>\n<p>8. ACTO JUR\u00cdDICO. REPRESENTACI\u00d3N, SIMLACI\u00d3N, EFECTOS DELOS ACTOS JUR\u00cdDICOS.<\/p>\n<p>9. ACTO JUR\u00cdDICO. LAS INEFICACIAS.<\/p>\n<p>10. TEOR\u00cdA DE LA PRUEBA.<\/p>\n<p>11. LOS BIENES ANTE EL DERECHO.<\/p>\n<p>12. EL DERECHO DE PROPIEDAD.<\/p>\n<p>13. LOS MODOS DE ADQUIRIR, PRIMERA PARTE.<\/p>\n<p>14. LOS MODOS DE ADQUIRIR, SEGUNDA PARTE.<\/p>\n<p>15. LA POSESI\u00d3N Y EL SISTEMA REGISTRAL.<\/p>\n<p>16. PROTECCI\u00d3N DEL DOMINIO Y DE LA POSESION.<\/p>\n<p>17. LOS DERECHOS REALES LIMITADOS.<\/p>\n<p>18. LAS OBLIGACIONES, ASPECTOS GENERALES.<\/p>\n<p>19. CLASIFICACI\u00d3N DE LAS OBLIGACIONES.<\/p>\n<p>20. OBLIGACIONES CONDICIONALES Y EL INCUMPLIMIENTO.<\/p>\n<p>21. OBLIGACIONES A PLAZO Y MODO.<\/p>\n<p>22. EFECTOS DE LAS OBLIGACIONES, PRIMERA PARTE.<\/p>\n<p>23. EFECTOS DE LAS OBLIGACIONES, SEGUNDA PARTE.<\/p>\n<p>24. EXTINCI\u00d3N DE LAS OBLIGACIONES.<\/p>\n<p>25. TEOR\u00cdA DEL CONTRATO.<\/p>\n<p>26. LA PROMESA.<\/p>\n<p>27. LA COMPRAVENTA.<\/p>\n<p>28. OTROS CONTRATOS CONSENSUALES.<\/p>\n<p>29. CONTRATOS REALES.<\/p>\n","protected":false},"excerpt":{"rendered":"<p>EL PRESENTE CURSO VIENE A LLENAR UN IMPORTANTE VACIO DE MATERIAL PARA LA PREPARACION DE EXAMEN DE GRADO. PARA TAL EFECTO, DESTINAMOS LAS PRIMERAS PAGINAS A PROPORCIONAR LAS SUGERENCIAS PRACTICAS INDISPENSABLES PARA LA APROBACION DEL EXAMEN DE GRADO. LUEGO, EN LA PRIMERA PARTE, NOS HEMOS ESFORZADO EN ENTREGAR UN TEXTO DINAMICO, ORDENADO, CON UNA JERARQUIZACION ORDENADA DE LAS MATERIAS, DANDO PRIORIDAD A LO QUE EFECTIVAMENTE SE INTERROGA EN LOS EXAMENES DE GRADO, ATENDIDA NUESTRA EXPERIENCIA DOCENTE DE PRIMERA MANO. EN EL MISMO SENTIDO, HEMOS INCLUIDO UNA SEGUNDA PARTE CON ALGUNAS PAUTAS Y EJERCICIOS PARA LA RESOLUCION DE CASOS PRACTICOS , EL CUAL CORRESPONDE A UN SISTEMA DE ENFOQUE POR COMPETENCIAS Y QUE SE ESTA IMPONIENDO EN LAS UNIVERSIDADES. POR A\u00d1OS IMPARTIMOS CURSO DE ESTE TIPO, Y PODEMOS DAR FE DE LOS CRITERIOS NECESARIOS PARA LA ADECUADA RESOLUCION DE CASOS. ESPERAMOS QUE EL PRESENTE TRABAJO SEA DE UTILIDAD PARA TODOS LOS ESTUDIANTES DE DERECHO. 1. PRINCIPIOS FUNDAMENTALES. 2. TEOR\u00cdA DE LA LEY. 3. RELACIONES JUR\u00cdDICAS DE DERECHOS PRIVADO. 4. PERSONA NATURAL Y JUR\u00cdDICA. 5. LOS ATRIBUTOS DE LA PERSONALIDAD. 6. ACTO JUR\u00cdDICO. ASPECTOS GENERALES, VOLUNTAD Y SUS VICIOS. 7. ACTO JUR\u00cdDICO. OBJETO, CAUSA, FORMALIDADES, CAPACIDAD. 8. ACTO JUR\u00cdDICO. REPRESENTACI\u00d3N, SIMLACI\u00d3N, EFECTOS DELOS ACTOS JUR\u00cdDICOS. 9. ACTO JUR\u00cdDICO. LAS INEFICACIAS. 10. TEOR\u00cdA DE LA PRUEBA. 11. LOS BIENES ANTE EL DERECHO. 12. EL DERECHO DE PROPIEDAD. 13. LOS MODOS DE ADQUIRIR, PRIMERA PARTE. 14. LOS MODOS DE ADQUIRIR, SEGUNDA PARTE. 15. LA POSESI\u00d3N Y EL SISTEMA REGISTRAL. 16. PROTECCI\u00d3N DEL DOMINIO Y DE LA POSESION. 17. LOS DERECHOS REALES LIMITADOS. 18. LAS OBLIGACIONES, ASPECTOS GENERALES. 19. CLASIFICACI\u00d3N DE LAS OBLIGACIONES. 20. OBLIGACIONES CONDICIONALES Y EL INCUMPLIMIENTO. 21. OBLIGACIONES A PLAZO Y MODO. 22. EFECTOS DE LAS OBLIGACIONES, PRIMERA PARTE. 23. EFECTOS DE LAS OBLIGACIONES, SEGUNDA PARTE. 24. EXTINCI\u00d3N DE LAS OBLIGACIONES. 25. TEOR\u00cdA DEL CONTRATO. 26. LA PROMESA. 27. LA COMPRAVENTA. 28. OTROS CONTRATOS CONSENSUALES. 29. CONTRATOS REALES.<\/p>\n","protected":false},"featured_media":2701,"comment_status":"open","ping_status":"closed","template":"","meta":{"inline_featured_image":false,"_joinchat":[]},"product_brand":[],"product_cat":[60,39,34],"product_tag":[],"class_list":{"0":"post-2650","1":"product","2":"type-product","3":"status-publish","4":"has-post-thumbnail","6":"product_cat-editorial-el-jurista","7":"product_cat-procesal-civil","8":"product_cat-procesal-penal","9":"product_shipping_class-a-convenir","11":"first","12":"instock","13":"shipping-taxable","14":"purchasable","15":"product-type-simple"},"_links":{"self":[{"href":"https:\/\/bibliotecajuridicavirtual.cl\/index.php\/wp-json\/wp\/v2\/product\/2650","targetHints":{"allow":["GET"]}}],"collection":[{"href":"https:\/\/bibliotecajuridicavirtual.cl\/index.php\/wp-json\/wp\/v2\/product"}],"about":[{"href":"https:\/\/bibliotecajuridicavirtual.cl\/index.php\/wp-json\/wp\/v2\/types\/product"}],"replies":[{"embeddable":true,"href":"https:\/\/bibliotecajuridicavirtual.cl\/index.php\/wp-json\/wp\/v2\/comments?post=2650"}],"wp:featuredmedia":[{"embeddable":true,"href":"https:\/\/bibliotecajuridicavirtual.cl\/index.php\/wp-json\/wp\/v2\/media\/2701"}],"wp:attachment":[{"href":"https:\/\/bibliotecajuridicavirtual.cl\/index.php\/wp-json\/wp\/v2\/media?parent=2650"}],"wp:term":[{"taxonomy":"product_brand","embeddable":true,"href":"https:\/\/bibliotecajuridicavirtual.cl\/index.php\/wp-json\/wp\/v2\/product_brand?post=2650"},{"taxonomy":"product_cat","embeddable":true,"href":"https:\/\/bibliotecajuridicavirtual.cl\/index.php\/wp-json\/wp\/v2\/product_cat?post=2650"},{"taxonomy":"product_tag","embeddable":true,"href":"https:\/\/bibliotecajuridicavirtual.cl\/index.php\/wp-json\/wp\/v2\/product_tag?post=2650"}],"curies":[{"name":"wp","href":"https:\/\/api.w.org\/{rel}","templated":true}]}}