{"id":2730,"date":"2026-02-28T01:05:04","date_gmt":"2026-02-28T04:05:04","guid":{"rendered":"https:\/\/bibliotecajuridicavirtual.cl\/?post_type=product&#038;p=2730"},"modified":"2026-02-28T01:05:33","modified_gmt":"2026-02-28T04:05:33","slug":"vision-jurisprudencial-de-las-servidumbres-mineras-ano-noviembre-2022-182-pag-autoreditorial-hammurabi","status":"publish","type":"product","link":"https:\/\/bibliotecajuridicavirtual.cl\/index.php\/product\/vision-jurisprudencial-de-las-servidumbres-mineras-ano-noviembre-2022-182-pag-autoreditorial-hammurabi\/","title":{"rendered":"Visi\u00f3n Jurisprudencial de las Servidumbres Mineras. A\u00f1o Noviembre 2022\/ 182 P\u00e1g. Autor\tEditorial Hammurabi"},"content":{"rendered":"<ol>\n<li style=\"font-weight: 400;\"><b><strong> FICHAS DE SENTENCIAS\n<p><\/strong><\/b><\/li>\n<\/ol>\n<p style=\"font-weight: 400;\">Ficha N\u00ba 1: Demanda de constituci\u00f3n de servidumbre minera, en juicio sumar\u00edsimo.<\/p>\n<p>An\u00e1lisis de la pretensi\u00f3n y defensa<br \/>\n1. S\u00edntesis de los fallos<br \/>\n2. Cuantificaci\u00f3n del pago<\/p>\n<p>Ficha N\u00ba 2: Demanda de constituci\u00f3n de servidumbre minera, en juicio sumar\u00edsimo.<\/p>\n<p>An\u00e1lisis de la pretensi\u00f3n y defensa<br \/>\n1. S\u00edntesis de los fallos<br \/>\n2. Cuantificaci\u00f3n del pago<\/p>\n<p>Ficha N\u00ba 3: Demanda en juicio sumar\u00edsimo de constituci\u00f3n de servidumbres legal minera de ocupaci\u00f3n y tr\u00e1nsito<\/p>\n<p>An\u00e1lisis de la pretensi\u00f3n y defensa<br \/>\n1. S\u00edntesis de los fallos<br \/>\n2. Cuantificaci\u00f3n del pago<\/p>\n<p>Ficha N\u00ba 4: Demanda de constituci\u00f3n de servidumbres legales mineras en procedimiento sumar\u00edsimo.<\/p>\n<p>An\u00e1lisis de la pretensi\u00f3n y defensa<br \/>\n1. S\u00edntesis de los fallos<br \/>\n2. Cuantificaci\u00f3n del pago<\/p>\n<p>Ficha N\u00ba 5: Demanda de constituci\u00f3n de servidumbre minera.<\/p>\n<p>An\u00e1lisis de la pretensi\u00f3n y defensa<br \/>\n1. S\u00edntesis de los fallos<br \/>\n2. Cuantificaci\u00f3n del pago<\/p>\n<p>FICHA N\u00ba 6: Demanda de constituci\u00f3n de servidumbres legales mineras, en juicio sumar\u00edsimo.<\/p>\n<p>An\u00e1lisis de la pretensi\u00f3n y defensa<br \/>\n1. S\u00edntesis de los fallos<br \/>\n2. Cuantificaci\u00f3n del pago<\/p>\n<p style=\"font-weight: 400;\">Ficha N\u00ba 7: Demanda en juicio sumar\u00edsimo de constituci\u00f3n de servidumbres legales mineras sobre terreno fiscales<\/p>\n<p>An\u00e1lisis de la pretensi\u00f3n y defensa<br \/>\n1. S\u00edntesis de los fallos<br \/>\n2. Cuantificaci\u00f3n del pago<\/p>\n<p>Ficha N\u00ba 8: Demanda en juicio sumar\u00edsimo establecido en los art\u00edculos 234 y 235 del c\u00f3digo de miner\u00eda.<\/p>\n<p>An\u00e1lisis de la pretensi\u00f3n y defensa<br \/>\n1. S\u00edntesis de los fallos<br \/>\n2. Cuantificaci\u00f3n del pago<\/p>\n<p>Ficha N\u00ba 9: Demanda en juicio sumar\u00edsimo de constituci\u00f3n de servidumbre minera.<\/p>\n<p>An\u00e1lisis de la pretensi\u00f3n y defensa<br \/>\n1. S\u00edntesis de los fallos<br \/>\n2. Cuantificaci\u00f3n del pago<\/p>\n<p>Ficha N\u00ba 10: Demanda en juicio sumar\u00edsimo de constituci\u00f3n de servidumbres mineras.<\/p>\n<p>An\u00e1lisis de la pretensi\u00f3n y defensa<br \/>\n1. S\u00edntesis de los fallos<br \/>\n2. Cuantificaci\u00f3n del pago<\/p>\n<p>Ficha N\u00ba 11: Demanda sobre constituci\u00f3n de servidumbres legales mineras.<\/p>\n<p>An\u00e1lisis de la pretensi\u00f3n y defensa<br \/>\n1. S\u00edntesis de los fallos<br \/>\n2. Cuantificaci\u00f3n del pago<\/p>\n<p>Ficha N\u00ba 12: Demanda de constituci\u00f3n de servidumbre minera.<\/p>\n<p>An\u00e1lisis de la pretensi\u00f3n y defensa<br \/>\n1. S\u00edntesis de los fallos<br \/>\n2. Cuantificaci\u00f3n del pago<\/p>\n<p><b><strong>II. SENTENCIAS DE LA CORTE SUPREMA<br \/>\n<\/strong><\/b><\/p>\n<p>Sentencia 1. SQM Salar S.A. contra Fisco de Chile.<\/p>\n<p>Sentencia 2. SQM Salar S.A. contra Fisco de Chile.<\/p>\n<p>Sentencia 3. Compa\u00f1\u00eda Minera Cerro del Medio con Fisco de Chile.<\/p>\n<p style=\"font-weight: 400;\">Sentencia 4. Compa\u00f1\u00eda Minera Do\u00f1a In\u00e9s de Collahuasi SCM contra Fisco de Chile.<\/p>\n<p>Sentencia 5. Sociedad Legal Minera Desierto 10 de Sierra Gorda contra Fisco de Chile.<\/p>\n<p>Sentencia 6. Compa\u00f1\u00eda Minera Do\u00f1a In\u00e9s de Collahuasi SCM contra Fisco de Chile.<\/p>\n<p>Sentencia 7. David Alfredo Ferrada Barrera contra Fisco de Chile.<\/p>\n<p>Sentencia 8. Sociedad Andes Cordillera SpA, en contra de Felipe Eduardo Walker Slimming, Patricio Nelson Mu\u00f1oz Milla y Felipe Sebasti\u00e1n Silva Berrios.<\/p>\n<p>Sentencia 9. \u00c1lvaro Jes\u00fas Pizarro Valencia con Agr\u00edcola Industrial Comercial Artificio de Pedegua S.A.<\/p>\n<p>Sentencia 10. Admiralty Minerals Chile PYT LTD Agencia en Chile con Compa\u00f1\u00eda Minera del Pacifico S.A.<\/p>\n<p>Sentencia 11<br \/>\nSociedad Legal Minera Las Brujas 1 del 1-30 de Paine contra Andr\u00e9s P\u00e9rez Cruz.<\/p>\n<p>Sentencia 12. Jorge Federico Antonio Corssen Novion con Fisco de Chile<\/p>\n","protected":false},"excerpt":{"rendered":"<p>FICHAS DE SENTENCIAS Ficha N\u00ba 1: Demanda de constituci\u00f3n de servidumbre minera, en juicio sumar\u00edsimo. An\u00e1lisis de la pretensi\u00f3n y defensa 1. S\u00edntesis de los fallos 2. Cuantificaci\u00f3n del pago Ficha N\u00ba 2: Demanda de constituci\u00f3n de servidumbre minera, en juicio sumar\u00edsimo. An\u00e1lisis de la pretensi\u00f3n y defensa 1. S\u00edntesis de los fallos 2. Cuantificaci\u00f3n del pago Ficha N\u00ba 3: Demanda en juicio sumar\u00edsimo de constituci\u00f3n de servidumbres legal minera de ocupaci\u00f3n y tr\u00e1nsito An\u00e1lisis de la pretensi\u00f3n y defensa 1. S\u00edntesis de los fallos 2. Cuantificaci\u00f3n del pago Ficha N\u00ba 4: Demanda de constituci\u00f3n de servidumbres legales mineras en procedimiento sumar\u00edsimo. An\u00e1lisis de la pretensi\u00f3n y defensa 1. S\u00edntesis de los fallos 2. Cuantificaci\u00f3n del pago Ficha N\u00ba 5: Demanda de constituci\u00f3n de servidumbre minera. An\u00e1lisis de la pretensi\u00f3n y defensa 1. S\u00edntesis de los fallos 2. Cuantificaci\u00f3n del pago FICHA N\u00ba 6: Demanda de constituci\u00f3n de servidumbres legales mineras, en juicio sumar\u00edsimo. An\u00e1lisis de la pretensi\u00f3n y defensa 1. S\u00edntesis de los fallos 2. Cuantificaci\u00f3n del pago Ficha N\u00ba 7: Demanda en juicio sumar\u00edsimo de constituci\u00f3n de servidumbres legales mineras sobre terreno fiscales An\u00e1lisis de la pretensi\u00f3n y defensa 1. S\u00edntesis de los fallos 2. Cuantificaci\u00f3n del pago Ficha N\u00ba 8: Demanda en juicio sumar\u00edsimo establecido en los art\u00edculos 234 y 235 del c\u00f3digo de miner\u00eda. An\u00e1lisis de la pretensi\u00f3n y defensa 1. S\u00edntesis de los fallos 2. Cuantificaci\u00f3n del pago Ficha N\u00ba 9: Demanda en juicio sumar\u00edsimo de constituci\u00f3n de servidumbre minera. An\u00e1lisis de la pretensi\u00f3n y defensa 1. S\u00edntesis de los fallos 2. Cuantificaci\u00f3n del pago Ficha N\u00ba 10: Demanda en juicio sumar\u00edsimo de constituci\u00f3n de servidumbres mineras. An\u00e1lisis de la pretensi\u00f3n y defensa 1. S\u00edntesis de los fallos 2. Cuantificaci\u00f3n del pago Ficha N\u00ba 11: Demanda sobre constituci\u00f3n de servidumbres legales mineras. An\u00e1lisis de la pretensi\u00f3n y defensa 1. S\u00edntesis de los fallos 2. Cuantificaci\u00f3n del pago Ficha N\u00ba 12: Demanda de constituci\u00f3n de servidumbre minera. An\u00e1lisis de la pretensi\u00f3n y defensa 1. S\u00edntesis de los fallos 2. Cuantificaci\u00f3n del pago II. SENTENCIAS DE LA CORTE SUPREMA Sentencia 1. SQM Salar S.A. contra Fisco de Chile. Sentencia 2. SQM Salar S.A. contra Fisco de Chile. Sentencia 3. Compa\u00f1\u00eda Minera Cerro del Medio con Fisco de Chile. Sentencia 4. Compa\u00f1\u00eda Minera Do\u00f1a In\u00e9s de Collahuasi SCM contra Fisco de Chile. Sentencia 5. Sociedad Legal Minera Desierto 10 de Sierra Gorda contra Fisco de Chile. Sentencia 6. Compa\u00f1\u00eda Minera Do\u00f1a In\u00e9s de Collahuasi SCM contra Fisco de Chile. Sentencia 7. David Alfredo Ferrada Barrera contra Fisco de Chile. Sentencia 8. Sociedad Andes Cordillera SpA, en contra de Felipe Eduardo Walker Slimming, Patricio Nelson Mu\u00f1oz Milla y Felipe Sebasti\u00e1n Silva Berrios. Sentencia 9. \u00c1lvaro Jes\u00fas Pizarro Valencia con Agr\u00edcola Industrial Comercial Artificio de Pedegua S.A. Sentencia 10. Admiralty Minerals Chile PYT LTD Agencia en Chile con Compa\u00f1\u00eda Minera del Pacifico S.A. Sentencia 11 Sociedad Legal Minera Las Brujas 1 del 1-30 de Paine contra Andr\u00e9s P\u00e9rez Cruz. Sentencia 12. Jorge Federico Antonio Corssen Novion con Fisco de Chile<\/p>\n","protected":false},"featured_media":2780,"comment_status":"open","ping_status":"closed","template":"","meta":{"inline_featured_image":false,"_joinchat":[]},"product_brand":[],"product_cat":[31],"product_tag":[],"class_list":{"0":"post-2730","1":"product","2":"type-product","3":"status-publish","4":"has-post-thumbnail","6":"product_cat-derecho-ambiental","7":"product_shipping_class-a-convenir","9":"first","10":"instock","11":"shipping-taxable","12":"purchasable","13":"product-type-simple"},"_links":{"self":[{"href":"https:\/\/bibliotecajuridicavirtual.cl\/index.php\/wp-json\/wp\/v2\/product\/2730","targetHints":{"allow":["GET"]}}],"collection":[{"href":"https:\/\/bibliotecajuridicavirtual.cl\/index.php\/wp-json\/wp\/v2\/product"}],"about":[{"href":"https:\/\/bibliotecajuridicavirtual.cl\/index.php\/wp-json\/wp\/v2\/types\/product"}],"replies":[{"embeddable":true,"href":"https:\/\/bibliotecajuridicavirtual.cl\/index.php\/wp-json\/wp\/v2\/comments?post=2730"}],"wp:featuredmedia":[{"embeddable":true,"href":"https:\/\/bibliotecajuridicavirtual.cl\/index.php\/wp-json\/wp\/v2\/media\/2780"}],"wp:attachment":[{"href":"https:\/\/bibliotecajuridicavirtual.cl\/index.php\/wp-json\/wp\/v2\/media?parent=2730"}],"wp:term":[{"taxonomy":"product_brand","embeddable":true,"href":"https:\/\/bibliotecajuridicavirtual.cl\/index.php\/wp-json\/wp\/v2\/product_brand?post=2730"},{"taxonomy":"product_cat","embeddable":true,"href":"https:\/\/bibliotecajuridicavirtual.cl\/index.php\/wp-json\/wp\/v2\/product_cat?post=2730"},{"taxonomy":"product_tag","embeddable":true,"href":"https:\/\/bibliotecajuridicavirtual.cl\/index.php\/wp-json\/wp\/v2\/product_tag?post=2730"}],"curies":[{"name":"wp","href":"https:\/\/api.w.org\/{rel}","templated":true}]}}