{"id":2754,"date":"2026-02-28T01:05:25","date_gmt":"2026-02-28T04:05:25","guid":{"rendered":"https:\/\/bibliotecajuridicavirtual.cl\/?post_type=product&#038;p=2754"},"modified":"2026-02-28T01:05:37","modified_gmt":"2026-02-28T04:05:37","slug":"las-consecuencias-juridicas-del-delito-ano-mayo-2013-608-pag-autor-luis-ortiz-quiroga-javier-arevalo-cunich","status":"publish","type":"product","link":"https:\/\/bibliotecajuridicavirtual.cl\/index.php\/product\/las-consecuencias-juridicas-del-delito-ano-mayo-2013-608-pag-autor-luis-ortiz-quiroga-javier-arevalo-cunich\/","title":{"rendered":"Las Consecuencias Jur\u00eddicas del Delito. A\u00f1o Mayo 2013\/ 608 P\u00e1g. Autor Luis Ortiz Quiroga &#8211; Javier Ar\u00e9valo Cunich"},"content":{"rendered":"<p>Este libro analiza en forma detenida la pena como efecto natural del delito, su concepto, fines y los diversos problemas que plantea su aplicaci\u00f3n, considerando la ley vigente debidamente complementada por la doctrina y la jurisprudencia.<\/p>\n<p>En primer lugar, se hace una completa descripci\u00f3n de la teor\u00eda de la pena, una s\u00edntesis de la pol\u00e9mica -nunca resuelta- sobre la funci\u00f3n de la pena en un Estado democr\u00e1tico; su relaci\u00f3n con los principios fundamentales del Derecho Penal y su vinculaci\u00f3n con las sanciones administrativas; la clasificaci\u00f3n de las penas, su naturaleza, efectos y ejecuci\u00f3n, as\u00ed como los problemas que plantea su quebrantamiento. Se trata con especial detenci\u00f3n la determinaci\u00f3n de las penas, tanto en el \u00e1mbito te\u00f3rico como pr\u00e1ctico y el an\u00e1lisis de los concursos de delitos. La segunda parte est\u00e1 destinada al estudio de las circunstancias modificatorias de responsabilidad penal, agravantes, atenuantes y circunstancias mixtas, tanto desde el punto de vista de su contenido sustancial como en cuanto a su incidencia en la determinaci\u00f3n de la pena. Se abordan con detalle las medidas de seguridad y correcci\u00f3n, sus fundamentos y fines, su clasificaci\u00f3n y su incorporaci\u00f3n en nuestra legislaci\u00f3n vigente: se trata de un aspecto de nuestro r\u00e9gimen de sanciones que ordinariamente ha sido tratado de manera muy escueta. Adem\u00e1s, se desarrollan las causales de extinci\u00f3n de responsabilidad penal, para terminar con la revisi\u00f3n de la responsabilidad civil proveniente del delito y su concreta regulaci\u00f3n en la ley chilena, as\u00ed como la rehabilitaci\u00f3n y la reinserci\u00f3n social como una de las orientaciones b\u00e1sicas de la pena.<\/p>\n<p>Los autores aportan en esta obra no solo un estudio completo de la pena y las medidas de seguridad, sus efectos y problemas afines, sino adem\u00e1s su vasta experiencia como profesores de Derecho Penal y abogados litigantes en dicho \u00e1mbito, lo que permite que se enfoquen los diversos temas con una mirada que, sin dejar de lado los aspectos te\u00f3ricos y t\u00e9cnicos, se vea robustecida por una visi\u00f3n pr\u00e1ctica.<\/p>\n<p>Como se se\u00f1ala en el pr\u00f3logo, esta obra es el fruto de una madura reflexi\u00f3n a trav\u00e9s de muchos a\u00f1os de actividad acad\u00e9mica y constituye un aporte significativo para la doctrina jur\u00eddica nacional y un referente \u00fatil para jueces, profesores, abogados y alumnos.<\/p>\n<p><strong>PRIMERA PARTE<\/strong><br \/>\n<strong>LA TEOR\u00cdA DE LA PENA<\/strong><\/p>\n<p>\u00a7 1. SISTEMA PENAL, PENA Y CONTROL SOCIAL<br \/>\n\u00a7 2. CONCEPTO JUR\u00cdDICO DE PENA<br \/>\n\u00a7 3. LOS FINES DE LA PENA<br \/>\nTeor\u00edas Absolutas. La Retribuci\u00f3n<br \/>\nTeor\u00edas Relativas. La Prevenci\u00f3n<br \/>\nTeor\u00edas Integradoras<br \/>\nLos Fines de la Pena en la Doctrina y el Ordenamiento Jur\u00eddico Chileno<br \/>\nToma de Postura<br \/>\n\u00a7 4. LA PENA Y LOS PRINCIPIOS FUNDAMENTALES DEL DERECHO PENAL<br \/>\nPrincipio de Legalidad<br \/>\nPrincipio de Culpabilidad<br \/>\nPrincipio de m\u00ednima Intervenci\u00f3n<br \/>\nPrincipio de Oportunidad<br \/>\nPrincipio de Improcedencia de Penas Inhumanas o Degradantes<br \/>\nPrincipio de Exclusiva Protecci\u00f3n de Bienes Jur\u00eddicos<br \/>\nPrincipio de Proporcionalidad<br \/>\nPrincipio de Resocializaci\u00f3n<br \/>\nPrincipio de Igualdad<br \/>\nPrincipio de Personalidad de las Penas<br \/>\nPrincipio\u00a0<em>Non Bis in Idem<\/em><br \/>\n\u00a7 5. LA PENA Y LAS SANCIONES ADMINISTRATIVAS<br \/>\nPlanteamiento del Problema<br \/>\nRelaci\u00f3n entre el Il\u00edcito Penal y el Il\u00edcito Administrativo<br \/>\nEl Problema del Il\u00edcito Administrativo en el Contexto de la Expansi\u00f3n del Derecho Penal<br \/>\nRealidad Dogm\u00e1tica Chilena<br \/>\nLa Pr\u00e1ctica Chilena Frente a las Antinomias entre el Il\u00edcito Penal y el Il\u00edcito Administrativo<br \/>\n\u00a7 6. CARACTER\u00cdSTICAS DEL SISTEMA PUNITIVO CHILENO<br \/>\n\u00a7 7. CLASIFICACI\u00d3N DE LAS PENAS<br \/>\nDe Acuerdo a su Gravedad<br \/>\nDe Acuerdo a su Aflictividad<br \/>\nDe Acuerdo a su Divisibilidad<br \/>\nDe Acuerdo a la Forma en C\u00f3mo Concurren<br \/>\nDe Acuerdo a su Autonom\u00eda<br \/>\nDe Acuerdo a su Naturaleza<br \/>\n\u00a7 8. NATURALEZA, EFECTOS Y EJECUCI\u00d3N DE LAS PENAS<br \/>\nPenas Corporales<br \/>\nPenas Privativas de Libertad<br \/>\nPenas Restrictivas de la Libertad<br \/>\nPenas Privativas o Restrictivas de Otros Derechos<br \/>\nPenas Pecuniarias<br \/>\n\u00a79. EL QUEBRANTAMIENTO DE LAS CONDENAS Y EL DELINQUIMIENTO DURANTE LA CONDENA O EL QUEBRANTAMIENTO<br \/>\n\u00a710. LA DETERMINACI\u00d3N DE LAS PENAS<br \/>\nConsideraciones Preliminares<br \/>\nIncidencia de las Teor\u00edas sobre los Fines de la Pena en la Determinaci\u00f3n de la Pena<br \/>\nReglas Generales para la Determinaci\u00f3n Judicial de las Penas<br \/>\nReglas Espec\u00edficas para la Determinaci\u00f3n Judicial de la Pena<br \/>\nReglas Especiales de Determinaci\u00f3n de las Penas<\/p>\n<p><strong>SEGUNDA PARTE<\/strong><br \/>\n<strong>LAS CIRCUNSTANCIAS MODIFICATORIAS DE LA RESPONSABILIDAD PENAL<\/strong><\/p>\n<p>\u00a7 1. GENERALIDADES<br \/>\n\u00a7 2. CARACTER\u00cdSTICAS DE LAS CIRCUNSTANCIAS MODIFICATORIAS<br \/>\n\u00a7 3. LAS CIRCUNSTANCIAS ATENUANTES<br \/>\nCircunstancias Atenuantes y Fines de la Pena<br \/>\nClasificaci\u00f3n<br \/>\n\u00a7 4. LAS CIRCUNTANCIAS AGRAVANTES. CLASIFICACI\u00d3N<br \/>\nCircunstancias Agravantes Fundadas en Aspectos Personales<br \/>\nCircunstancias Agravantes Fundadas en Aspectos Materiales<br \/>\nCircunstancias Agravantes Mixtas<br \/>\n\u00a7 5. CIRCUNSTANCIA MIXTA: EL PARENTESCO<\/p>\n<p><strong>TERCERA PARTE<\/strong><br \/>\n<strong>LAS MEDIDAS DE SEGURIDAD\u00a0 CORRECCI\u00d3N<\/strong><\/p>\n<p>\u00a7 1. CONSIDERACIONES PRELIMINARES<br \/>\n\u00a7 2. CONCEPTO, ORIGEN Y EVOLUCI\u00d3N HIST\u00d3RICA<br \/>\nConcepto de Peligrosidad y Medida de Seguridad<br \/>\nOrigen y Evoluci\u00f3n Hist\u00f3rica<br \/>\n\u00a7 3. FUNDAMENTO Y FINES DE LAS MEDIDAS DE SEGURIDAD Y CORRECCI\u00d3N<br \/>\nSistema Monista y Sistema Dualista<br \/>\nTeor\u00edas Fundamentadotas de las Medidas de Seguridad<br \/>\nLa Crisis de la Doble V\u00eda \u00bfRetorno al Monismo?<br \/>\nToma de Postura<br \/>\n\u00a7 4. CLASIFICACI\u00d3N DE LAS MEDIDAS DE SEGURIDAD Y CORRECCI\u00d3N<br \/>\nSeg\u00fan se Impongan Antes o Despu\u00e9s de la Realizaci\u00f3n de un Hecho Delictivo:\u00a0<em>Medidas Predelictuales y Medidas Postdelictuales<br \/>\n<\/em>Seg\u00fan los Bienes o Derechos Afectados por la Medida de Seguridad:\u00a0<em>Medidas Privativas de Libertad, Restrictivas de Libertad y Restrictivas de Derechos<br \/>\n<\/em>Seg\u00fan su Finalidad:\u00a0<em>Medidas de Correcci\u00f3n y Medidas de Aseguramiento<\/em><br \/>\nSeg\u00fan su Funci\u00f3n en el Sistema de Sanciones:\u00a0<em>Medidas de Seguridad Complementarias a la<\/em>\u00a0Pena,\u00a0<em>Sustitutivas<\/em>\u00a0de la Pena o Impuestas\u00a0<em>en Lugar\u00a0<\/em>de la Pena<br \/>\nMedidas de Seguridad\u00a0<em>\u00danicas, Cumulativas o Alternativas<br \/>\n<\/em>\u00a7 5. MEDIDAS DE SEGURIDAD Y CORRECCI\u00d3N EN CHILE<br \/>\nIntroducci\u00f3n<br \/>\nConstituci\u00f3n Pol\u00edtica de la Rep\u00fablica y Medidas de Seguridad. Principios Rectores de las Medidas de Seguridad y Bases para el Sistema<br \/>\nMedidas de Seguridad y Correcci\u00f3n en Particular<br \/>\nAn\u00e1lisis Cr\u00edtico del R\u00e9gimen de Medidas de Seguridad y Correcci\u00f3n en la Legislaci\u00f3n Chilena<\/p>\n<p><strong>CUARTA PARTE<\/strong><br \/>\n<strong>LA EXTINCI\u00d3N DE LA RESPONSABILIDAD PENAL<\/strong><\/p>\n<p>\u00a7 1. GENERALIDADES<br \/>\nConcepto<br \/>\nFundamento de las Causales de Extinci\u00f3n de la Responsabilidad Penal<br \/>\nDiferencias Entre las Causales Extintivas y las Causales Eximentes de Responsabilidad Penal<br \/>\nNaturaleza Jur\u00eddica de las Causales de Extinci\u00f3n de la Responsabilidad Penal<br \/>\nCaracter\u00edsticas de las Causales de Extinci\u00f3n de Responsabilidad Penal<br \/>\nConcurso de Causales de Extinci\u00f3n de Responsabilidad Penal<br \/>\n\u00a7 2. LAS CAUSALES DE EXTINCI\u00d3N DE LA RESPONSABILIDAD PENAL<br \/>\nCausales de Extinci\u00f3n de Responsabilidad Penal Propias<br \/>\nCausales de Extinci\u00f3n de Responsabilidad Penal Impropias<br \/>\nCausales de Extinci\u00f3n de Responsabilidad Penal Mixtas<br \/>\nOtras Causales de Extinci\u00f3n de Responsabilidad Penal<\/p>\n<p><strong>QUINTA PARTE<\/strong><br \/>\n<strong>LA RESPONSABILIDAD CIVIL PROVENIENTE DEL DELITO<\/strong><\/p>\n<p>\u00a7 1. GENERALIDADES. RESPONSABILIDAD CIVIL Y PENAL. LA NATURALEZA JUR\u00cdDICA DE LA RESPONSABILIDAD CIVIL PROVENIENTE DEL DELITO<br \/>\n\u00a7 2. CONTENIDO DE LA RESPONSABILIDAD CIVIL PROVENIENTE DEL DELITO<br \/>\n\u00a7 3. PERSONAS OBLIGADAS A LA REPARACI\u00d3N CIVIL<br \/>\n\u00a7 4. EFECTOS DE LAS EXIMENTES DE RESPONSABILIDAD PENAL CON RELACI\u00d3N A LA RESPONSABILIDAD CIVIL<br \/>\n\u00a7 5. PRESCRIPCI\u00d3N DE LA RESPONSABILIDAD CIVIL PROVENIENTE DEL DELITO<\/p>\n<p><strong>SEXTA PARTE<\/strong><br \/>\n<strong>LA REHABILITACI\u00d3N<\/strong><\/p>\n<p>\u00a7 1. REHABILITACI\u00d3N Y REINSERCI\u00d3N SOCIAL<br \/>\nGeneralidades<br \/>\nAportes del Texto Constitucional Espa\u00f1ol Acerca de la Orientaci\u00f3n Resocializadora de la Pena<br \/>\n\u00a7 2. SOBRE EL CONTENIDO Y SIGNIFICADO LEGAL DE LA REHABILITACI\u00d3N<br \/>\n\u00a7 3. EL CONDENADO FRENTE A LA REHABILITACI\u00d3N: DERECHO O DEBER<br \/>\n\u00a7 4. LA LEGISLACI\u00d3N PENAL CHILENA FRENTE A LA REHABILITACI\u00d3N<br \/>\nInstrumentos Aplicados por la Legislaci\u00f3n Chilena para la Rehabilitaci\u00f3n y Reinserci\u00f3n Social de los Condenados<br \/>\nResultados de la Aplicaci\u00f3n de los Instrumentos de Rehabilitaci\u00f3n y Reinserci\u00f3n Social. Fracaso Relativo del Paradigma Preventivo Especial<br \/>\nBIBLIOGRAF\u00cdA<\/p>\n","protected":false},"excerpt":{"rendered":"<p>Este libro analiza en forma detenida la pena como efecto natural del delito, su concepto, fines y los diversos problemas que plantea su aplicaci\u00f3n, considerando la ley vigente debidamente complementada por la doctrina y la jurisprudencia. En primer lugar, se hace una completa descripci\u00f3n de la teor\u00eda de la pena, una s\u00edntesis de la pol\u00e9mica -nunca resuelta- sobre la funci\u00f3n de la pena en un Estado democr\u00e1tico; su relaci\u00f3n con los principios fundamentales del Derecho Penal y su vinculaci\u00f3n con las sanciones administrativas; la clasificaci\u00f3n de las penas, su naturaleza, efectos y ejecuci\u00f3n, as\u00ed como los problemas que plantea su quebrantamiento. Se trata con especial detenci\u00f3n la determinaci\u00f3n de las penas, tanto en el \u00e1mbito te\u00f3rico como pr\u00e1ctico y el an\u00e1lisis de los concursos de delitos. La segunda parte est\u00e1 destinada al estudio de las circunstancias modificatorias de responsabilidad penal, agravantes, atenuantes y circunstancias mixtas, tanto desde el punto de vista de su contenido sustancial como en cuanto a su incidencia en la determinaci\u00f3n de la pena. Se abordan con detalle las medidas de seguridad y correcci\u00f3n, sus fundamentos y fines, su clasificaci\u00f3n y su incorporaci\u00f3n en nuestra legislaci\u00f3n vigente: se trata de un aspecto de nuestro r\u00e9gimen de sanciones que ordinariamente ha sido tratado de manera muy escueta. Adem\u00e1s, se desarrollan las causales de extinci\u00f3n de responsabilidad penal, para terminar con la revisi\u00f3n de la responsabilidad civil proveniente del delito y su concreta regulaci\u00f3n en la ley chilena, as\u00ed como la rehabilitaci\u00f3n y la reinserci\u00f3n social como una de las orientaciones b\u00e1sicas de la pena. Los autores aportan en esta obra no solo un estudio completo de la pena y las medidas de seguridad, sus efectos y problemas afines, sino adem\u00e1s su vasta experiencia como profesores de Derecho Penal y abogados litigantes en dicho \u00e1mbito, lo que permite que se enfoquen los diversos temas con una mirada que, sin dejar de lado los aspectos te\u00f3ricos y t\u00e9cnicos, se vea robustecida por una visi\u00f3n pr\u00e1ctica. Como se se\u00f1ala en el pr\u00f3logo, esta obra es el fruto de una madura reflexi\u00f3n a trav\u00e9s de muchos a\u00f1os de actividad acad\u00e9mica y constituye un aporte significativo para la doctrina jur\u00eddica nacional y un referente \u00fatil para jueces, profesores, abogados y alumnos. PRIMERA PARTE LA TEOR\u00cdA DE LA PENA \u00a7 1. SISTEMA PENAL, PENA Y CONTROL SOCIAL \u00a7 2. CONCEPTO JUR\u00cdDICO DE PENA \u00a7 3. LOS FINES DE LA PENA Teor\u00edas Absolutas. La Retribuci\u00f3n Teor\u00edas Relativas. La Prevenci\u00f3n Teor\u00edas Integradoras Los Fines de la Pena en la Doctrina y el Ordenamiento Jur\u00eddico Chileno Toma de Postura \u00a7 4. LA PENA Y LOS PRINCIPIOS FUNDAMENTALES DEL DERECHO PENAL Principio de Legalidad Principio de Culpabilidad Principio de m\u00ednima Intervenci\u00f3n Principio de Oportunidad Principio de Improcedencia de Penas Inhumanas o Degradantes Principio de Exclusiva Protecci\u00f3n de Bienes Jur\u00eddicos Principio de Proporcionalidad Principio de Resocializaci\u00f3n Principio de Igualdad Principio de Personalidad de las Penas Principio\u00a0Non Bis in Idem \u00a7 5. LA PENA Y LAS SANCIONES ADMINISTRATIVAS Planteamiento del Problema Relaci\u00f3n entre el Il\u00edcito Penal y el Il\u00edcito Administrativo El Problema del Il\u00edcito Administrativo en el Contexto de la Expansi\u00f3n del Derecho Penal Realidad Dogm\u00e1tica Chilena La Pr\u00e1ctica Chilena Frente a las Antinomias entre el Il\u00edcito Penal y el Il\u00edcito Administrativo \u00a7 6. CARACTER\u00cdSTICAS DEL SISTEMA PUNITIVO CHILENO \u00a7 7. CLASIFICACI\u00d3N DE LAS PENAS De Acuerdo a su Gravedad De Acuerdo a su Aflictividad De Acuerdo a su Divisibilidad De Acuerdo a la Forma en C\u00f3mo Concurren De Acuerdo a su Autonom\u00eda De Acuerdo a su Naturaleza \u00a7 8. NATURALEZA, EFECTOS Y EJECUCI\u00d3N DE LAS PENAS Penas Corporales Penas Privativas de Libertad Penas Restrictivas de la Libertad Penas Privativas o Restrictivas de Otros Derechos Penas Pecuniarias \u00a79. EL QUEBRANTAMIENTO DE LAS CONDENAS Y EL DELINQUIMIENTO DURANTE LA CONDENA O EL QUEBRANTAMIENTO \u00a710. LA DETERMINACI\u00d3N DE LAS PENAS Consideraciones Preliminares Incidencia de las Teor\u00edas sobre los Fines de la Pena en la Determinaci\u00f3n de la Pena Reglas Generales para la Determinaci\u00f3n Judicial de las Penas Reglas Espec\u00edficas para la Determinaci\u00f3n Judicial de la Pena Reglas Especiales de Determinaci\u00f3n de las Penas SEGUNDA PARTE LAS CIRCUNSTANCIAS MODIFICATORIAS DE LA RESPONSABILIDAD PENAL \u00a7 1. GENERALIDADES \u00a7 2. CARACTER\u00cdSTICAS DE LAS CIRCUNSTANCIAS MODIFICATORIAS \u00a7 3. LAS CIRCUNSTANCIAS ATENUANTES Circunstancias Atenuantes y Fines de la Pena Clasificaci\u00f3n \u00a7 4. LAS CIRCUNTANCIAS AGRAVANTES. CLASIFICACI\u00d3N Circunstancias Agravantes Fundadas en Aspectos Personales Circunstancias Agravantes Fundadas en Aspectos Materiales Circunstancias Agravantes Mixtas \u00a7 5. CIRCUNSTANCIA MIXTA: EL PARENTESCO TERCERA PARTE LAS MEDIDAS DE SEGURIDAD\u00a0 CORRECCI\u00d3N \u00a7 1. CONSIDERACIONES PRELIMINARES \u00a7 2. CONCEPTO, ORIGEN Y EVOLUCI\u00d3N HIST\u00d3RICA Concepto de Peligrosidad y Medida de Seguridad Origen y Evoluci\u00f3n Hist\u00f3rica \u00a7 3. FUNDAMENTO Y FINES DE LAS MEDIDAS DE SEGURIDAD Y CORRECCI\u00d3N Sistema Monista y Sistema Dualista Teor\u00edas Fundamentadotas de las Medidas de Seguridad La Crisis de la Doble V\u00eda \u00bfRetorno al Monismo? Toma de Postura \u00a7 4. CLASIFICACI\u00d3N DE LAS MEDIDAS DE SEGURIDAD Y CORRECCI\u00d3N Seg\u00fan se Impongan Antes o Despu\u00e9s de la Realizaci\u00f3n de un Hecho Delictivo:\u00a0Medidas Predelictuales y Medidas Postdelictuales Seg\u00fan los Bienes o Derechos Afectados por la Medida de Seguridad:\u00a0Medidas Privativas de Libertad, Restrictivas de Libertad y Restrictivas de Derechos Seg\u00fan su Finalidad:\u00a0Medidas de Correcci\u00f3n y Medidas de Aseguramiento Seg\u00fan su Funci\u00f3n en el Sistema de Sanciones:\u00a0Medidas de Seguridad Complementarias a la\u00a0Pena,\u00a0Sustitutivas\u00a0de la Pena o Impuestas\u00a0en Lugar\u00a0de la Pena Medidas de Seguridad\u00a0\u00danicas, Cumulativas o Alternativas \u00a7 5. MEDIDAS DE SEGURIDAD Y CORRECCI\u00d3N EN CHILE Introducci\u00f3n Constituci\u00f3n Pol\u00edtica de la Rep\u00fablica y Medidas de Seguridad. Principios Rectores de las Medidas de Seguridad y Bases para el Sistema Medidas de Seguridad y Correcci\u00f3n en Particular An\u00e1lisis Cr\u00edtico del R\u00e9gimen de Medidas de Seguridad y Correcci\u00f3n en la Legislaci\u00f3n Chilena CUARTA PARTE LA EXTINCI\u00d3N DE LA RESPONSABILIDAD PENAL \u00a7 1. GENERALIDADES Concepto Fundamento de las Causales de Extinci\u00f3n de la Responsabilidad Penal Diferencias Entre las Causales Extintivas y las Causales Eximentes de Responsabilidad Penal Naturaleza Jur\u00eddica de las Causales de Extinci\u00f3n de la Responsabilidad Penal Caracter\u00edsticas de las Causales de Extinci\u00f3n de Responsabilidad Penal Concurso de Causales de Extinci\u00f3n de Responsabilidad Penal \u00a7 2. LAS CAUSALES DE EXTINCI\u00d3N DE<\/p>\n","protected":false},"featured_media":2784,"comment_status":"open","ping_status":"closed","template":"","meta":{"inline_featured_image":false,"_joinchat":[]},"product_brand":[],"product_cat":[57,30],"product_tag":[],"class_list":{"0":"post-2754","1":"product","2":"type-product","3":"status-publish","4":"has-post-thumbnail","6":"product_cat-editorial-juridica-de-chile","7":"product_cat-penal","8":"product_shipping_class-a-convenir","10":"first","11":"instock","12":"shipping-taxable","13":"purchasable","14":"product-type-simple"},"_links":{"self":[{"href":"https:\/\/bibliotecajuridicavirtual.cl\/index.php\/wp-json\/wp\/v2\/product\/2754","targetHints":{"allow":["GET"]}}],"collection":[{"href":"https:\/\/bibliotecajuridicavirtual.cl\/index.php\/wp-json\/wp\/v2\/product"}],"about":[{"href":"https:\/\/bibliotecajuridicavirtual.cl\/index.php\/wp-json\/wp\/v2\/types\/product"}],"replies":[{"embeddable":true,"href":"https:\/\/bibliotecajuridicavirtual.cl\/index.php\/wp-json\/wp\/v2\/comments?post=2754"}],"wp:featuredmedia":[{"embeddable":true,"href":"https:\/\/bibliotecajuridicavirtual.cl\/index.php\/wp-json\/wp\/v2\/media\/2784"}],"wp:attachment":[{"href":"https:\/\/bibliotecajuridicavirtual.cl\/index.php\/wp-json\/wp\/v2\/media?parent=2754"}],"wp:term":[{"taxonomy":"product_brand","embeddable":true,"href":"https:\/\/bibliotecajuridicavirtual.cl\/index.php\/wp-json\/wp\/v2\/product_brand?post=2754"},{"taxonomy":"product_cat","embeddable":true,"href":"https:\/\/bibliotecajuridicavirtual.cl\/index.php\/wp-json\/wp\/v2\/product_cat?post=2754"},{"taxonomy":"product_tag","embeddable":true,"href":"https:\/\/bibliotecajuridicavirtual.cl\/index.php\/wp-json\/wp\/v2\/product_tag?post=2754"}],"curies":[{"name":"wp","href":"https:\/\/api.w.org\/{rel}","templated":true}]}}