{"id":2794,"date":"2026-02-28T01:05:46","date_gmt":"2026-02-28T04:05:46","guid":{"rendered":"https:\/\/bibliotecajuridicavirtual.cl\/?post_type=product&#038;p=2794"},"modified":"2026-02-28T01:06:23","modified_gmt":"2026-02-28T04:06:23","slug":"temas-actuales-sobre-consumo-inteligencia-artificial-plataformas-digitales-y-neuroderechos-ano-2023-216-pag-autor-maria-isabel-cornejo-plaza-erika-isler-soto","status":"publish","type":"product","link":"https:\/\/bibliotecajuridicavirtual.cl\/index.php\/product\/temas-actuales-sobre-consumo-inteligencia-artificial-plataformas-digitales-y-neuroderechos-ano-2023-216-pag-autor-maria-isabel-cornejo-plaza-erika-isler-soto\/","title":{"rendered":"Temas Actuales sobre consumo, inteligencia artificial, plataformas digitales y Neuroderechos. A\u00f1o 2023 \/ 216 P\u00e1g. Autor Mar\u00eda Isabel Cornejo Plaza &#8211; Erika Isler Soto"},"content":{"rendered":"<p style=\"font-weight: 400;\">Los an\u00e1lisis y las reflexiones vertidas en esta obra surgen a partir del Ciclo Derecho y Nuevas Tecnolog\u00edas, organizado en el a\u00f1o 2022, por acad\u00e9micas e investigadoras del Instituto de Investigaci\u00f3n en Derecho de la Universidad Aut\u00f3noma de Chile, y de la Universidad Carlos III de Madrid. La motivaci\u00f3n que dio origen a estas actividades radic\u00f3 en la intenci\u00f3n de ofrecer a la comunidad jur\u00eddica, una resumida muestra de los debates y desaf\u00edos que se presentan para el Derecho en un escenario hiper digitalizado y tecnol\u00f3gico que incide en diversos aspectos de la vida en sociedad, como pueden ser, la inteligencia artificial, los neuroderechos y neurotecnolog\u00edas, los datos personales, las plataformas digitales y el consumo de masas.<\/p>\n<p style=\"font-weight: 400;\">Con todo, el texto se compone de 12 cap\u00edtulos, enmarcados a su vez dentro de dos principales ejes tem\u00e1ticos, cuales son los Neuroderechos, y la Inteligencia Artificial y el Derecho del Consumo.<\/p>\n<p style=\"font-weight: 400;\">\n<p style=\"font-weight: 400;\"><b><strong>CONTRATO SOCIAL Y CIBERESPACIO<\/strong><\/b><br \/>\nCarlos Amun\u00e1tegui Perell\u00f3<\/p>\n<ol>\n<li style=\"font-weight: 400;\">Introducci\u00f3n<\/li>\n<li style=\"font-weight: 400;\">Las Teor\u00edas Contractualistas del Estado<\/li>\n<\/ol>\n<p style=\"font-weight: 400;\">III. El Contrato en los Ambientes Virtuales<br \/>\nIII.1 Apariencias contractuales<br \/>\nIII.2 Derechos fundamentales en ambientes virtuales<\/p>\n<p style=\"font-weight: 400;\"><b><strong>APROXIMACI\u00d3N A LA NECESIDAD DE UN DI\u00c1LOGO INTERDISCIPLINARIO QUE ANTECEDA LA REGULACI\u00d3N DE LAS NEUROTECNOLOG\u00cdAS.UNA MIRADA DESDE EL DERECHO<\/strong><\/b><br \/>\nMiquel Juli\u00e0-Pijoan<\/p>\n<ol>\n<li style=\"font-weight: 400;\">Introducci\u00f3n: la expansi\u00f3n de las neurotecnolog\u00edas como presupuesto de los neuroderechos<\/li>\n<li style=\"font-weight: 400;\">Un porqu\u00e9 a la importancia de la interdisciplinariedad en el debate de las neurotecnolog\u00edas<\/li>\n<li style=\"font-weight: 400;\">La interpretaci\u00f3n divergente sobre la lectura de la mente efectuada por el derecho<br \/>\n3.1. La necesidad de determinar el objeto de la lectura<br \/>\n3.2. La necesidad de definir en qu\u00e9 consiste la lectura<\/li>\n<li style=\"font-weight: 400;\">Conclusiones<\/li>\n<\/ol>\n<p style=\"font-weight: 400;\">\n<b><strong>EL \u201cNONSENSE\u201d DE NEURORIGHTS INITIATIVE. CURIOSA INVITACI\u00d3N A LA DISCUSI\u00d3N ACAD\u00c9MICA<\/strong><\/b><br \/>\n<em>The \u201cnonsense\u201d of the Neurorights Initiative. Curious invitation to academic discusi\u00f3n<\/em><br \/>\nJos\u00e9 \u00c1ngel Marinaro<\/p>\n<ol>\n<li style=\"font-weight: 400;\">Bublitz ya lo hizo<br \/>\n2. Apasionamientos e indulgencias<br \/>\n3. Listado de anotaciones<br \/>\n4. Las cr\u00edticas por falta de sustento te\u00f3rico<br \/>\n5. Observaciones en las notas<br \/>\n6. Algunas conclusiones<\/li>\n<\/ol>\n<p style=\"font-weight: 400;\">\n<b><strong>DANDO SENTIDO A LOS NEURODERECHOS: RECONCEPTUALIZACI\u00d3N Y NEUROGARANT\u00cdAS<\/strong><\/b><br \/>\nJos\u00e9 Manuel Mu\u00f1oz \/ Ana Mar\u00eda Bezerra<\/p>\n<p style=\"font-weight: 400;\">(I) Introducci\u00f3n<br \/>\n(II) Neuroderechos: definici\u00f3n y enumeraci\u00f3n<br \/>\n(III) Situaci\u00f3n regulatoria actual<br \/>\n(IV) \u00bfCarecen de sentido los neuroderechos? Cr\u00edticas a su formulaci\u00f3n<br \/>\n(V) Reconceptualizar para dar sentido<br \/>\n(VI) \u00bfNeuroderechos o \u201cneurogarant\u00edas\u201d?<br \/>\n(VII) Observaciones finales<br \/>\n(VIII) Bibliograf\u00eda<br \/>\n(IX) Normas citadas<\/p>\n<p style=\"font-weight: 400;\">\n<b><strong>LOS NEURODATOS Y SU PROTECCI\u00d3N CONSTITUCIONAL. EL CASO DE CHILE<\/strong><\/b><br \/>\nMar\u00eda Isabel Cornejo Plaza<\/p>\n<ol>\n<li style=\"font-weight: 400;\">Datos Biom\u00e9tricos. Recogida de datos biom\u00e9tricos, neurodatos, datos gen\u00f3micos\n<p>2. Los Neurodatos. Concepto, Caracter\u00edsticas, Diversos Proyectos de Ley<br \/>\n2.2. Desaf\u00edos de los usos de neurodatos<\/li>\n<li style=\"font-weight: 400;\">La Reforma Constitucional Chilena de Neuroderechos y su influencia en la reconfiguraci\u00f3n del escenario de protecci\u00f3n de datos personales<\/li>\n<\/ol>\n<p style=\"font-weight: 400;\">\n<b><strong>INCIDENCIA DEL DESARROLLO TECNOL\u00d3GICO EN LA REDEFINICI\u00d3N DEL CONTENIDO Y ALCANCE DEL DERECHO A LA IDENTIDAD<\/strong><\/b><br \/>\nJes\u00fas Armando Mart\u00ednez G\u00f3mez<\/p>\n<ol>\n<li style=\"font-weight: 400;\">Derecho a la identidad en sede de Derechos Humanos<\/li>\n<li style=\"font-weight: 400;\">El derecho a la identidad y los retos jur\u00eddicos del desarrollo tecnol\u00f3gico<br \/>\n2.1. Derecho a la identidad y reasignaci\u00f3n de sexo o g\u00e9nero<br \/>\n2.2. Derecho a la identidad y desarrollo de las TIC y la Internet<br \/>\n2.3. Derecho a la identidad y desarrollo de las neurotecnolog\u00edas<\/li>\n<\/ol>\n<p style=\"font-weight: 400;\">\n<b><strong>CHATGPT A LA PRUEBA DEL DERECHO DE LA UNI\u00d3N EUROPEA: PROTECCI\u00d3N DE DATOS PERSONALES Y OTRAS CUESTIONES \u00c9TICO-JUR\u00cdDICAS<\/strong><\/b><br \/>\nRoberto Cippitani \/ Laura Castrogiovanni<\/p>\n<ol>\n<li style=\"font-weight: 400;\">Los chatbot como sistemas de inteligencia artificial<br \/>\n2. ChatGPT y disciplina de protecci\u00f3n de los datos personales<br \/>\n3. Inexactitud de los resultados<br \/>\n4. Otras cuestiones que pueden derivar del uso de ChatGPT<br \/>\n5. Conclusiones<\/li>\n<\/ol>\n<p style=\"font-weight: 400;\">Documentos de las Instituciones de la Uni\u00f3n Europea<br \/>\nDisposiciones normativas citadas<\/p>\n<p style=\"font-weight: 400;\">\n<b><strong>DERECHO DE DA\u00d1OS E INTELIGENCIA ARTIFICIAL: HACIA UNA POSIBLE REGULACI\u00d3N EN LA UE<\/strong><\/b><br \/>\nMar\u00eda Jos\u00e9 Santos Mor\u00f3n<\/p>\n<ol>\n<li style=\"font-weight: 400;\">Introducci\u00f3n<br \/>\n2. L\u00edneas b\u00e1sicas para una futura regulaci\u00f3n<br \/>\n3. Recapitulaci\u00f3n<\/li>\n<\/ol>\n<p style=\"font-weight: 400;\">\n<b><strong>PLANES NACIONALES DE DESARROLLO E INTELIGENCIA ARTIFICIAL: IDEAS PARA COADYUVAR A SU MACRO IMPLEMENTACI\u00d3N EN PRO DEL PROCESO DE MERCADO<\/strong><\/b><br \/>\nRub\u00e9n M\u00e9ndez Re\u00e1tegui<\/p>\n<ol>\n<li style=\"font-weight: 400;\">Introducci\u00f3n\n<p>II. Lineamientos del Plan Estrat\u00e9gico o de Acci\u00f3n (2019-2022) de la SIC<br \/>\nII. 1 Plan Nacional de Desarrollo 2018 &#8211; 2022 \u201cPacto por Colombia. Pacto por la Equidad\u201d<\/p>\n<p>III. Costos y Beneficios. L\u00edmites para un sistema est\u00e1tico que debe solucionar y responder a la necesidad de un sistema din\u00e1mico (la complejidad)<\/p>\n<p>IV. Plan Nacional de Desarrollo e Inteligencia Artificial<\/p>\n<p>V. Conclusiones<\/li>\n<\/ol>\n<p style=\"font-weight: 400;\">\n<b><strong>CAMBIO DE HORIZONTAL A VERTICAL: EL DILEMA DE LA RESPONSABILIDAD DE LOS INTERMEDIARIOS DE INTERCAMBIO DE CONTENIDOS PROTEGIDOS EN EL DERECHO EUROPEO<\/strong><\/b><br \/>\nSara Mart\u00edn Salamanca<\/p>\n<ol>\n<li style=\"font-weight: 400;\">Introducci\u00f3n<br \/>\n2. El sistema de la Directiva 2000\/31 sobre el comercio electr\u00f3nico<br \/>\n3. Brechas del sistema<br \/>\n4. El sistema de la Directiva 2019\/790 sobre los derechos de autor y derechos afines en el mercado \u00fanico digital<br \/>\n5. Ep\u00edlogo y contraste: una coda jurisprudencial para la reflexi\u00f3n<\/li>\n<\/ol>\n<p style=\"font-weight: 400;\">\n<b><strong>PLATAFORMAS DIGITALES Y RELACI\u00d3N DE CONSUMO EN CHILE: UN DESAF\u00cdO ACTUAL<\/strong><\/b><br \/>\nErika Isler Soto<\/p>\n<ol>\n<li style=\"font-weight: 400;\">Las plataformas tecnol\u00f3gicas<br \/>\n2. La responsabilidad directa de la plataforma tecnol\u00f3gica por sus propios actos<br \/>\n3. La responsabilidad directa de la plataforma tecnol\u00f3gica por los incumplimientos del proveedor-deudor de la prestaci\u00f3n principal<\/li>\n<\/ol>\n<p style=\"font-weight: 400;\"><b><strong>DERECHO DE CONSUMO Y NUEVAS TECNOLOG\u00cdAS<\/strong><\/b><br \/>\nYolanda Bergel Sainz de Baranda<\/p>\n<p style=\"font-weight: 400;\">Novedades legislativas en Espa\u00f1a<\/p>\n<ol>\n<li style=\"font-weight: 400;\">Introducci\u00f3n<\/li>\n<li style=\"font-weight: 400;\">Modificaci\u00f3n de la ley de consumidores y usuarios. Aspectos destacados<br \/>\n2.1. \u00c1mbito de aplicaci\u00f3n de los contratos de consumo<br \/>\n2.2. Informaci\u00f3n precontractual<br \/>\n2.3. Derecho de desistimiento<br \/>\n2.4. R\u00e9gimen de conformidad de los contenidos y servicios digitales<br \/>\n2.5. Modificaci\u00f3n de los contenidos y servicios digitales<\/li>\n<\/ol>\n","protected":false},"excerpt":{"rendered":"<p>Los an\u00e1lisis y las reflexiones vertidas en esta obra surgen a partir del Ciclo Derecho y Nuevas Tecnolog\u00edas, organizado en el a\u00f1o 2022, por acad\u00e9micas e investigadoras del Instituto de Investigaci\u00f3n en Derecho de la Universidad Aut\u00f3noma de Chile, y de la Universidad Carlos III de Madrid. La motivaci\u00f3n que dio origen a estas actividades radic\u00f3 en la intenci\u00f3n de ofrecer a la comunidad jur\u00eddica, una resumida muestra de los debates y desaf\u00edos que se presentan para el Derecho en un escenario hiper digitalizado y tecnol\u00f3gico que incide en diversos aspectos de la vida en sociedad, como pueden ser, la inteligencia artificial, los neuroderechos y neurotecnolog\u00edas, los datos personales, las plataformas digitales y el consumo de masas. Con todo, el texto se compone de 12 cap\u00edtulos, enmarcados a su vez dentro de dos principales ejes tem\u00e1ticos, cuales son los Neuroderechos, y la Inteligencia Artificial y el Derecho del Consumo. CONTRATO SOCIAL Y CIBERESPACIO Carlos Amun\u00e1tegui Perell\u00f3 Introducci\u00f3n Las Teor\u00edas Contractualistas del Estado III. El Contrato en los Ambientes Virtuales III.1 Apariencias contractuales III.2 Derechos fundamentales en ambientes virtuales APROXIMACI\u00d3N A LA NECESIDAD DE UN DI\u00c1LOGO INTERDISCIPLINARIO QUE ANTECEDA LA REGULACI\u00d3N DE LAS NEUROTECNOLOG\u00cdAS.UNA MIRADA DESDE EL DERECHO Miquel Juli\u00e0-Pijoan Introducci\u00f3n: la expansi\u00f3n de las neurotecnolog\u00edas como presupuesto de los neuroderechos Un porqu\u00e9 a la importancia de la interdisciplinariedad en el debate de las neurotecnolog\u00edas La interpretaci\u00f3n divergente sobre la lectura de la mente efectuada por el derecho 3.1. La necesidad de determinar el objeto de la lectura 3.2. La necesidad de definir en qu\u00e9 consiste la lectura Conclusiones EL \u201cNONSENSE\u201d DE NEURORIGHTS INITIATIVE. CURIOSA INVITACI\u00d3N A LA DISCUSI\u00d3N ACAD\u00c9MICA The \u201cnonsense\u201d of the Neurorights Initiative. Curious invitation to academic discusi\u00f3n Jos\u00e9 \u00c1ngel Marinaro Bublitz ya lo hizo 2. Apasionamientos e indulgencias 3. Listado de anotaciones 4. Las cr\u00edticas por falta de sustento te\u00f3rico 5. Observaciones en las notas 6. Algunas conclusiones DANDO SENTIDO A LOS NEURODERECHOS: RECONCEPTUALIZACI\u00d3N Y NEUROGARANT\u00cdAS Jos\u00e9 Manuel Mu\u00f1oz \/ Ana Mar\u00eda Bezerra (I) Introducci\u00f3n (II) Neuroderechos: definici\u00f3n y enumeraci\u00f3n (III) Situaci\u00f3n regulatoria actual (IV) \u00bfCarecen de sentido los neuroderechos? Cr\u00edticas a su formulaci\u00f3n (V) Reconceptualizar para dar sentido (VI) \u00bfNeuroderechos o \u201cneurogarant\u00edas\u201d? (VII) Observaciones finales (VIII) Bibliograf\u00eda (IX) Normas citadas LOS NEURODATOS Y SU PROTECCI\u00d3N CONSTITUCIONAL. EL CASO DE CHILE Mar\u00eda Isabel Cornejo Plaza Datos Biom\u00e9tricos. Recogida de datos biom\u00e9tricos, neurodatos, datos gen\u00f3micos 2. Los Neurodatos. Concepto, Caracter\u00edsticas, Diversos Proyectos de Ley 2.2. Desaf\u00edos de los usos de neurodatos La Reforma Constitucional Chilena de Neuroderechos y su influencia en la reconfiguraci\u00f3n del escenario de protecci\u00f3n de datos personales INCIDENCIA DEL DESARROLLO TECNOL\u00d3GICO EN LA REDEFINICI\u00d3N DEL CONTENIDO Y ALCANCE DEL DERECHO A LA IDENTIDAD Jes\u00fas Armando Mart\u00ednez G\u00f3mez Derecho a la identidad en sede de Derechos Humanos El derecho a la identidad y los retos jur\u00eddicos del desarrollo tecnol\u00f3gico 2.1. Derecho a la identidad y reasignaci\u00f3n de sexo o g\u00e9nero 2.2. Derecho a la identidad y desarrollo de las TIC y la Internet 2.3. Derecho a la identidad y desarrollo de las neurotecnolog\u00edas CHATGPT A LA PRUEBA DEL DERECHO DE LA UNI\u00d3N EUROPEA: PROTECCI\u00d3N DE DATOS PERSONALES Y OTRAS CUESTIONES \u00c9TICO-JUR\u00cdDICAS Roberto Cippitani \/ Laura Castrogiovanni Los chatbot como sistemas de inteligencia artificial 2. ChatGPT y disciplina de protecci\u00f3n de los datos personales 3. Inexactitud de los resultados 4. Otras cuestiones que pueden derivar del uso de ChatGPT 5. Conclusiones Documentos de las Instituciones de la Uni\u00f3n Europea Disposiciones normativas citadas DERECHO DE DA\u00d1OS E INTELIGENCIA ARTIFICIAL: HACIA UNA POSIBLE REGULACI\u00d3N EN LA UE Mar\u00eda Jos\u00e9 Santos Mor\u00f3n Introducci\u00f3n 2. L\u00edneas b\u00e1sicas para una futura regulaci\u00f3n 3. Recapitulaci\u00f3n PLANES NACIONALES DE DESARROLLO E INTELIGENCIA ARTIFICIAL: IDEAS PARA COADYUVAR A SU MACRO IMPLEMENTACI\u00d3N EN PRO DEL PROCESO DE MERCADO Rub\u00e9n M\u00e9ndez Re\u00e1tegui Introducci\u00f3n II. Lineamientos del Plan Estrat\u00e9gico o de Acci\u00f3n (2019-2022) de la SIC II. 1 Plan Nacional de Desarrollo 2018 &#8211; 2022 \u201cPacto por Colombia. Pacto por la Equidad\u201d III. Costos y Beneficios. L\u00edmites para un sistema est\u00e1tico que debe solucionar y responder a la necesidad de un sistema din\u00e1mico (la complejidad) IV. Plan Nacional de Desarrollo e Inteligencia Artificial V. Conclusiones CAMBIO DE HORIZONTAL A VERTICAL: EL DILEMA DE LA RESPONSABILIDAD DE LOS INTERMEDIARIOS DE INTERCAMBIO DE CONTENIDOS PROTEGIDOS EN EL DERECHO EUROPEO Sara Mart\u00edn Salamanca Introducci\u00f3n 2. El sistema de la Directiva 2000\/31 sobre el comercio electr\u00f3nico 3. Brechas del sistema 4. El sistema de la Directiva 2019\/790 sobre los derechos de autor y derechos afines en el mercado \u00fanico digital 5. Ep\u00edlogo y contraste: una coda jurisprudencial para la reflexi\u00f3n PLATAFORMAS DIGITALES Y RELACI\u00d3N DE CONSUMO EN CHILE: UN DESAF\u00cdO ACTUAL Erika Isler Soto Las plataformas tecnol\u00f3gicas 2. La responsabilidad directa de la plataforma tecnol\u00f3gica por sus propios actos 3. La responsabilidad directa de la plataforma tecnol\u00f3gica por los incumplimientos del proveedor-deudor de la prestaci\u00f3n principal DERECHO DE CONSUMO Y NUEVAS TECNOLOG\u00cdAS Yolanda Bergel Sainz de Baranda Novedades legislativas en Espa\u00f1a Introducci\u00f3n Modificaci\u00f3n de la ley de consumidores y usuarios. Aspectos destacados 2.1. \u00c1mbito de aplicaci\u00f3n de los contratos de consumo 2.2. Informaci\u00f3n precontractual 2.3. Derecho de desistimiento 2.4. R\u00e9gimen de conformidad de los contenidos y servicios digitales 2.5. Modificaci\u00f3n de los contenidos y servicios digitales<\/p>\n","protected":false},"featured_media":2839,"comment_status":"open","ping_status":"closed","template":"","meta":{"inline_featured_image":false,"_joinchat":[]},"product_brand":[],"product_cat":[27,58],"product_tag":[],"class_list":{"0":"post-2794","1":"product","2":"type-product","3":"status-publish","4":"has-post-thumbnail","6":"product_cat-civil","7":"product_cat-editorial-rubicon","8":"product_shipping_class-a-convenir","10":"first","11":"instock","12":"shipping-taxable","13":"purchasable","14":"product-type-simple"},"_links":{"self":[{"href":"https:\/\/bibliotecajuridicavirtual.cl\/index.php\/wp-json\/wp\/v2\/product\/2794","targetHints":{"allow":["GET"]}}],"collection":[{"href":"https:\/\/bibliotecajuridicavirtual.cl\/index.php\/wp-json\/wp\/v2\/product"}],"about":[{"href":"https:\/\/bibliotecajuridicavirtual.cl\/index.php\/wp-json\/wp\/v2\/types\/product"}],"replies":[{"embeddable":true,"href":"https:\/\/bibliotecajuridicavirtual.cl\/index.php\/wp-json\/wp\/v2\/comments?post=2794"}],"wp:featuredmedia":[{"embeddable":true,"href":"https:\/\/bibliotecajuridicavirtual.cl\/index.php\/wp-json\/wp\/v2\/media\/2839"}],"wp:attachment":[{"href":"https:\/\/bibliotecajuridicavirtual.cl\/index.php\/wp-json\/wp\/v2\/media?parent=2794"}],"wp:term":[{"taxonomy":"product_brand","embeddable":true,"href":"https:\/\/bibliotecajuridicavirtual.cl\/index.php\/wp-json\/wp\/v2\/product_brand?post=2794"},{"taxonomy":"product_cat","embeddable":true,"href":"https:\/\/bibliotecajuridicavirtual.cl\/index.php\/wp-json\/wp\/v2\/product_cat?post=2794"},{"taxonomy":"product_tag","embeddable":true,"href":"https:\/\/bibliotecajuridicavirtual.cl\/index.php\/wp-json\/wp\/v2\/product_tag?post=2794"}],"curies":[{"name":"wp","href":"https:\/\/api.w.org\/{rel}","templated":true}]}}