{"id":2796,"date":"2026-02-28T01:05:46","date_gmt":"2026-02-28T04:05:46","guid":{"rendered":"https:\/\/bibliotecajuridicavirtual.cl\/?post_type=product&#038;p=2796"},"modified":"2026-02-28T01:06:26","modified_gmt":"2026-02-28T04:06:26","slug":"nueva-institucionalidad-en-la-ejecucion-de-alimentos-ano-agosto-2023-196-pag-autor-macarena-vargas-pavez-paz-perez-ahumada","status":"publish","type":"product","link":"https:\/\/bibliotecajuridicavirtual.cl\/index.php\/product\/nueva-institucionalidad-en-la-ejecucion-de-alimentos-ano-agosto-2023-196-pag-autor-macarena-vargas-pavez-paz-perez-ahumada\/","title":{"rendered":"Nueva Institucionalidad en la Ejecucion de Alimentos. A\u00f1o Agosto 2023\/ 196 P\u00e1g. Autor  Macarena Vargas Pavez &#8211; Paz P\u00e9rez Ahumada"},"content":{"rendered":"<p style=\"font-weight: 400;\">El retiro del 10% de los fondos de pensiones y las numerosas solicitudes de retenci\u00f3n de dichos fondos pagar pensiones de alimentos incumplidas gatill\u00f3 la dictaci\u00f3n de dos cuerpos legales que modifica sustancialmente la cara de la justicia de familia en esta materia.<\/p>\n<p style=\"font-weight: 400;\">Se trata, por una parte, de la Ley N\u00b0 21.389, vigente desde noviembre de 2022, que crea el Registro Nacional de Deudores de Pensiones de Alimentos, la cual, entre otros aspectos, ampl\u00eda el cat\u00e1logo de medidas en contra de los deudores y busca agilizar la tramitaci\u00f3n del cumplimiento de los alimentos y, por otra, de la Ley N\u00b0 21.484 de Responsabilidad Parental y Pago Efectivo de Pensiones de Alimentos que, entre sus muchas innovaciones, otorga a los jueces facultades para investigar el patrimonio del deudor y proh\u00edbe la postulaci\u00f3n a cargos p\u00fablicos de quienes tengan una inscripci\u00f3n vigente en el registro antes mencionado.<\/p>\n<p style=\"font-weight: 400;\">Analizar los desaf\u00edos que la nueva institucionalidad en materia de ejecuci\u00f3n de alimentos trae consigo es el objetivo de esta obra.<\/p>\n<p style=\"font-weight: 400;\"><em><b><strong>La ejecuci\u00f3n de los alimentos como parte integrante del derecho a la tutela judicial efectiva<\/strong><\/b><\/em><br \/>\nMacarena Vargas Pavez<\/p>\n<p style=\"font-weight: 400;\"><em><b><strong>La ejecuci\u00f3n de alimentos desde la perspectiva de los derechos humanos<\/strong><\/b><\/em><br \/>\nPaz P\u00e9rez Ahumada<\/p>\n<p style=\"font-weight: 400;\"><em><b><strong>Derecho de alimentos de ni\u00f1os, ni\u00f1as y adolescentes a la luz de los principios fundamentales de la Convenci\u00f3n Internacional sobre Derechos del Ni\u00f1o<\/strong><\/b><\/em><br \/>\nEster Valenzuela Rivera<\/p>\n<p style=\"font-weight: 400;\"><em><b><strong>Cumplimiento de alimentos y Registro Nacional de Deudores. Aspectos penales de la ley. Una mirada desde el g\u00e9nero<\/strong><\/b><\/em><br \/>\nLidia Casas Becerra \u2013 Ymay Ortiz PulgarLidia Casas Becerra e Ymay Ortiz Pulgar<\/p>\n<p style=\"font-weight: 400;\"><em><b><strong>Modificaciones generales introducidas a la Ley No 14.908 por las Leyes Nos. 21.389 y 21.484<\/strong><\/b><\/em><br \/>\nEduardo Jara Castro<\/p>\n<p style=\"font-weight: 400;\"><em><b><strong>El registro nacional de deudores de pensiones de alimentos. Algunas reflexiones sobre su origen y proceso de implementaci\u00f3n<\/strong><\/b><\/em><br \/>\nJaviera Alzola Bendicho<\/p>\n<p style=\"font-weight: 400;\"><em><b><strong>La relaci\u00f3n entre gesti\u00f3n y jurisdicci\u00f3n: un primer intento de caracterizaci\u00f3n y problematizaci\u00f3n<\/strong><\/b><\/em><br \/>\nClaudio Fuentes Maureira \u2013 Ram\u00f3n Garc\u00eda Odgers \u2013 Paz P\u00e9rez Ahumada<\/p>\n","protected":false},"excerpt":{"rendered":"<p>El retiro del 10% de los fondos de pensiones y las numerosas solicitudes de retenci\u00f3n de dichos fondos pagar pensiones de alimentos incumplidas gatill\u00f3 la dictaci\u00f3n de dos cuerpos legales que modifica sustancialmente la cara de la justicia de familia en esta materia. Se trata, por una parte, de la Ley N\u00b0 21.389, vigente desde noviembre de 2022, que crea el Registro Nacional de Deudores de Pensiones de Alimentos, la cual, entre otros aspectos, ampl\u00eda el cat\u00e1logo de medidas en contra de los deudores y busca agilizar la tramitaci\u00f3n del cumplimiento de los alimentos y, por otra, de la Ley N\u00b0 21.484 de Responsabilidad Parental y Pago Efectivo de Pensiones de Alimentos que, entre sus muchas innovaciones, otorga a los jueces facultades para investigar el patrimonio del deudor y proh\u00edbe la postulaci\u00f3n a cargos p\u00fablicos de quienes tengan una inscripci\u00f3n vigente en el registro antes mencionado. Analizar los desaf\u00edos que la nueva institucionalidad en materia de ejecuci\u00f3n de alimentos trae consigo es el objetivo de esta obra. La ejecuci\u00f3n de los alimentos como parte integrante del derecho a la tutela judicial efectiva Macarena Vargas Pavez La ejecuci\u00f3n de alimentos desde la perspectiva de los derechos humanos Paz P\u00e9rez Ahumada Derecho de alimentos de ni\u00f1os, ni\u00f1as y adolescentes a la luz de los principios fundamentales de la Convenci\u00f3n Internacional sobre Derechos del Ni\u00f1o Ester Valenzuela Rivera Cumplimiento de alimentos y Registro Nacional de Deudores. Aspectos penales de la ley. Una mirada desde el g\u00e9nero Lidia Casas Becerra \u2013 Ymay Ortiz PulgarLidia Casas Becerra e Ymay Ortiz Pulgar Modificaciones generales introducidas a la Ley No 14.908 por las Leyes Nos. 21.389 y 21.484 Eduardo Jara Castro El registro nacional de deudores de pensiones de alimentos. Algunas reflexiones sobre su origen y proceso de implementaci\u00f3n Javiera Alzola Bendicho La relaci\u00f3n entre gesti\u00f3n y jurisdicci\u00f3n: un primer intento de caracterizaci\u00f3n y problematizaci\u00f3n Claudio Fuentes Maureira \u2013 Ram\u00f3n Garc\u00eda Odgers \u2013 Paz P\u00e9rez Ahumada<\/p>\n","protected":false},"featured_media":2841,"comment_status":"open","ping_status":"closed","template":"","meta":{"inline_featured_image":false,"_joinchat":[]},"product_brand":[],"product_cat":[29,42],"product_tag":[],"class_list":{"0":"post-2796","1":"product","2":"type-product","3":"status-publish","4":"has-post-thumbnail","6":"product_cat-familia-y-del-menor","7":"product_cat-thomson-reuters","8":"product_shipping_class-a-convenir","10":"first","11":"instock","12":"shipping-taxable","13":"purchasable","14":"product-type-simple"},"_links":{"self":[{"href":"https:\/\/bibliotecajuridicavirtual.cl\/index.php\/wp-json\/wp\/v2\/product\/2796","targetHints":{"allow":["GET"]}}],"collection":[{"href":"https:\/\/bibliotecajuridicavirtual.cl\/index.php\/wp-json\/wp\/v2\/product"}],"about":[{"href":"https:\/\/bibliotecajuridicavirtual.cl\/index.php\/wp-json\/wp\/v2\/types\/product"}],"replies":[{"embeddable":true,"href":"https:\/\/bibliotecajuridicavirtual.cl\/index.php\/wp-json\/wp\/v2\/comments?post=2796"}],"wp:featuredmedia":[{"embeddable":true,"href":"https:\/\/bibliotecajuridicavirtual.cl\/index.php\/wp-json\/wp\/v2\/media\/2841"}],"wp:attachment":[{"href":"https:\/\/bibliotecajuridicavirtual.cl\/index.php\/wp-json\/wp\/v2\/media?parent=2796"}],"wp:term":[{"taxonomy":"product_brand","embeddable":true,"href":"https:\/\/bibliotecajuridicavirtual.cl\/index.php\/wp-json\/wp\/v2\/product_brand?post=2796"},{"taxonomy":"product_cat","embeddable":true,"href":"https:\/\/bibliotecajuridicavirtual.cl\/index.php\/wp-json\/wp\/v2\/product_cat?post=2796"},{"taxonomy":"product_tag","embeddable":true,"href":"https:\/\/bibliotecajuridicavirtual.cl\/index.php\/wp-json\/wp\/v2\/product_tag?post=2796"}],"curies":[{"name":"wp","href":"https:\/\/api.w.org\/{rel}","templated":true}]}}