{"id":2829,"date":"2026-02-28T01:06:10","date_gmt":"2026-02-28T04:06:10","guid":{"rendered":"https:\/\/bibliotecajuridicavirtual.cl\/?post_type=product&#038;p=2829"},"modified":"2026-02-28T01:06:47","modified_gmt":"2026-02-28T04:06:47","slug":"la-jornada-de-trabajo-actualizado-con-la-reforma-de-la-ley-n-21-561-ano-agosto-2023-212-pag-autor-eduardo-caamano-rojo-veronica-munilla-espinoza-karla-varas-marchant","status":"publish","type":"product","link":"https:\/\/bibliotecajuridicavirtual.cl\/index.php\/product\/la-jornada-de-trabajo-actualizado-con-la-reforma-de-la-ley-n-21-561-ano-agosto-2023-212-pag-autor-eduardo-caamano-rojo-veronica-munilla-espinoza-karla-varas-marchant\/","title":{"rendered":"La Jornada de Trabajo &#8211; Actualizado con la Reforma de la Ley N 21.561. A\u00f1o Agosto 2023\/ 212 P\u00e1g. Autor Eduardo Caama\u00f1o Rojo &#8211; Ver\u00f3nica Munilla Espinoza &#8211; Karla Varas Marchant"},"content":{"rendered":"<p style=\"font-weight: 400;\">La jornada de trabajo es el tiempo durante el cual las personas trabajadoras prestan sus servicios y es aquel espacio temporal en el que se manifiesta vivencialmente la experiencia de la subordinaci\u00f3n, toda vez que en ese lapso se ejercen las atribuciones que conforman el poder de direcci\u00f3n del empleador. En otras palabras, la jornada de trabajo es el tiempo en que las relaciones laborales se hacen visibles y concretas.<\/p>\n<p style=\"font-weight: 400;\">Por lo anterior, los autores han considerado necesario presentar un estudio explicativo y con un enfoque pr\u00e1ctico sobre las diversas dimensiones que adquiere la jornada de trabajo en nuestra legislaci\u00f3n laboral. Esto \u00faltimo ha cobrado actualidad y contingencia producto de la reforma de la Ley No 21.561, que reduce la jornada a cuarenta horas semanales e introduce cambios e innovaciones en temas como la adaptabilidad pactada y las bandas horarias.<\/p>\n<p style=\"font-weight: 400;\">Todo lo anterior justifica una revisi\u00f3n completa, sistem\u00e1tica y cr\u00edtica de la actual normativa laboral sobre la materia, como, a su vez, la inclusi\u00f3n de un an\u00e1lisis referido a nuevas orientaciones asociadas a la regulaci\u00f3n de la jornada de trabajo, como es el caso de la conciliaci\u00f3n de trabajo y familia, y de la flexibilidad en el uso de los tiempos de trabajo.<\/p>\n<p style=\"font-weight: 400;\">Trabajar para vivir y no vivir para trabajar deber\u00eda ser la orientaci\u00f3n fundamental de la legislaci\u00f3n laboral en esta materia. \u00bfEst\u00e1 el C\u00f3digo del Trabajo en sinton\u00eda con esa premisa? Este libro procura responder esa pregunta.<\/p>\n<p style=\"font-weight: 400;\"><b><strong>CAP\u00cdTULO I<\/strong><\/b><br \/>\n<b><strong>LA JORNADA ORDINARIA DE TRABAJO<\/strong><\/b><\/p>\n<ol>\n<li style=\"font-weight: 400;\">Or\u00edgenes y fundamentos<\/li>\n<li style=\"font-weight: 400;\">Definici\u00f3n2.1. La jornada pasiva y su delimitaci\u00f3n<br \/>\nA) Tiempo utilizado para cambio de vestuario, colocarse elementos de protecci\u00f3n y\/o aseo personal<br \/>\nB) Imposibilidad de trabajar por corte de energ\u00eda<br \/>\nC) Tiempos de traslado<br \/>\nD) Charlas de seguridad<br \/>\nE) Ausencia de transporte, cortes de camino u otros sucesos similares<br \/>\nF) Capacitaci\u00f3n<\/li>\n<li style=\"font-weight: 400;\">La limitaci\u00f3n de la jornada: duraci\u00f3n y distribuci\u00f3n de la jornada<\/li>\n<\/ol>\n<p style=\"font-weight: 400;\">3.1. R\u00e9gimen general: la jornada ordinaria de trabajo fija y flexible<br \/>\nA) La jornada ordinaria de trabajo flexible<br \/>\na. El pacto individual de jornada ordinaria flexible<br \/>\nb. El pacto colectivo de jornada ordinaria flexible<br \/>\nc. Conclusiones<\/p>\n<p>3.2. Exclusiones de la jornada ordinaria<br \/>\nA) Supuestos de exclusi\u00f3n<br \/>\na. Cargo y funciones desarrolladas por la persona trabajadora<br \/>\nb. Sin fiscalizaci\u00f3n superior inmediata<br \/>\nB) Presunciones de jornada<br \/>\nC) Efectos o implicancias de la exclusi\u00f3n de jornada<br \/>\nD) Aspectos cr\u00edticos de la Ley N\u00ba 21.561 y las hip\u00f3tesis de exclusi\u00f3n de jornada<\/p>\n<p style=\"font-weight: 400;\">3.3. Vigencia y gradualidad de las 40 horas<\/p>\n<p><b><strong>CAP\u00cdTULO II<\/strong><\/b><br \/>\n<b><strong>JORNADA EXTRAORDINARIA DE TRABAJO<\/strong><\/b><\/p>\n<ol>\n<li style=\"font-weight: 400;\">Concepto y fundamentos<\/li>\n<li style=\"font-weight: 400;\">Requisitos y l\u00edmites2.1. Car\u00e1cter voluntario<br \/>\n2.2. Causalidad<br \/>\n2.3. Temporalidad<br \/>\n2.4. Resguardo de la salud del trabajador<br \/>\n2.5. L\u00edmites de horas extraordinarias por d\u00eda<br \/>\n2.6. L\u00edmite de horas extraordinarias en el pacto de jornada ordinaria flexible<\/li>\n<li style=\"font-weight: 400;\">Registro de las horas de trabajo<\/li>\n<li style=\"font-weight: 400;\">Pago de las horas extraordinarias<\/li>\n<li style=\"font-weight: 400;\">Compensaci\u00f3n de horas extras con d\u00edas adicionales de feriado<\/li>\n<\/ol>\n<p style=\"font-weight: 400;\"><b><strong>CAP\u00cdTULO III<\/strong><\/b><br \/>\n<b><strong>JORNADAS EXCEPCIONALES Y ESPECIALES<\/strong><\/b><\/p>\n<ol>\n<li style=\"font-weight: 400;\">Las jornadas excepcionales de trabajo<\/li>\n<\/ol>\n<p style=\"font-weight: 400;\">1.1. Concepto y fundamentos<br \/>\n1.2. \u00c1mbito de aplicaci\u00f3n<br \/>\n1.3. Requisitos<br \/>\n1.4. Posibilidad de imputar el exceso al feriado anual o compensarse en dinero<br \/>\n1.5. Distribuci\u00f3n<\/p>\n<ol start=\"2\">\n<li style=\"font-weight: 400;\">Las jornadas especiales de trabajo<\/li>\n<\/ol>\n<p style=\"font-weight: 400;\">2.1. Jornadas de trabajo relacionadas con procesos productivos relativos al transporte<br \/>\nA) Choferes y auxiliares de locomoci\u00f3n colectiva interurbana y de servicios interurbanos de transporte de pasajeros<br \/>\nB) Choferes de veh\u00edculos de carga terrestre interurbana<br \/>\nC) Tripulaci\u00f3n a bordo de ferrocarriles<br \/>\nD) Chofer o auxiliar de los servicios de transporte rural colectivo de pasajeros<\/p>\n<p style=\"font-weight: 400;\">2.2. Personal de hoteles, restaurantes o clubes<\/p>\n<p style=\"font-weight: 400;\">2.3. Trabajadores agr\u00edcolas<\/p>\n<p>2.4. Trabajadores embarcados o gente de mar y trabajadores portuarios eventuales<br \/>\nA) Trabajadores embarcados o gente de mar<br \/>\na. Jornada de trabajo en jornada ordinaria y extraordinaria en el caso de que la nave est\u00e9 fondeada en el puerto<br \/>\nb. Jornada de trabajo en los casos en que no existe jornada ordinaria o extraordinaria por labor continua y sostenida<br \/>\nc. Jornada ordinaria de trabajo de quienes deben desempe\u00f1ar turnos de guardia en el puerto<br \/>\nd. Jornada de trabajo de gente de mar que se dedique a labores pesqueras<br \/>\nB) Jornada de trabajo de trabajadores portuarios eventuales<\/p>\n<p style=\"font-weight: 400;\">2.5. Trabajadores de artes y espect\u00e1culos<\/p>\n<p style=\"font-weight: 400;\">2.6. Trabajadores de casa particular<\/p>\n<p style=\"font-weight: 400;\">2.7. Deportistas profesionales y actividades conexas<\/p>\n<p style=\"font-weight: 400;\">2.8. Tripulantes de vuelo y tripulantes de cabina de aeronaves comerciales de pasajeros y de carga<br \/>\nA) Limitaciones comunes a la jornada ordinaria y especial<br \/>\nB) El tiempo de ret\u00e9n<br \/>\nC) Jornada extraordinaria<br \/>\nD) Descanso dominical y descanso compensatorio por feriados<\/p>\n<p>2.9. Teleoperadores<\/p>\n<p>2.10. Trabajadores de plataformas digitales<br \/>\nA) Trabajadores de plataformas digitales dependientes<br \/>\nB) Trabajadores de plataformas digitales independientes<\/p>\n<p style=\"font-weight: 400;\"><b><strong>CAP\u00cdTULO IV<\/strong><\/b><br \/>\n<b><strong>LA REGULACI\u00d3N DE LA JORNADA LABORAL EN EL TELETRABAJO Y EN EL TRABAJO A TIEMPO PARCIAL<\/strong><\/b><\/p>\n<ol>\n<li style=\"font-weight: 400;\">Antecedentes, concepto y caracter\u00edsticas del teletrabajo<\/li>\n<li style=\"font-weight: 400;\">La regulaci\u00f3n del teletrabajo en el c\u00f3digo del trabajo<br \/>\n2.1. El enfoque indirecto de la Ley N\u00ba 19.759 de 2001<br \/>\n2.2. El trabajo a distancia y el teletrabajo: la reforma de la Ley N\u00ba 21.220 de 2020<br \/>\nA) Reglas especiales sobre jornada de trabajo<br \/>\nB) Excepciones al l\u00edmite de jornada de trabajo<\/li>\n<li style=\"font-weight: 400;\">La jornada laboral en el trabajo a tiempo parcial<\/li>\n<\/ol>\n<p style=\"font-weight: 400;\">3.1. El contrato de trabajo a tiempo parcial: aspectos generales<br \/>\n3.2. Reglas sobre jornada de trabajo<br \/>\n3.3. Las formas tradicionales de trabajo a tiempo parcial<br \/>\n3.4. El modelo flexible de trabajo a tiempo parcial<\/p>\n<p style=\"font-weight: 400;\"><b><strong>CAP\u00cdTULO V<\/strong><\/b><br \/>\n<b><strong>JORNADA DE TRABAJO Y CONCILIACI\u00d3N DE RESPONSABILIDADES LABORALES Y FAMILIARES<\/strong><\/b><\/p>\n<ol>\n<li style=\"font-weight: 400;\">La conciliaci\u00f3n de la vida laboral y familiar desde la perspectiva del derecho del trabajo<\/li>\n<li style=\"font-weight: 400;\">El trabajo a distancia y el teletrabajo como opciones para conciliar responsabilidades laborales y familiares<\/li>\n<li style=\"font-weight: 400;\">Opciones de uso del teletrabajo desde la perspectiva de la conciliaci\u00f3n de responsabilidades laborales y familiares<\/li>\n<li style=\"font-weight: 400;\">El trabajo a tiempo parcial y la conciliaci\u00f3n de responsabilidades laborales y familiares4.1. Trabajo a tiempo parcial y permiso postnatal parental: un derecho para la conciliaci\u00f3n de trabajo y familia<br \/>\n4.2. El limitado derecho del padre a conciliar trabajo y familia mediante jornada a tiempo parcial<br \/>\n4.3. Trabajo a tiempo parcial y conciliaci\u00f3n de responsabilidades laborales y familiares m\u00e1s all\u00e1 del permiso postnatal parental<\/li>\n<li style=\"font-weight: 400;\">Bandas horarias con fines de conciliaci\u00f3n<\/li>\n<\/ol>\n<p style=\"font-weight: 400;\"><b><strong>CAP\u00cdTULO VI<\/strong><\/b><br \/>\n<b><strong>EL DERECHO AL DESCANSO<\/strong><\/b><\/p>\n<ol>\n<li style=\"font-weight: 400;\">Concepto y fundamentos<\/li>\n<li style=\"font-weight: 400;\">El descanso diario o dentro de la jornada<\/li>\n<li style=\"font-weight: 400;\">El descanso entre jornadas<\/li>\n<li style=\"font-weight: 400;\">El descanso semanal<\/li>\n<\/ol>\n<p style=\"font-weight: 400;\">4.1. Excepciones al descanso semanal<br \/>\nA) Excepciones de car\u00e1cter permanente<br \/>\nB) Excepciones de car\u00e1cter transitorio<\/p>\n<p>4.2. Reglas del descanso compensatorio<br \/>\nA) D\u00edas de descanso y oportunidad<br \/>\nB) Acumulaci\u00f3n de descansos<br \/>\nC) Forma especial de remuneraci\u00f3n<\/p>\n<ol start=\"5\">\n<li style=\"font-weight: 400;\">El descanso o feriado anual<\/li>\n<\/ol>\n<p style=\"font-weight: 400;\">5.1. Feriado base<br \/>\n5.2. Feriado adicional o progresivo<br \/>\n5.3. Feriado colectivo<br \/>\n5.4. Feriado proporcional<\/p>\n<ol start=\"6\">\n<li style=\"font-weight: 400;\">El derecho a la desconexi\u00f3n laboral<\/li>\n<\/ol>\n<p style=\"font-weight: 400;\">6.1. El derecho a la desconexi\u00f3n laboral en el derecho del trabajo chileno<\/p>\n","protected":false},"excerpt":{"rendered":"<p>Buscas un libro Jur\u00eddico.? Lo puedes encontrar en nuestra tienda virtual.<br \/>\nContamos con prestigiosos autores y muchas alternativas en sus diferentes materias al igual que grandes descuentos.! Vis\u00edtanos en <a class=\"tykvYtnSECpeoMKlqvoreUufywOfzdchUlzs \" href=\"https:\/\/lnkd.in\/eiAG7jdZ\" target=\"_blank\" rel=\"noopener\" data-test-app-aware-link=\"\">https:\/\/lnkd.in\/eiAG7jdZ<\/a><br \/>\nEscr\u00edbenos al +56930565235 \/ <a class=\"tykvYtnSECpeoMKlqvoreUufywOfzdchUlzs \" href=\"mailto:ventaslegallexglobal@gmail.com\" target=\"_self\" data-test-app-aware-link=\"\">ventaslegallexglobal@gmail.com<\/a><br \/>\nHacemos env\u00edos a todo Chile \u2013 Starken o Correos Chile \/ Te esperamos<\/p>\n","protected":false},"featured_media":2868,"comment_status":"open","ping_status":"closed","template":"","meta":{"inline_featured_image":false,"_joinchat":[]},"product_brand":[],"product_cat":[38,41],"product_tag":[],"class_list":{"0":"post-2829","1":"product","2":"type-product","3":"status-publish","4":"has-post-thumbnail","6":"product_cat-editorial-der-ediciones","7":"product_cat-laboral","8":"product_shipping_class-a-convenir","10":"first","11":"instock","12":"shipping-taxable","13":"purchasable","14":"product-type-simple"},"_links":{"self":[{"href":"https:\/\/bibliotecajuridicavirtual.cl\/index.php\/wp-json\/wp\/v2\/product\/2829","targetHints":{"allow":["GET"]}}],"collection":[{"href":"https:\/\/bibliotecajuridicavirtual.cl\/index.php\/wp-json\/wp\/v2\/product"}],"about":[{"href":"https:\/\/bibliotecajuridicavirtual.cl\/index.php\/wp-json\/wp\/v2\/types\/product"}],"replies":[{"embeddable":true,"href":"https:\/\/bibliotecajuridicavirtual.cl\/index.php\/wp-json\/wp\/v2\/comments?post=2829"}],"wp:featuredmedia":[{"embeddable":true,"href":"https:\/\/bibliotecajuridicavirtual.cl\/index.php\/wp-json\/wp\/v2\/media\/2868"}],"wp:attachment":[{"href":"https:\/\/bibliotecajuridicavirtual.cl\/index.php\/wp-json\/wp\/v2\/media?parent=2829"}],"wp:term":[{"taxonomy":"product_brand","embeddable":true,"href":"https:\/\/bibliotecajuridicavirtual.cl\/index.php\/wp-json\/wp\/v2\/product_brand?post=2829"},{"taxonomy":"product_cat","embeddable":true,"href":"https:\/\/bibliotecajuridicavirtual.cl\/index.php\/wp-json\/wp\/v2\/product_cat?post=2829"},{"taxonomy":"product_tag","embeddable":true,"href":"https:\/\/bibliotecajuridicavirtual.cl\/index.php\/wp-json\/wp\/v2\/product_tag?post=2829"}],"curies":[{"name":"wp","href":"https:\/\/api.w.org\/{rel}","templated":true}]}}