{"id":2835,"date":"2026-02-28T01:06:10","date_gmt":"2026-02-28T04:06:10","guid":{"rendered":"https:\/\/bibliotecajuridicavirtual.cl\/?post_type=product&#038;p=2835"},"modified":"2026-02-28T01:06:56","modified_gmt":"2026-02-28T04:06:56","slug":"compendio-de-normas-municipales-veronica-barrera-miranda-edicion-agosto-ano-2023-909-pag","status":"publish","type":"product","link":"https:\/\/bibliotecajuridicavirtual.cl\/index.php\/product\/compendio-de-normas-municipales-veronica-barrera-miranda-edicion-agosto-ano-2023-909-pag\/","title":{"rendered":"Compendio de Normas Municipales &#8211; Ver\u00f3nica Barrera Miranda &#8211; edici\u00f3n Agosto a\u00f1o 2023\/ 909 P\u00e1g."},"content":{"rendered":"<p style=\"font-weight: 400;\">Esta compilaci\u00f3n re\u00fane la normativa indispensable en la pr\u00e1ctica del Derecho Municipal. La forma en que esta informaci\u00f3n se presenta en la obra no es antojadiza, sino que cumple un rol sistematizador, lo que permite un mayor entendimiento de este marco regulatorio y, adem\u00e1s, como corresponde a un trabajo de este tipo, se encuentra actualizada al 5.06.2023.<\/p>\n<p style=\"font-weight: 400;\">Se presenta ordenada por las siguientes \u00e1reas tem\u00e1ticas:<\/p>\n<ol>\n<li style=\"font-weight: 400;\">Marco Jur\u00eddico Regulatorio General<br \/>\nII. Actividad de Gesti\u00f3n Municipal<br \/>\nIII. Instancias de Participaci\u00f3n Ciudadana<br \/>\nIV. Reclamaciones Jurisdiccionales y Fiscalizaci\u00f3n<br \/>\nV. Normas de Personal<br \/>\nVI. Administraci\u00f3n y Finanzas Municipales<br \/>\nVII. Seguridad Municipal<\/li>\n<\/ol>\n<ol>\n<li style=\"font-weight: 400;\"><b><strong> MARCO JUR\u00cdDICO REGULATORIO GENERAL<\/strong><\/b><\/li>\n<\/ol>\n<ul>\n<li style=\"font-weight: 400;\">1. Decreto N\u00ba 100, Fija el texto refundido, coordinado y sistematizado de la Constituci\u00f3n Pol\u00edtica de la Rep\u00fablica de Chile<\/li>\n<li style=\"font-weight: 400;\">2. Decreto con Fuerza de Ley N\u00ba 1-19.653, fija texto refundido, coordinado y sistematizado de la Ley N\u00ba 18.575, Org\u00e1nica Constitucional de Bases Generales de la Administraci\u00f3n del Estado<\/li>\n<li style=\"font-weight: 400;\">3. Decreto con Fuerza de Ley N\u00ba 1, fija el texto refundido, coordinado y sistematizado de la Ley N\u00ba 18.695, Org\u00e1nica Constitucional de Municipalidades<\/li>\n<li style=\"font-weight: 400;\">4. Ley N\u00ba 19.886, Ley de Bases sobre Contratos Administrativos de Suministro y Prestaci\u00f3n de Servicios<\/li>\n<li style=\"font-weight: 400;\">5. Ley N\u00ba 19.880h, Establece bases de los Procedimientos Administrativos que rigen los Actos de los \u00f3rganos de la Administraci\u00f3n del Estado<\/li>\n<li style=\"font-weight: 400;\">6. Ley N\u00ba 20.285, Sobre Acceso a la Informaci\u00f3n P\u00fablica<\/li>\n<li style=\"font-weight: 400;\">7. Ley N\u00ba 20.880, Sobre Probidad en la Funci\u00f3n P\u00fablica y Prevenci\u00f3n de los Conflictos de Intereses<\/li>\n<li style=\"font-weight: 400;\">8. Decreto Ley N\u00ba 573, Estatuto del Gobierno y Administraci\u00f3n Interiores del Estado<\/li>\n<\/ul>\n<ol>\n<li style=\"font-weight: 400;\"><b><strong> ACTIVIDAD DE GESTI\u00d3N MUNICIPAL<\/strong><\/b><\/li>\n<\/ol>\n<ul>\n<li style=\"font-weight: 400;\">9. Decreto con Fuerza de Ley N\u00ba 1, Fija texto refundido, coordinado y sistematizado de la Ley de Tr\u00e1nsito<\/li>\n<li style=\"font-weight: 400;\">10. Ley N\u00ba 19.925, Sobre Expendio y Consumo de Bebidas Alcoh\u00f3licas<\/li>\n<li style=\"font-weight: 400;\">11. Decreto con Fuerza de Ley N\u00ba 458, Aprueba nueva Ley General de Urbanismo y Construcciones<\/li>\n<li style=\"font-weight: 400;\">12. Decreto Supremo N\u00ba 47, Fija nuevo texto de la Ordenanza General de la Ley General de Urbanismo y Construcciones<\/li>\n<\/ul>\n<p style=\"font-weight: 400;\"><b><strong>III. INSTANCIAS DE PARTICIPACI\u00d3N CIUDADANA<\/strong><\/b><\/p>\n<ul>\n<li style=\"font-weight: 400;\">13. Decreto N\u00ba 58, Fija texto refundido, coordinado y sistematizado de la Ley N\u00ba 19.418, Sobre Juntas de Vecinos y dem\u00e1s Organizaciones Comunitarias<\/li>\n<li style=\"font-weight: 400;\">14. Ley N\u00ba 20.500, Sobre Asociaciones y Participaci\u00f3n Ciudadana en la Gesti\u00f3n P\u00fablica<\/li>\n<\/ul>\n<ol>\n<li style=\"font-weight: 400;\"><b><strong> RECLAMACIONES JURISDICCIONALES Y FISCALIZACI\u00d3N<\/strong><\/b><\/li>\n<\/ol>\n<ul>\n<li style=\"font-weight: 400;\">15. Decreto Supremo N\u00ba 307, Fija el texto refundido, coordinado y sistematizado de la Ley N\u00ba 15.231, sobre Organizaci\u00f3n y Atribuciones de los Juzgados de Polic\u00eda Local<\/li>\n<li style=\"font-weight: 400;\">16. Ley N\u00ba 18.287, Establece procedimiento ante los Juzgados de Polic\u00eda Local<\/li>\n<\/ul>\n<ol>\n<li style=\"font-weight: 400;\"><b><strong> NORMAS DE PERSONAL<\/strong><\/b><\/li>\n<\/ol>\n<ul>\n<li style=\"font-weight: 400;\">17. Ley N\u00ba 18.883, Aprueba Estatuto Administrativo para Funcionarios Municipales<\/li>\n<li style=\"font-weight: 400;\">18. Decreto N\u00ba 1.228, Aprueba reglamento de Calificaciones del Personal Municipal<\/li>\n<li style=\"font-weight: 400;\">19. Ley N\u00ba 19.378, Establece Estatuto de Atenci\u00f3n Primaria de Salud Municipal<\/li>\n<\/ul>\n<ol>\n<li style=\"font-weight: 400;\"><b><strong> ADMINISTRACI\u00d3N Y FINANZAS MUNICIPALES<\/strong><\/b><\/li>\n<\/ol>\n<ul>\n<li style=\"font-weight: 400;\">20. Decreto N\u00ba 2.385, Fija texto refundido y sistematizado del Decreto Ley N\u00ba 3.063, de 1979, sobre Rentas Municipales<\/li>\n<li style=\"font-weight: 400;\">21. Decreto N\u00ba 1.293, Reglamento para la Aplicaci\u00f3n del Art\u00edculo 38 del Decreto Ley N\u00ba 3.063, de 1979, modificado por el art\u00edculo 1\u00ba de la Ley N\u00ba 20.237<\/li>\n<li style=\"font-weight: 400;\">22. Decreto N\u00ba 11, Aprueba Reglamento sobre Registro Comunal de Permisos de Circulaci\u00f3n y deroga Decreto N\u00ba 132, de 1985<\/li>\n<\/ul>\n<p style=\"font-weight: 400;\"><b><strong>VII. SEGURIDAD MUNICIPAL<\/strong><\/b><\/p>\n<ul>\n<li style=\"font-weight: 400;\">23. Ley N\u00ba 20.965, Permite la Creaci\u00f3n de Consejos y Planes Comunales de Seguridad P\u00fablica<\/li>\n<li style=\"font-weight: 400;\">24. Decreto N\u00ba 49, Aprueba Reglamento de Asignaci\u00f3n de Recursos del Sistema Nacional de Seguridad Municipal<\/li>\n<\/ul>\n","protected":false},"excerpt":{"rendered":"<p>Buscas un libro Jur\u00eddico.? Lo puedes encontrar en nuestra tienda virtual.<br \/>\nContamos con prestigiosos autores y muchas alternativas en sus diferentes materias al igual que grandes descuentos.! Vis\u00edtanos en www.bibliotecajuridicavirtual.cl<\/p>\n<p>Escr\u00edbenos al +56930565235 \/ <a class=\"QKwVMNcugJZCSCraHfEjkhgrjQqBBdvPIrI \" href=\"mailto:ventaslegallexglobal@gmail.com\" target=\"_self\" data-test-app-aware-link=\"\">ventaslegallexglobal@gmail.com<\/a><br \/>\nHacemos env\u00edos a todo Chile &#8211; Starken o Correos Chile \/ Te esperamos.<\/p>\n","protected":false},"featured_media":2891,"comment_status":"open","ping_status":"closed","template":"","meta":{"inline_featured_image":false,"_joinchat":[]},"product_brand":[],"product_cat":[45,49,42],"product_tag":[],"class_list":{"0":"post-2835","1":"product","2":"type-product","3":"status-publish","4":"has-post-thumbnail","6":"product_cat-administrativo","7":"product_cat-juzgado-de-policia-local","8":"product_cat-thomson-reuters","9":"product_shipping_class-a-convenir","11":"first","12":"instock","13":"shipping-taxable","14":"purchasable","15":"product-type-simple"},"_links":{"self":[{"href":"https:\/\/bibliotecajuridicavirtual.cl\/index.php\/wp-json\/wp\/v2\/product\/2835","targetHints":{"allow":["GET"]}}],"collection":[{"href":"https:\/\/bibliotecajuridicavirtual.cl\/index.php\/wp-json\/wp\/v2\/product"}],"about":[{"href":"https:\/\/bibliotecajuridicavirtual.cl\/index.php\/wp-json\/wp\/v2\/types\/product"}],"replies":[{"embeddable":true,"href":"https:\/\/bibliotecajuridicavirtual.cl\/index.php\/wp-json\/wp\/v2\/comments?post=2835"}],"wp:featuredmedia":[{"embeddable":true,"href":"https:\/\/bibliotecajuridicavirtual.cl\/index.php\/wp-json\/wp\/v2\/media\/2891"}],"wp:attachment":[{"href":"https:\/\/bibliotecajuridicavirtual.cl\/index.php\/wp-json\/wp\/v2\/media?parent=2835"}],"wp:term":[{"taxonomy":"product_brand","embeddable":true,"href":"https:\/\/bibliotecajuridicavirtual.cl\/index.php\/wp-json\/wp\/v2\/product_brand?post=2835"},{"taxonomy":"product_cat","embeddable":true,"href":"https:\/\/bibliotecajuridicavirtual.cl\/index.php\/wp-json\/wp\/v2\/product_cat?post=2835"},{"taxonomy":"product_tag","embeddable":true,"href":"https:\/\/bibliotecajuridicavirtual.cl\/index.php\/wp-json\/wp\/v2\/product_tag?post=2835"}],"curies":[{"name":"wp","href":"https:\/\/api.w.org\/{rel}","templated":true}]}}