{"id":2848,"date":"2026-02-28T01:06:31","date_gmt":"2026-02-28T04:06:31","guid":{"rendered":"https:\/\/bibliotecajuridicavirtual.cl\/?post_type=product&#038;p=2848"},"modified":"2026-02-28T01:07:00","modified_gmt":"2026-02-28T04:07:00","slug":"codigo-aeronautico-de-chile-cuarta-edicion-concordada-y-con-apendice-legislativo-indices-tematico-y-analitico-ano-septiembre-2023-340-pag-autor-patricio-morales-contardo-y-cristian-roa-babcun","status":"publish","type":"product","link":"https:\/\/bibliotecajuridicavirtual.cl\/index.php\/product\/codigo-aeronautico-de-chile-cuarta-edicion-concordada-y-con-apendice-legislativo-indices-tematico-y-analitico-ano-septiembre-2023-340-pag-autor-patricio-morales-contardo-y-cristian-roa-babcun\/","title":{"rendered":"C\u00f3digo Aeron\u00e1utico de Chile. Cuarta  Edici\u00f3n concordada y con Ap\u00e9ndice Legislativo. \u00cdndices Tem\u00e1tico y Anal\u00edtico. A\u00f1o Septiembre 2023\/ 340 P\u00e1g. Autor Patricio Morales Contardo y Cristian Roa Babcun"},"content":{"rendered":"<p>C\u00f3digo Aeron\u00e1utico de Chile<\/p>\n<p>4\u00aa Edici\u00f3n concordada y con Ap\u00e9ndice Legislativo<\/p>\n<p>\u00cdndices Tem\u00e1tico y Anal\u00edtico<\/p>\n<p>Decreto N\u00ba 509 bis, sobre Convenio de Aviaci\u00f3n Civil Internacional<br \/>\n? Ley N\u00ba 16.752 de organizaci\u00f3n, funciones y disposiciones generales a la Direcci\u00f3n General de Aeron\u00e1utica Civil<br \/>\n? Decreto N\u00ba 458 y N\u00ba 1.383, sobre la unificaci\u00f3n reglas relativas al transporte a\u00e9reo internacional<br \/>\n? Decreto Ley N\u00ba 2.564, sobre Aviaci\u00f3n Comercial<br \/>\n? Decreto Supremo N\u00ba 148 que aprueba el Reglamento del Procedimiento Infraccional Aeron\u00e1utico<br \/>\n? Decreto N\u00ba 56, Convenio para la Unificaci\u00f3n de reglas para el Transporte A\u00e9reo Internacional.<br \/>\n? Resoluci\u00f3n de la Direcci\u00f3n General de Aeron\u00e1utica Civil sobre &#8220;Operaciones de Aeronaves Pilotadas a Distancia (RPAS) en asuntos de inter\u00e9s p\u00fablico, que se efect\u00faen sobre \u00e1reas pobladas&#8221;<br \/>\n? Decreto N\u00b0 302 Ministerio de Defensa Nacional (Subsecretar\u00eda de Aviaci\u00f3n) &#8220;Reglamento sobre Investigaciones de Accidentes e Incidentes de Aviaci\u00f3n&#8221;<br \/>\n? Decreto N\u00b0 49 Ministerio de Defensa Nacional (Subsecretar\u00eda de Aviaci\u00f3n) &#8220;Reglamento sobre transporte sin riesgos de mercanc\u00edas peligrosas por v\u00eda a\u00e9rea&#8221;<br \/>\n? Incluye modificaci\u00f3n de la Ley N\u00ba 21.392, sobre endoso o transferencia del pasaje de transporte a\u00e9reo y derecho a retracto<br \/>\n? Incluye modificaci\u00f3n de la Ley N\u00ba 21.398, que establece medidas para incentivar la protecci\u00f3n de los derechos de los consumidores.<\/p>\n<p>\u00cdndice DEL C\u00d3DIGO AERON\u00c1UTICO<br \/>\nT\u00cdTULO PRELIMINAR\u00a0\u00a0 \u00a0\u00a0\u00a0 \u00a017<br \/>\nT\u00cdTULO I. De la Infraestructura Aeron\u00e1utica\u00a0\u00a0 \u00a0\u00a0\u00a0 \u00a018<br \/>\nCAP\u00cdTULO I. De los Aer\u00f3dromos\u00a0\u00a0 \u00a0\u00a0\u00a0 \u00a018<br \/>\nCAP\u00cdTULO II. Del Establecimiento de Aer\u00f3dromos e Instalaciones de Ayuda y Protecci\u00f3n a la Navegaci\u00f3n A\u00e9rea\u00a0\u00a0 \u00a0\u00a0\u00a0 \u00a019<br \/>\nCAP\u00cdTULO III. De las Zonas de Protecci\u00f3n\u00a0\u00a0 \u00a0\u00a0\u00a0 \u00a020<br \/>\nCAP\u00cdTULO IV. De la Supresi\u00f3n de Obst\u00e1culos a la Navegaci\u00f3n A\u00e9rea y de su Se\u00f1alamiento y Balizaje\u00a0\u00a0 \u00a0\u00a0\u00a0 \u00a021<br \/>\nT\u00cdTULO II. De la Aeronave\u00a0\u00a0 \u00a0\u00a0\u00a0 \u00a025<br \/>\nCAP\u00cdTULO I. De la Aeronave y su Clasificaci\u00f3n\u00a0\u00a0 \u00a0\u00a0\u00a0 \u00a025<br \/>\nCAP\u00cdTULO II. De la Inscripci\u00f3n o Matr\u00edcula de la Aeronave y de su Nacionalidad\u00a0\u00a0 \u00a0\u00a0\u00a0 \u00a026<br \/>\n1. De la inscripci\u00f3n o matr\u00edcula\u00a0\u00a0 \u00a0\u00a0\u00a0 \u00a026<br \/>\n2. De las aeronaves que pueden matricularse en el Registro Nacional de Aeronaves\u00a0\u00a0 \u00a0\u00a0\u00a0 \u00a027<br \/>\n3. De la cancelaci\u00f3n de las inscripciones\u00a0\u00a0 \u00a0\u00a0\u00a0 \u00a028<br \/>\nCAP\u00cdTULO III. Del Registro Nacional de Aeronaves\u00a0\u00a0 \u00a0\u00a0\u00a0 \u00a029<br \/>\nCAP\u00cdTULO IV. De la Aeronavegabilidad\u00a0\u00a0 \u00a0\u00a0\u00a0 \u00a031<br \/>\nCAP\u00cdTULO V. De la Fabricaci\u00f3n y Reparaci\u00f3n de Aeronaves\u00a0\u00a0 \u00a0\u00a0\u00a0 \u00a032<br \/>\nT\u00cdTULO III. Del Personal Aeron\u00e1utico\u00a0\u00a0 \u00a0\u00a0\u00a0 \u00a033<br \/>\nCAP\u00cdTULO I. Concepto y Clasificaci\u00f3n\u00a0\u00a0 \u00a0\u00a0\u00a0 \u00a033<br \/>\nCAP\u00cdTULO II. De la Convalidaci\u00f3n de Licencias y Habilitaciones\u00a0\u00a0 \u00a0\u00a0\u00a0 \u00a034<br \/>\nCAP\u00cdTULO III. Del Comandante de la Aeronave\u00a0\u00a0 \u00a0\u00a0\u00a0 \u00a035<br \/>\nT\u00cdTULO IV. De la Circulaci\u00f3n A\u00e9rea\u00a0\u00a0 \u00a0\u00a0\u00a0 \u00a038<br \/>\nCAP\u00cdTULO I. De la Libertad de Circulaci\u00f3n A\u00e9rea y del Ingreso y Salida de Aeronaves del Territorio Nacional\u00a0\u00a0 \u00a0\u00a0\u00a0 \u00a038<br \/>\nCAP\u00cdTULO II. Del Despegue, Vuelo y Aterrizaje de las Aeronaves\u00a0\u00a0 \u00a0\u00a0\u00a0 \u00a039<br \/>\nCAP\u00cdTULO III. De las Facultades de Controlar y Retener Aeronaves\u00a0\u00a0 \u00a0\u00a0\u00a0 \u00a040<br \/>\nCAP\u00cdTULO IV. Del Transporte de Objetos Peligrosos, de la Prohibici\u00f3n de arrojar Objetos y de los Instrumentos de Observaci\u00f3n y Registro\u00a0\u00a0 \u00a0\u00a0\u00a0 \u00a040<br \/>\nCAP\u00cdTULO V. De la Regulaci\u00f3n y Permiso de Ciertos Vuelos Especiales\u00a0\u00a0 \u00a0\u00a0\u00a0 \u00a041<br \/>\nCAP\u00cdTULO VI. De los Documentos que debe portar la Aeronave\u00a0\u00a0 \u00a0\u00a0\u00a0 \u00a041<br \/>\nT\u00cdTULO V. De la Aeron\u00e1utica no Comercial\u00a0\u00a0 \u00a0\u00a0\u00a0 \u00a042<br \/>\nT\u00cdTULO VI. De la Aeron\u00e1utica Comercial\u00a0\u00a0 \u00a0\u00a0\u00a0 \u00a043<br \/>\nT\u00cdTULO VII. Del Explotador\u00a0\u00a0 \u00a0\u00a0\u00a0 \u00a044<br \/>\nT\u00cdTULO VIII. De los Contratos Aeron\u00e1uticos\u00a0\u00a0 \u00a0\u00a0\u00a0 \u00a044<br \/>\nCAP\u00cdTULO I. Del Arrendamiento de Aeronaves\u00a0\u00a0 \u00a0\u00a0\u00a0 \u00a044<br \/>\nCAP\u00cdTULO II. Del Fletamento de Aeronaves\u00a0\u00a0 \u00a0\u00a0\u00a0 \u00a046<br \/>\nCAP\u00cdTULO III. Del Intercambio de Aeronaves\u00a0\u00a0 \u00a0\u00a0\u00a0 \u00a047<br \/>\nCAP\u00cdTULO IV. De la Hipoteca y de los Privilegios\u00a0\u00a0 \u00a0\u00a0\u00a0 \u00a047<br \/>\nCAP\u00cdTULO V. Del Contrato de Transporte A\u00e9reo\u00a0\u00a0 \u00a0\u00a0\u00a0 \u00a051<br \/>\n1. Del transporte de pasajeros y sus derechos\u00a0\u00a0 \u00a0\u00a0\u00a0 \u00a053<br \/>\n2. Del transporte de equipaje\u00a0\u00a0 \u00a0\u00a0\u00a0 \u00a063<br \/>\n3. Del transporte de mercader\u00edas\u00a0\u00a0 \u00a0\u00a0\u00a0 \u00a064<br \/>\nT\u00cdTULO IX. De la Responsabilidad Aeron\u00e1utica\u00a0\u00a0 \u00a0\u00a0\u00a0 \u00a066<br \/>\nCAP\u00cdTULO I. De la Responsabilidad en el Transporte A\u00e9reo\u00a0\u00a0 \u00a0\u00a0\u00a0 \u00a066<br \/>\nCAP\u00cdTULO II. De la Responsabilidad por Da\u00f1os a Terceros en la Superficie\u00a0\u00a0 \u00a0\u00a0\u00a0 \u00a069<br \/>\nCAP\u00cdTULO III. De la Responsabilidad por Abordaje A\u00e9reo\u00a0\u00a0 \u00a0\u00a0\u00a0 \u00a071<br \/>\nCAP\u00cdTULO IV. De los Da\u00f1os Causados a Terceros en la Superficie en caso de Abordaje A\u00e9reo\u00a0\u00a0 \u00a0\u00a0\u00a0 \u00a072<br \/>\nCAP\u00cdTULO V. Disposiciones Generales\u00a0\u00a0 \u00a0\u00a0\u00a0 \u00a073<br \/>\nT\u00cdTULO X. De la B\u00fasqueda, Asistencia y Salvamento de Aeronaves\u00a0\u00a0 \u00a0\u00a0\u00a0 \u00a074<br \/>\nT\u00cdTULO XI. De la Investigaci\u00f3n de Accidentes e Incidentes de Aviaci\u00f3n\u00a0\u00a0 \u00a0\u00a0\u00a0 \u00a075<br \/>\nT\u00cdTULO XII. De la Autoridad Aeron\u00e1utica y de las Infracciones a la Ley y Reglamentos Aeron\u00e1uticos\u00a0\u00a0 \u00a0\u00a0\u00a0 \u00a076<br \/>\n1. De la autoridad aeron\u00e1utica\u00a0\u00a0 \u00a0\u00a0\u00a0 \u00a076<br \/>\n2. De las infracciones o contravenciones\u00a0\u00a0 \u00a0\u00a0\u00a0 \u00a076<br \/>\nT\u00cdTULO XIII. De los Delitos contra la Seguridad de la Aviaci\u00f3n Civil\u00a0\u00a0 \u00a0\u00a0\u00a0 \u00a078<\/p>\n<p>\u00cdNDICE DEL AP\u00c9NDICE DEL C\u00d3DIGO AERON\u00c1UTICO<br \/>\n\u2013\u00a0\u00a0 \u00a0DECRETO N\u00ba 509 bis que promulga Convenio de Aviaci\u00f3n Civil Internacional (OACI) o \u201cConvenio de Chicago\u201d (D.O. de 06 de diciembre de 1957)\u00a0\u00a0 \u00a0\u00a0\u00a0 \u00a085<br \/>\n\u2013\u00a0\u00a0 \u00a0Ley N\u00ba 16.752. Fija organizaci\u00f3n y funciones y establece disposiciones generales a la Direcci\u00f3n General de Aeron\u00e1utica Civil (D.O. de 17 de febrero de 1968)\u00a0\u00a0 \u00a0\u00a0\u00a0 \u00a0127<br \/>\n\u2013\u00a0\u00a0 \u00a0Decreto N\u00ba 458. Convenio para la unificaci\u00f3n de ciertas reglas relativas al transporte a\u00e9reo internacional de 12 de octubre de 1929, en Varsovia, y al protocolo que lo modifica de 28 de septiembre de 1955, en La Haya (D.O. de 13 de agosto de 1979)\u00a0\u00a0 \u00a0\u00a0\u00a0 \u00a0145<br \/>\n\u2013\u00a0\u00a0 \u00a0Decreto N\u00ba 1.383. Promulga los protocolos adicionales N\u00bas. 1 y 2 al convenio para la unificaci\u00f3n de ciertas reglas relativas al transporte a\u00e9reo internacional, de 1929 (D.O. de 9 de diciembre de 1997)\u00a0\u00a0 \u00a0\u00a0\u00a0 \u00a0177<br \/>\n\u2013\u00a0\u00a0 \u00a0Decreto Ley N\u00ba 2.564. Dicta normas sobre Aviaci\u00f3n Comercial, modifica los Decretos con Fuerza de Ley N\u00fameros 221, de 1931, y 241, de 1960, y deroga los preceptos que se\u00f1ala (D.O. de 22 de junio de 1979)\u00a0\u00a0 \u00a0\u00a0\u00a0 \u00a0193<br \/>\n\u2013\u00a0\u00a0 \u00a0Decreto Supremo N\u00ba 148. Aprueba Reglamento del Procedimiento Infraccional Aeron\u00e1utico (DAR 51)\u00a0\u00a0 \u00a0\u00a0\u00a0 \u00a0199<br \/>\n\u2013\u00a0\u00a0 \u00a0Decreto N\u00ba 56. Promulga el Convenio para la Unificaci\u00f3n de ciertas reglas para el Transporte A\u00e9reo Internacional, adoptado en Montreal, Canad\u00e1, el 28 de mayo de 1999 (D.O. de 19 de mayo de 2009)\u00a0\u00a0 \u00a0\u00a0\u00a0 \u00a0207<br \/>\n\u2013\u00a0\u00a0 \u00a0Resoluci\u00f3n de la Direcci\u00f3n General de Aeron\u00e1utica Civil. Aprueba la Enmienda 2 a la Edici\u00f3n 2 de la DAN 151 \u201cOperaciones de Aeronaves Pilotadas a Distancia (RPAS) en asuntos de inter\u00e9s p\u00fablico, que se efect\u00faen sobre \u00e1reas pobladas\u201d (26 de junio de 2018)\u00a0\u00a0 \u00a0\u00a0\u00a0 \u00a0237<br \/>\n\u2013\u00a0\u00a0 \u00a0Decreto N\u00b0 302 Ministerio de Defensa Nacional (Subsecretar\u00eda De Aviaci\u00f3n) que aprueba \u201cReglamento sobre Investigaciones de Accidentes e Incidentes de Aviaci\u00f3n\u201d (Dar &#8211; 13)\u00a0\u00a0 \u00a0\u00a0\u00a0 \u00a0249<br \/>\n\u2013\u00a0\u00a0 \u00a0Decreto N\u00b0 49 Ministerio de Defensa Nacional (Subsecretar\u00eda De Aviaci\u00f3n) que Aprueba \u201cReglamento sobre transporte sin riesgos de mercanc\u00edas peligrosas por v\u00eda a\u00e9rea\u201d (Dar-18)\u00a0\u00a0 \u00a0\u00a0\u00a0 \u00a0279<br \/>\n\u2013\u00a0\u00a0 \u00a0Cap\u00edtulo VII (Del T\u00edtulo II, Libro I Del C\u00f3digo Del Trabajo) \u201cDel Contrato de Tripulantes de Vuelo y de Tripulantes de Cabina de Aeronaves Comerciales de Pasajeros y Carga\u201d\u00a0\u00a0 \u00a0\u00a0\u00a0 \u00a0309<\/p>\n<p>\u00cdndice anal\u00edtico\u00a0\u00a0 \u00a0\u00a0\u00a0 \u00a0315<\/p>\n<p>&nbsp;<\/p>\n","protected":false},"excerpt":{"rendered":"<p>C\u00f3digo Aeron\u00e1utico de Chile 4\u00aa Edici\u00f3n concordada y con Ap\u00e9ndice Legislativo \u00cdndices Tem\u00e1tico y Anal\u00edtico Decreto N\u00ba 509 bis, sobre Convenio de Aviaci\u00f3n Civil Internacional ? Ley N\u00ba 16.752 de organizaci\u00f3n, funciones y disposiciones generales a la Direcci\u00f3n General de Aeron\u00e1utica Civil ? Decreto N\u00ba 458 y N\u00ba 1.383, sobre la unificaci\u00f3n reglas relativas al transporte a\u00e9reo internacional ? Decreto Ley N\u00ba 2.564, sobre Aviaci\u00f3n Comercial ? Decreto Supremo N\u00ba 148 que aprueba el Reglamento del Procedimiento Infraccional Aeron\u00e1utico ? Decreto N\u00ba 56, Convenio para la Unificaci\u00f3n de reglas para el Transporte A\u00e9reo Internacional. ? Resoluci\u00f3n de la Direcci\u00f3n General de Aeron\u00e1utica Civil sobre &#8220;Operaciones de Aeronaves Pilotadas a Distancia (RPAS) en asuntos de inter\u00e9s p\u00fablico, que se efect\u00faen sobre \u00e1reas pobladas&#8221; ? Decreto N\u00b0 302 Ministerio de Defensa Nacional (Subsecretar\u00eda de Aviaci\u00f3n) &#8220;Reglamento sobre Investigaciones de Accidentes e Incidentes de Aviaci\u00f3n&#8221; ? Decreto N\u00b0 49 Ministerio de Defensa Nacional (Subsecretar\u00eda de Aviaci\u00f3n) &#8220;Reglamento sobre transporte sin riesgos de mercanc\u00edas peligrosas por v\u00eda a\u00e9rea&#8221; ? Incluye modificaci\u00f3n de la Ley N\u00ba 21.392, sobre endoso o transferencia del pasaje de transporte a\u00e9reo y derecho a retracto ? Incluye modificaci\u00f3n de la Ley N\u00ba 21.398, que establece medidas para incentivar la protecci\u00f3n de los derechos de los consumidores. \u00cdndice DEL C\u00d3DIGO AERON\u00c1UTICO T\u00cdTULO PRELIMINAR\u00a0\u00a0 \u00a0\u00a0\u00a0 \u00a017 T\u00cdTULO I. De la Infraestructura Aeron\u00e1utica\u00a0\u00a0 \u00a0\u00a0\u00a0 \u00a018 CAP\u00cdTULO I. De los Aer\u00f3dromos\u00a0\u00a0 \u00a0\u00a0\u00a0 \u00a018 CAP\u00cdTULO II. Del Establecimiento de Aer\u00f3dromos e Instalaciones de Ayuda y Protecci\u00f3n a la Navegaci\u00f3n A\u00e9rea\u00a0\u00a0 \u00a0\u00a0\u00a0 \u00a019 CAP\u00cdTULO III. De las Zonas de Protecci\u00f3n\u00a0\u00a0 \u00a0\u00a0\u00a0 \u00a020 CAP\u00cdTULO IV. De la Supresi\u00f3n de Obst\u00e1culos a la Navegaci\u00f3n A\u00e9rea y de su Se\u00f1alamiento y Balizaje\u00a0\u00a0 \u00a0\u00a0\u00a0 \u00a021 T\u00cdTULO II. De la Aeronave\u00a0\u00a0 \u00a0\u00a0\u00a0 \u00a025 CAP\u00cdTULO I. De la Aeronave y su Clasificaci\u00f3n\u00a0\u00a0 \u00a0\u00a0\u00a0 \u00a025 CAP\u00cdTULO II. De la Inscripci\u00f3n o Matr\u00edcula de la Aeronave y de su Nacionalidad\u00a0\u00a0 \u00a0\u00a0\u00a0 \u00a026 1. De la inscripci\u00f3n o matr\u00edcula\u00a0\u00a0 \u00a0\u00a0\u00a0 \u00a026 2. De las aeronaves que pueden matricularse en el Registro Nacional de Aeronaves\u00a0\u00a0 \u00a0\u00a0\u00a0 \u00a027 3. De la cancelaci\u00f3n de las inscripciones\u00a0\u00a0 \u00a0\u00a0\u00a0 \u00a028 CAP\u00cdTULO III. Del Registro Nacional de Aeronaves\u00a0\u00a0 \u00a0\u00a0\u00a0 \u00a029 CAP\u00cdTULO IV. De la Aeronavegabilidad\u00a0\u00a0 \u00a0\u00a0\u00a0 \u00a031 CAP\u00cdTULO V. De la Fabricaci\u00f3n y Reparaci\u00f3n de Aeronaves\u00a0\u00a0 \u00a0\u00a0\u00a0 \u00a032 T\u00cdTULO III. Del Personal Aeron\u00e1utico\u00a0\u00a0 \u00a0\u00a0\u00a0 \u00a033 CAP\u00cdTULO I. Concepto y Clasificaci\u00f3n\u00a0\u00a0 \u00a0\u00a0\u00a0 \u00a033 CAP\u00cdTULO II. De la Convalidaci\u00f3n de Licencias y Habilitaciones\u00a0\u00a0 \u00a0\u00a0\u00a0 \u00a034 CAP\u00cdTULO III. Del Comandante de la Aeronave\u00a0\u00a0 \u00a0\u00a0\u00a0 \u00a035 T\u00cdTULO IV. De la Circulaci\u00f3n A\u00e9rea\u00a0\u00a0 \u00a0\u00a0\u00a0 \u00a038 CAP\u00cdTULO I. De la Libertad de Circulaci\u00f3n A\u00e9rea y del Ingreso y Salida de Aeronaves del Territorio Nacional\u00a0\u00a0 \u00a0\u00a0\u00a0 \u00a038 CAP\u00cdTULO II. Del Despegue, Vuelo y Aterrizaje de las Aeronaves\u00a0\u00a0 \u00a0\u00a0\u00a0 \u00a039 CAP\u00cdTULO III. De las Facultades de Controlar y Retener Aeronaves\u00a0\u00a0 \u00a0\u00a0\u00a0 \u00a040 CAP\u00cdTULO IV. Del Transporte de Objetos Peligrosos, de la Prohibici\u00f3n de arrojar Objetos y de los Instrumentos de Observaci\u00f3n y Registro\u00a0\u00a0 \u00a0\u00a0\u00a0 \u00a040 CAP\u00cdTULO V. De la Regulaci\u00f3n y Permiso de Ciertos Vuelos Especiales\u00a0\u00a0 \u00a0\u00a0\u00a0 \u00a041 CAP\u00cdTULO VI. De los Documentos que debe portar la Aeronave\u00a0\u00a0 \u00a0\u00a0\u00a0 \u00a041 T\u00cdTULO V. De la Aeron\u00e1utica no Comercial\u00a0\u00a0 \u00a0\u00a0\u00a0 \u00a042 T\u00cdTULO VI. De la Aeron\u00e1utica Comercial\u00a0\u00a0 \u00a0\u00a0\u00a0 \u00a043 T\u00cdTULO VII. Del Explotador\u00a0\u00a0 \u00a0\u00a0\u00a0 \u00a044 T\u00cdTULO VIII. De los Contratos Aeron\u00e1uticos\u00a0\u00a0 \u00a0\u00a0\u00a0 \u00a044 CAP\u00cdTULO I. Del Arrendamiento de Aeronaves\u00a0\u00a0 \u00a0\u00a0\u00a0 \u00a044 CAP\u00cdTULO II. Del Fletamento de Aeronaves\u00a0\u00a0 \u00a0\u00a0\u00a0 \u00a046 CAP\u00cdTULO III. Del Intercambio de Aeronaves\u00a0\u00a0 \u00a0\u00a0\u00a0 \u00a047 CAP\u00cdTULO IV. De la Hipoteca y de los Privilegios\u00a0\u00a0 \u00a0\u00a0\u00a0 \u00a047 CAP\u00cdTULO V. Del Contrato de Transporte A\u00e9reo\u00a0\u00a0 \u00a0\u00a0\u00a0 \u00a051 1. Del transporte de pasajeros y sus derechos\u00a0\u00a0 \u00a0\u00a0\u00a0 \u00a053 2. Del transporte de equipaje\u00a0\u00a0 \u00a0\u00a0\u00a0 \u00a063 3. Del transporte de mercader\u00edas\u00a0\u00a0 \u00a0\u00a0\u00a0 \u00a064 T\u00cdTULO IX. De la Responsabilidad Aeron\u00e1utica\u00a0\u00a0 \u00a0\u00a0\u00a0 \u00a066 CAP\u00cdTULO I. De la Responsabilidad en el Transporte A\u00e9reo\u00a0\u00a0 \u00a0\u00a0\u00a0 \u00a066 CAP\u00cdTULO II. De la Responsabilidad por Da\u00f1os a Terceros en la Superficie\u00a0\u00a0 \u00a0\u00a0\u00a0 \u00a069 CAP\u00cdTULO III. De la Responsabilidad por Abordaje A\u00e9reo\u00a0\u00a0 \u00a0\u00a0\u00a0 \u00a071 CAP\u00cdTULO IV. De los Da\u00f1os Causados a Terceros en la Superficie en caso de Abordaje A\u00e9reo\u00a0\u00a0 \u00a0\u00a0\u00a0 \u00a072 CAP\u00cdTULO V. Disposiciones Generales\u00a0\u00a0 \u00a0\u00a0\u00a0 \u00a073 T\u00cdTULO X. De la B\u00fasqueda, Asistencia y Salvamento de Aeronaves\u00a0\u00a0 \u00a0\u00a0\u00a0 \u00a074 T\u00cdTULO XI. De la Investigaci\u00f3n de Accidentes e Incidentes de Aviaci\u00f3n\u00a0\u00a0 \u00a0\u00a0\u00a0 \u00a075 T\u00cdTULO XII. De la Autoridad Aeron\u00e1utica y de las Infracciones a la Ley y Reglamentos Aeron\u00e1uticos\u00a0\u00a0 \u00a0\u00a0\u00a0 \u00a076 1. De la autoridad aeron\u00e1utica\u00a0\u00a0 \u00a0\u00a0\u00a0 \u00a076 2. De las infracciones o contravenciones\u00a0\u00a0 \u00a0\u00a0\u00a0 \u00a076 T\u00cdTULO XIII. De los Delitos contra la Seguridad de la Aviaci\u00f3n Civil\u00a0\u00a0 \u00a0\u00a0\u00a0 \u00a078 \u00cdNDICE DEL AP\u00c9NDICE DEL C\u00d3DIGO AERON\u00c1UTICO \u2013\u00a0\u00a0 \u00a0DECRETO N\u00ba 509 bis que promulga Convenio de Aviaci\u00f3n Civil Internacional (OACI) o \u201cConvenio de Chicago\u201d (D.O. de 06 de diciembre de 1957)\u00a0\u00a0 \u00a0\u00a0\u00a0 \u00a085 \u2013\u00a0\u00a0 \u00a0Ley N\u00ba 16.752. Fija organizaci\u00f3n y funciones y establece disposiciones generales a la Direcci\u00f3n General de Aeron\u00e1utica Civil (D.O. de 17 de febrero de 1968)\u00a0\u00a0 \u00a0\u00a0\u00a0 \u00a0127 \u2013\u00a0\u00a0 \u00a0Decreto N\u00ba 458. Convenio para la unificaci\u00f3n de ciertas reglas relativas al transporte a\u00e9reo internacional de 12 de octubre de 1929, en Varsovia, y al protocolo que lo modifica de 28 de septiembre de 1955, en La Haya (D.O. de 13 de agosto de 1979)\u00a0\u00a0 \u00a0\u00a0\u00a0 \u00a0145 \u2013\u00a0\u00a0 \u00a0Decreto N\u00ba 1.383. Promulga los protocolos adicionales N\u00bas. 1 y 2 al convenio para la unificaci\u00f3n de ciertas reglas relativas al transporte a\u00e9reo internacional, de 1929 (D.O. de 9 de diciembre de 1997)\u00a0\u00a0 \u00a0\u00a0\u00a0 \u00a0177 \u2013\u00a0\u00a0 \u00a0Decreto Ley N\u00ba 2.564. Dicta normas sobre Aviaci\u00f3n Comercial, modifica los Decretos con Fuerza de Ley N\u00fameros 221, de 1931, y 241, de 1960, y deroga los preceptos que se\u00f1ala (D.O. de 22 de junio de 1979)\u00a0\u00a0 \u00a0\u00a0\u00a0 \u00a0193 \u2013\u00a0\u00a0 \u00a0Decreto Supremo N\u00ba 148. Aprueba Reglamento del Procedimiento Infraccional Aeron\u00e1utico (DAR 51)\u00a0\u00a0 \u00a0\u00a0\u00a0 \u00a0199 \u2013\u00a0\u00a0 \u00a0Decreto N\u00ba 56. Promulga el Convenio para la Unificaci\u00f3n de ciertas reglas para el Transporte A\u00e9reo Internacional, adoptado en Montreal, Canad\u00e1, el 28 de mayo de 1999 (D.O. de 19 de mayo de 2009)\u00a0\u00a0 \u00a0\u00a0\u00a0 \u00a0207 \u2013\u00a0\u00a0 \u00a0Resoluci\u00f3n de la Direcci\u00f3n General de Aeron\u00e1utica Civil. Aprueba la Enmienda 2 a la Edici\u00f3n 2 de la DAN 151 \u201cOperaciones de Aeronaves<\/p>\n","protected":false},"featured_media":2895,"comment_status":"open","ping_status":"closed","template":"","meta":{"inline_featured_image":false,"_joinchat":[]},"product_brand":[],"product_cat":[61],"product_tag":[],"class_list":{"0":"post-2848","1":"product","2":"type-product","3":"status-publish","4":"has-post-thumbnail","6":"product_cat-codigos-de-la-republica-de-chile-ano-2024","7":"product_shipping_class-a-convenir","9":"first","10":"instock","11":"shipping-taxable","12":"purchasable","13":"product-type-simple"},"_links":{"self":[{"href":"https:\/\/bibliotecajuridicavirtual.cl\/index.php\/wp-json\/wp\/v2\/product\/2848","targetHints":{"allow":["GET"]}}],"collection":[{"href":"https:\/\/bibliotecajuridicavirtual.cl\/index.php\/wp-json\/wp\/v2\/product"}],"about":[{"href":"https:\/\/bibliotecajuridicavirtual.cl\/index.php\/wp-json\/wp\/v2\/types\/product"}],"replies":[{"embeddable":true,"href":"https:\/\/bibliotecajuridicavirtual.cl\/index.php\/wp-json\/wp\/v2\/comments?post=2848"}],"wp:featuredmedia":[{"embeddable":true,"href":"https:\/\/bibliotecajuridicavirtual.cl\/index.php\/wp-json\/wp\/v2\/media\/2895"}],"wp:attachment":[{"href":"https:\/\/bibliotecajuridicavirtual.cl\/index.php\/wp-json\/wp\/v2\/media?parent=2848"}],"wp:term":[{"taxonomy":"product_brand","embeddable":true,"href":"https:\/\/bibliotecajuridicavirtual.cl\/index.php\/wp-json\/wp\/v2\/product_brand?post=2848"},{"taxonomy":"product_cat","embeddable":true,"href":"https:\/\/bibliotecajuridicavirtual.cl\/index.php\/wp-json\/wp\/v2\/product_cat?post=2848"},{"taxonomy":"product_tag","embeddable":true,"href":"https:\/\/bibliotecajuridicavirtual.cl\/index.php\/wp-json\/wp\/v2\/product_tag?post=2848"}],"curies":[{"name":"wp","href":"https:\/\/api.w.org\/{rel}","templated":true}]}}