{"id":2879,"date":"2026-02-28T01:06:52","date_gmt":"2026-02-28T04:06:52","guid":{"rendered":"https:\/\/bibliotecajuridicavirtual.cl\/?post_type=product&#038;p=2879"},"modified":"2026-02-28T01:07:15","modified_gmt":"2026-02-28T04:07:15","slug":"manual-derecho-administrativo-tomo-i-conceptos-y-principios-ano-2023-512-pag-autor-cristobal-osorio-vargas-leonardo-vilchez-yanez","status":"publish","type":"product","link":"https:\/\/bibliotecajuridicavirtual.cl\/index.php\/product\/manual-derecho-administrativo-tomo-i-conceptos-y-principios-ano-2023-512-pag-autor-cristobal-osorio-vargas-leonardo-vilchez-yanez\/","title":{"rendered":"Manual Derecho Administrativo &#8211; Tomo I &#8211; Conceptos y Principios. A\u00f1o 2023 \/  512 P\u00e1g. Autor Crist\u00f3bal Osorio Vargas \/ Leonardo V\u00edlchez Y\u00e1\u00f1ez"},"content":{"rendered":"<p>Este primer tomo sistematiza los conceptos y principios fundamentales del Derecho Administrativo; proporcionando la base conceptual para los pr\u00f3ximos tomos y conservando la visi\u00f3n cl\u00e1sica del Derecho Administrativo.<\/p>\n<p>Para cumplir dicha finalidad, el Cap\u00edtulo I, denominado \u201cHistoria y contexto del Derecho Administrativo\u201d, se sit\u00faa en la evoluci\u00f3n hist\u00f3rica del Derecho Administrativo chileno y comparado, analizando sus v\u00ednculos con los procesos sociales.<\/p>\n<p>Luego, en el Cap\u00edtulo II, denominado \u201cConcepto del Derecho Administrativo\u201d, se analizan las diversas conceptualizaciones doctrinarias esta disciplina, considerando las inquietudes, las preguntas o interrogantes que, tradicionalmente, se plantean o hacen las alumnas y alumnos sobre la materia. De esta forma, trataremos de mostrar una visi\u00f3n menos p\u00e9trea del Derecho Administrativo.<br \/>\nEl Cap\u00edtulo III, titulado \u201cLas relaciones del Derecho Administrativo con otras ramas del Derecho\u201d, revive un an\u00e1lisis que se encontraba, desde el tratado del profesor Enrique Silva Cimma hasta la fecha, omitido en los manuales.<\/p>\n<p>Finalmente, el Cap\u00edtulo IV, denominado \u201cPrincipios del Derecho Administrativo\u201d, identifica un conjunto de contenidos que, a nuestro juicio, son trascendentales en el examen del Derecho Administrativo contempor\u00e1neo.<\/p>\n<p>Tal como se\u00f1ala el profesor Luis Cordero Vega en el pr\u00f3logo de la obra:<\/p>\n<p>\u201c\u2026 el presente trabajo realiza un esfuerzo, en primer lugar, por destacar los recientes esfuerzos conceptuales del Derecho Administrativo chileno dando a cada uno de los enfoques que se eligieron en raz\u00f3n de su preponderancia. A continuaci\u00f3n, los autores rescatan el viejo y sano ejercicio de la manual\u00edstica nacional, p\u00e9rdida injustificadamente en el tiempo, en donde relaciona al Derecho Administrativo con otras ramas del Derecho, lo que permite a los autores acreditar la vigencia y utilidad no solo conceptual, sino que adem\u00e1s anal\u00edtica que para la aplicaci\u00f3n de casos concretos tiene esa relaci\u00f3n. Finalmente, este primer tomo rescata los principios estructurantes del Derecho Administrativo proyectando sus efectos en diversas categor\u00edas de intervenci\u00f3n, recurriendo, como lo hacen a trav\u00e9s de todo su trabajo, a la relaci\u00f3n entre expresi\u00f3n dogm\u00e1tica, sistematizaci\u00f3n normativa y aplicaci\u00f3n jurisprudencial.\u201d<\/p>\n","protected":false},"excerpt":{"rendered":"<p>Este primer tomo sistematiza los conceptos y principios fundamentales del Derecho Administrativo; proporcionando la base conceptual para los pr\u00f3ximos tomos y conservando la visi\u00f3n cl\u00e1sica del Derecho Administrativo. Para cumplir dicha finalidad, el Cap\u00edtulo I, denominado \u201cHistoria y contexto del Derecho Administrativo\u201d, se sit\u00faa en la evoluci\u00f3n hist\u00f3rica del Derecho Administrativo chileno y comparado, analizando sus v\u00ednculos con los procesos sociales. Luego, en el Cap\u00edtulo II, denominado \u201cConcepto del Derecho Administrativo\u201d, se analizan las diversas conceptualizaciones doctrinarias esta disciplina, considerando las inquietudes, las preguntas o interrogantes que, tradicionalmente, se plantean o hacen las alumnas y alumnos sobre la materia. De esta forma, trataremos de mostrar una visi\u00f3n menos p\u00e9trea del Derecho Administrativo. El Cap\u00edtulo III, titulado \u201cLas relaciones del Derecho Administrativo con otras ramas del Derecho\u201d, revive un an\u00e1lisis que se encontraba, desde el tratado del profesor Enrique Silva Cimma hasta la fecha, omitido en los manuales. Finalmente, el Cap\u00edtulo IV, denominado \u201cPrincipios del Derecho Administrativo\u201d, identifica un conjunto de contenidos que, a nuestro juicio, son trascendentales en el examen del Derecho Administrativo contempor\u00e1neo. Tal como se\u00f1ala el profesor Luis Cordero Vega en el pr\u00f3logo de la obra: \u201c\u2026 el presente trabajo realiza un esfuerzo, en primer lugar, por destacar los recientes esfuerzos conceptuales del Derecho Administrativo chileno dando a cada uno de los enfoques que se eligieron en raz\u00f3n de su preponderancia. A continuaci\u00f3n, los autores rescatan el viejo y sano ejercicio de la manual\u00edstica nacional, p\u00e9rdida injustificadamente en el tiempo, en donde relaciona al Derecho Administrativo con otras ramas del Derecho, lo que permite a los autores acreditar la vigencia y utilidad no solo conceptual, sino que adem\u00e1s anal\u00edtica que para la aplicaci\u00f3n de casos concretos tiene esa relaci\u00f3n. Finalmente, este primer tomo rescata los principios estructurantes del Derecho Administrativo proyectando sus efectos en diversas categor\u00edas de intervenci\u00f3n, recurriendo, como lo hacen a trav\u00e9s de todo su trabajo, a la relaci\u00f3n entre expresi\u00f3n dogm\u00e1tica, sistematizaci\u00f3n normativa y aplicaci\u00f3n jurisprudencial.\u201d<\/p>\n","protected":false},"featured_media":2928,"comment_status":"open","ping_status":"closed","template":"","meta":{"inline_featured_image":false,"_joinchat":[]},"product_brand":[],"product_cat":[45,38],"product_tag":[],"class_list":{"0":"post-2879","1":"product","2":"type-product","3":"status-publish","4":"has-post-thumbnail","6":"product_cat-administrativo","7":"product_cat-editorial-der-ediciones","8":"product_shipping_class-a-convenir","10":"first","11":"instock","12":"shipping-taxable","13":"purchasable","14":"product-type-simple"},"_links":{"self":[{"href":"https:\/\/bibliotecajuridicavirtual.cl\/index.php\/wp-json\/wp\/v2\/product\/2879","targetHints":{"allow":["GET"]}}],"collection":[{"href":"https:\/\/bibliotecajuridicavirtual.cl\/index.php\/wp-json\/wp\/v2\/product"}],"about":[{"href":"https:\/\/bibliotecajuridicavirtual.cl\/index.php\/wp-json\/wp\/v2\/types\/product"}],"replies":[{"embeddable":true,"href":"https:\/\/bibliotecajuridicavirtual.cl\/index.php\/wp-json\/wp\/v2\/comments?post=2879"}],"wp:featuredmedia":[{"embeddable":true,"href":"https:\/\/bibliotecajuridicavirtual.cl\/index.php\/wp-json\/wp\/v2\/media\/2928"}],"wp:attachment":[{"href":"https:\/\/bibliotecajuridicavirtual.cl\/index.php\/wp-json\/wp\/v2\/media?parent=2879"}],"wp:term":[{"taxonomy":"product_brand","embeddable":true,"href":"https:\/\/bibliotecajuridicavirtual.cl\/index.php\/wp-json\/wp\/v2\/product_brand?post=2879"},{"taxonomy":"product_cat","embeddable":true,"href":"https:\/\/bibliotecajuridicavirtual.cl\/index.php\/wp-json\/wp\/v2\/product_cat?post=2879"},{"taxonomy":"product_tag","embeddable":true,"href":"https:\/\/bibliotecajuridicavirtual.cl\/index.php\/wp-json\/wp\/v2\/product_tag?post=2879"}],"curies":[{"name":"wp","href":"https:\/\/api.w.org\/{rel}","templated":true}]}}