{"id":2881,"date":"2026-02-28T01:06:52","date_gmt":"2026-02-28T04:06:52","guid":{"rendered":"https:\/\/bibliotecajuridicavirtual.cl\/?post_type=product&#038;p=2881"},"modified":"2026-02-28T01:07:18","modified_gmt":"2026-02-28T04:07:18","slug":"manual-derecho-administrativo-tomo-iii-procedimientos-administrativo-ano-2022-690-pag-autor-cristobal-osorio-vargas","status":"publish","type":"product","link":"https:\/\/bibliotecajuridicavirtual.cl\/index.php\/product\/manual-derecho-administrativo-tomo-iii-procedimientos-administrativo-ano-2022-690-pag-autor-cristobal-osorio-vargas\/","title":{"rendered":"Manual Derecho Administrativo &#8211; Tomo III &#8211; Procedimientos Administrativo. A\u00f1o 2022\/  690 P\u00e1g. Autor  Crist\u00f3bal Osorio Vargas."},"content":{"rendered":"<div>Incluye Ley N\u00ba 21.180, sobre Transformaci\u00f3n Digital del Estado<\/div>\n<div>\n<div title=\"P\u00e1gina 1\">\n<div>\n<div>En esta obra se enfocar\u00e1 en estudiar la Ley N\u00ba 19.880, que establece las bases de los procedimientos administrativos que rigen los actos de los \u00f3rganos de la Administraci\u00f3n del Estado.Asimismo, examine el surgimiento del procedimiento administrativo electr\u00f3nico a la luz de las modificaciones necesarias por la Ley N\u00ba 21.180, y la adaptaci\u00f3n del procedimiento administrativo al nuevo Estado digital.As\u00ed, es un libro sobre el Procedimiento Administrativo de tramitaci\u00f3n de papel y digital.De esta forma, cobra especial relevancia en este estudio el an\u00e1lisis de los principios del procedimiento administrativo \u2013y la irrupci\u00f3n de nuevos principios como son los de neutralidad tecnol\u00f3gica, de actualizaci\u00f3n, de equivalencia funcional, de fidelidad, de interoperabilidad y de cooperaci\u00f3n\u2013, las reglas comunes,el procedimiento propiamente tal y la institucion del silencio administrativo.Se examinar\u00e1 no obstante el conjunto de reformas que se han introducido a dicho marco normativo en el proceso de digitalizaci\u00f3n del Estado que se concreta con la Ley N\u00ba 21.180.Hasta la entrada completa en vigencia de las reformas de esta ley a todos los organismos de la Administraci\u00f3n del Estado, lo que ocurrir\u00e1 no obstante el 11 de noviembre de 2024, se hace indispensable examinar el procedimiento administrativo \u201cpredigitalizaci\u00f3n\u201d y el \u201cnuevo post digitalizaci\u00f3n\u201d , en tanto la normativa aludida entra en vigencia.Asimismo, en el del procedimiento administrativo \u201cnuevo post digitalizaci\u00f3n\u201d se hace necesario aludir a normas que complementan el estudio de regulaci\u00f3n de la Ley N\u00ba 21.180, por un lado;el DFL N\u00ba 1, de 6 de abril de 2021,<\/div>\n<\/div>\n<\/div>\n<p>&nbsp;<\/p>\n<\/div>\n","protected":false},"excerpt":{"rendered":"<p>Incluye Ley N\u00ba 21.180, sobre Transformaci\u00f3n Digital del Estado En esta obra se enfocar\u00e1 en estudiar la Ley N\u00ba 19.880, que establece las bases de los procedimientos administrativos que rigen los actos de los \u00f3rganos de la Administraci\u00f3n del Estado.Asimismo, examine el surgimiento del procedimiento administrativo electr\u00f3nico a la luz de las modificaciones necesarias por la Ley N\u00ba 21.180, y la adaptaci\u00f3n del procedimiento administrativo al nuevo Estado digital.As\u00ed, es un libro sobre el Procedimiento Administrativo de tramitaci\u00f3n de papel y digital.De esta forma, cobra especial relevancia en este estudio el an\u00e1lisis de los principios del procedimiento administrativo \u2013y la irrupci\u00f3n de nuevos principios como son los de neutralidad tecnol\u00f3gica, de actualizaci\u00f3n, de equivalencia funcional, de fidelidad, de interoperabilidad y de cooperaci\u00f3n\u2013, las reglas comunes,el procedimiento propiamente tal y la institucion del silencio administrativo.Se examinar\u00e1 no obstante el conjunto de reformas que se han introducido a dicho marco normativo en el proceso de digitalizaci\u00f3n del Estado que se concreta con la Ley N\u00ba 21.180.Hasta la entrada completa en vigencia de las reformas de esta ley a todos los organismos de la Administraci\u00f3n del Estado, lo que ocurrir\u00e1 no obstante el 11 de noviembre de 2024, se hace indispensable examinar el procedimiento administrativo \u201cpredigitalizaci\u00f3n\u201d y el \u201cnuevo post digitalizaci\u00f3n\u201d , en tanto la normativa aludida entra en vigencia.Asimismo, en el del procedimiento administrativo \u201cnuevo post digitalizaci\u00f3n\u201d se hace necesario aludir a normas que complementan el estudio de regulaci\u00f3n de la Ley N\u00ba 21.180, por un lado;el DFL N\u00ba 1, de 6 de abril de 2021, &nbsp;<\/p>\n","protected":false},"featured_media":2930,"comment_status":"open","ping_status":"closed","template":"","meta":{"inline_featured_image":false,"_joinchat":[]},"product_brand":[],"product_cat":[45,38],"product_tag":[],"class_list":{"0":"post-2881","1":"product","2":"type-product","3":"status-publish","4":"has-post-thumbnail","6":"product_cat-administrativo","7":"product_cat-editorial-der-ediciones","8":"product_shipping_class-a-convenir","10":"first","11":"instock","12":"shipping-taxable","13":"purchasable","14":"product-type-simple"},"_links":{"self":[{"href":"https:\/\/bibliotecajuridicavirtual.cl\/index.php\/wp-json\/wp\/v2\/product\/2881","targetHints":{"allow":["GET"]}}],"collection":[{"href":"https:\/\/bibliotecajuridicavirtual.cl\/index.php\/wp-json\/wp\/v2\/product"}],"about":[{"href":"https:\/\/bibliotecajuridicavirtual.cl\/index.php\/wp-json\/wp\/v2\/types\/product"}],"replies":[{"embeddable":true,"href":"https:\/\/bibliotecajuridicavirtual.cl\/index.php\/wp-json\/wp\/v2\/comments?post=2881"}],"wp:featuredmedia":[{"embeddable":true,"href":"https:\/\/bibliotecajuridicavirtual.cl\/index.php\/wp-json\/wp\/v2\/media\/2930"}],"wp:attachment":[{"href":"https:\/\/bibliotecajuridicavirtual.cl\/index.php\/wp-json\/wp\/v2\/media?parent=2881"}],"wp:term":[{"taxonomy":"product_brand","embeddable":true,"href":"https:\/\/bibliotecajuridicavirtual.cl\/index.php\/wp-json\/wp\/v2\/product_brand?post=2881"},{"taxonomy":"product_cat","embeddable":true,"href":"https:\/\/bibliotecajuridicavirtual.cl\/index.php\/wp-json\/wp\/v2\/product_cat?post=2881"},{"taxonomy":"product_tag","embeddable":true,"href":"https:\/\/bibliotecajuridicavirtual.cl\/index.php\/wp-json\/wp\/v2\/product_tag?post=2881"}],"curies":[{"name":"wp","href":"https:\/\/api.w.org\/{rel}","templated":true}]}}