{"id":2883,"date":"2026-02-28T01:06:52","date_gmt":"2026-02-28T04:06:52","guid":{"rendered":"https:\/\/bibliotecajuridicavirtual.cl\/?post_type=product&#038;p=2883"},"modified":"2026-02-28T01:07:20","modified_gmt":"2026-02-28T04:07:20","slug":"infracciones-y-sanciones-administrativas-ano-2021-244-pag-autor-rosa-fernando-gomez-gonzales","status":"publish","type":"product","link":"https:\/\/bibliotecajuridicavirtual.cl\/index.php\/product\/infracciones-y-sanciones-administrativas-ano-2021-244-pag-autor-rosa-fernando-gomez-gonzales\/","title":{"rendered":"Infracciones y Sanciones Administrativas. A\u00f1o 2021\/244 P\u00e1g. Autor Rosa Fernando G\u00f3mez Gonzales"},"content":{"rendered":"<p>Este libro tiene por objeto dar cuenta de los or\u00edgenes, fundamento y desarrollos de la potestad sancionadora en Chile, con especial \u00e9nfasis en los conceptos de infracci\u00f3n y sanci\u00f3n administrativa.Todo ello a partir de una revisi\u00f3n de la legislaci\u00f3n, jurisprudencia y dogm\u00e1tica b\u00e1sica existente en nuestro ordenamiento jur\u00eddico, sin perjuicio del estudio y an\u00e1lisis de fuentes de derecho comparado.<\/p>\n<p>Adem\u00e1s, se ofrece un anexo con las obras y publicaciones hist\u00f3ricas sobre la potestad sancionadora de la Administraci\u00f3n en Chile, las cuales han sido sistematizadas para ofrecer al lector una gu\u00eda en torno a la evoluci\u00f3n y aportes de la doctrina cient\u00edfica nacional al desarrollo del derecho administrativo sancionador<\/p>\n","protected":false},"excerpt":{"rendered":"<p>Este libro tiene por objeto dar cuenta de los or\u00edgenes, fundamento y desarrollos de la potestad sancionadora en Chile, con especial \u00e9nfasis en los conceptos de infracci\u00f3n y sanci\u00f3n administrativa.Todo ello a partir de una revisi\u00f3n de la legislaci\u00f3n, jurisprudencia y dogm\u00e1tica b\u00e1sica existente en nuestro ordenamiento jur\u00eddico, sin perjuicio del estudio y an\u00e1lisis de fuentes de derecho comparado. Adem\u00e1s, se ofrece un anexo con las obras y publicaciones hist\u00f3ricas sobre la potestad sancionadora de la Administraci\u00f3n en Chile, las cuales han sido sistematizadas para ofrecer al lector una gu\u00eda en torno a la evoluci\u00f3n y aportes de la doctrina cient\u00edfica nacional al desarrollo del derecho administrativo sancionador<\/p>\n","protected":false},"featured_media":2932,"comment_status":"open","ping_status":"closed","template":"","meta":{"inline_featured_image":false,"_joinchat":[]},"product_brand":[],"product_cat":[45,38],"product_tag":[],"class_list":{"0":"post-2883","1":"product","2":"type-product","3":"status-publish","4":"has-post-thumbnail","6":"product_cat-administrativo","7":"product_cat-editorial-der-ediciones","8":"product_shipping_class-a-convenir","10":"first","11":"instock","12":"shipping-taxable","13":"purchasable","14":"product-type-simple"},"_links":{"self":[{"href":"https:\/\/bibliotecajuridicavirtual.cl\/index.php\/wp-json\/wp\/v2\/product\/2883","targetHints":{"allow":["GET"]}}],"collection":[{"href":"https:\/\/bibliotecajuridicavirtual.cl\/index.php\/wp-json\/wp\/v2\/product"}],"about":[{"href":"https:\/\/bibliotecajuridicavirtual.cl\/index.php\/wp-json\/wp\/v2\/types\/product"}],"replies":[{"embeddable":true,"href":"https:\/\/bibliotecajuridicavirtual.cl\/index.php\/wp-json\/wp\/v2\/comments?post=2883"}],"wp:featuredmedia":[{"embeddable":true,"href":"https:\/\/bibliotecajuridicavirtual.cl\/index.php\/wp-json\/wp\/v2\/media\/2932"}],"wp:attachment":[{"href":"https:\/\/bibliotecajuridicavirtual.cl\/index.php\/wp-json\/wp\/v2\/media?parent=2883"}],"wp:term":[{"taxonomy":"product_brand","embeddable":true,"href":"https:\/\/bibliotecajuridicavirtual.cl\/index.php\/wp-json\/wp\/v2\/product_brand?post=2883"},{"taxonomy":"product_cat","embeddable":true,"href":"https:\/\/bibliotecajuridicavirtual.cl\/index.php\/wp-json\/wp\/v2\/product_cat?post=2883"},{"taxonomy":"product_tag","embeddable":true,"href":"https:\/\/bibliotecajuridicavirtual.cl\/index.php\/wp-json\/wp\/v2\/product_tag?post=2883"}],"curies":[{"name":"wp","href":"https:\/\/api.w.org\/{rel}","templated":true}]}}