{"id":2885,"date":"2026-02-28T01:06:52","date_gmt":"2026-02-28T04:06:52","guid":{"rendered":"https:\/\/bibliotecajuridicavirtual.cl\/?post_type=product&#038;p=2885"},"modified":"2026-02-28T01:07:22","modified_gmt":"2026-02-28T04:07:22","slug":"vicios-del-acto-administrativo-ano-2019-156-pag-autor-fabian-huepe-artigas-baltazar-morales-espinoza-y-francisco-santibanez-yanez","status":"publish","type":"product","link":"https:\/\/bibliotecajuridicavirtual.cl\/index.php\/product\/vicios-del-acto-administrativo-ano-2019-156-pag-autor-fabian-huepe-artigas-baltazar-morales-espinoza-y-francisco-santibanez-yanez\/","title":{"rendered":"Vicios del Acto Administrativo. A\u00f1o 2019\/156 P\u00e1g. Autor Fabian Huepe Artigas, Baltazar Morales Espinoza y Francisco Santib\u00e1\u00f1ez Y\u00e1\u00f1ez"},"content":{"rendered":"<p>En esta obra los autores abordan en detalle, en la primera parte, el contenido del acto administrativo, su visi\u00f3n desde la doctrina, la jurisprudencia administrativa y judicial; los actos de gobiernos o pol\u00edticos y si estos son susceptibles o no de control judicial. Analiza tambi\u00e9n los elementos del acto administrativo y su manifestaci\u00f3n. En la segunda parte, se analizan las causales y aspectos procesales de la nulidad del acto administrativo, cuya importancia radica, por una parte, que en nuestro ordenamiento jur\u00eddico el legislador no ha dado un tratamiento sistematizado a la nulidad del acto administrativo, y por la otra, que existen diversos mecanismos de impugnaci\u00f3n, tanto especiales como generales, que difieren en el procedimiento aplicable como en sus efectos. La tercera parte examina la naturaleza jur\u00eddica de la resoluci\u00f3n judicial que declara la nulidad, aportando la visi\u00f3n de la doctrina y la jurisprudencia al respecto; sus efectos y los l\u00edmites a la declaraci\u00f3n judicial de nulidad; y la responsabilidad del estado por declaraci\u00f3n judicial de nulidad. Cada parte concluye con un glosario de t\u00e9rminos, y preguntas y respuestas practicas.<\/p>\n","protected":false},"excerpt":{"rendered":"<p>En esta obra los autores abordan en detalle, en la primera parte, el contenido del acto administrativo, su visi\u00f3n desde la doctrina, la jurisprudencia administrativa y judicial; los actos de gobiernos o pol\u00edticos y si estos son susceptibles o no de control judicial. Analiza tambi\u00e9n los elementos del acto administrativo y su manifestaci\u00f3n. En la segunda parte, se analizan las causales y aspectos procesales de la nulidad del acto administrativo, cuya importancia radica, por una parte, que en nuestro ordenamiento jur\u00eddico el legislador no ha dado un tratamiento sistematizado a la nulidad del acto administrativo, y por la otra, que existen diversos mecanismos de impugnaci\u00f3n, tanto especiales como generales, que difieren en el procedimiento aplicable como en sus efectos. La tercera parte examina la naturaleza jur\u00eddica de la resoluci\u00f3n judicial que declara la nulidad, aportando la visi\u00f3n de la doctrina y la jurisprudencia al respecto; sus efectos y los l\u00edmites a la declaraci\u00f3n judicial de nulidad; y la responsabilidad del estado por declaraci\u00f3n judicial de nulidad. Cada parte concluye con un glosario de t\u00e9rminos, y preguntas y respuestas practicas.<\/p>\n","protected":false},"featured_media":2934,"comment_status":"open","ping_status":"closed","template":"","meta":{"inline_featured_image":false,"_joinchat":[]},"product_brand":[],"product_cat":[45,38],"product_tag":[],"class_list":{"0":"post-2885","1":"product","2":"type-product","3":"status-publish","4":"has-post-thumbnail","6":"product_cat-administrativo","7":"product_cat-editorial-der-ediciones","8":"product_shipping_class-a-convenir","10":"first","11":"instock","12":"shipping-taxable","13":"purchasable","14":"product-type-simple"},"_links":{"self":[{"href":"https:\/\/bibliotecajuridicavirtual.cl\/index.php\/wp-json\/wp\/v2\/product\/2885","targetHints":{"allow":["GET"]}}],"collection":[{"href":"https:\/\/bibliotecajuridicavirtual.cl\/index.php\/wp-json\/wp\/v2\/product"}],"about":[{"href":"https:\/\/bibliotecajuridicavirtual.cl\/index.php\/wp-json\/wp\/v2\/types\/product"}],"replies":[{"embeddable":true,"href":"https:\/\/bibliotecajuridicavirtual.cl\/index.php\/wp-json\/wp\/v2\/comments?post=2885"}],"wp:featuredmedia":[{"embeddable":true,"href":"https:\/\/bibliotecajuridicavirtual.cl\/index.php\/wp-json\/wp\/v2\/media\/2934"}],"wp:attachment":[{"href":"https:\/\/bibliotecajuridicavirtual.cl\/index.php\/wp-json\/wp\/v2\/media?parent=2885"}],"wp:term":[{"taxonomy":"product_brand","embeddable":true,"href":"https:\/\/bibliotecajuridicavirtual.cl\/index.php\/wp-json\/wp\/v2\/product_brand?post=2885"},{"taxonomy":"product_cat","embeddable":true,"href":"https:\/\/bibliotecajuridicavirtual.cl\/index.php\/wp-json\/wp\/v2\/product_cat?post=2885"},{"taxonomy":"product_tag","embeddable":true,"href":"https:\/\/bibliotecajuridicavirtual.cl\/index.php\/wp-json\/wp\/v2\/product_tag?post=2885"}],"curies":[{"name":"wp","href":"https:\/\/api.w.org\/{rel}","templated":true}]}}