{"id":2886,"date":"2026-02-28T01:06:52","date_gmt":"2026-02-28T04:06:52","guid":{"rendered":"https:\/\/bibliotecajuridicavirtual.cl\/?post_type=product&#038;p=2886"},"modified":"2026-02-28T01:07:23","modified_gmt":"2026-02-28T04:07:23","slug":"dano-moral-en-el-derecho-del-consumo-ano-2019-660-pag-autor-fabian-gonzales-cazorla","status":"publish","type":"product","link":"https:\/\/bibliotecajuridicavirtual.cl\/index.php\/product\/dano-moral-en-el-derecho-del-consumo-ano-2019-660-pag-autor-fabian-gonzales-cazorla\/","title":{"rendered":"Da\u00f1o Moral en el Derecho del Consumo. A\u00f1o 2019\/660 P\u00e1g. Autor Fabian Gonzales Cazorla"},"content":{"rendered":"<p>Esta obra invita a todos aquellos que resulten interesados en profundizar sobre la indemnizaci\u00f3n del da\u00f1o moral en la relaci\u00f3n de consumo a un an\u00e1lisis con un alto contenido dogm\u00e1tico, pero al mismo tiempo con un enfoque pr\u00e1ctico. Para articular dichas reflexiones, el trabajo propone los diversos \u00e1mbitos o formas en que se crea una relaci\u00f3n de consumo, con o sin acto jur\u00eddico oneroso, que inciden en los supuestos en que se solicita la reparaci\u00f3n del da\u00f1o moral por el consumidor.<br \/>\nHasta el momento no se encuentran otras obras en el medio nacional que se refieran exclusivamente a la protecci\u00f3n de la integridad moral del consumidor por un hecho atribuible al proveedor; tampoco existen estudios dogm\u00e1ticos que se dirijan a ese punto en particular, ni mucho menos la exposici\u00f3n sistem\u00e1tica de sentencias para evaluar la reacci\u00f3n que han tenido los tribunales superiores de justicia.<\/p>\n<p>En ese sentido, estas p\u00e1ginas son \u00fatiles para aquellos que se inserten en el estudio del derecho del consumo, los mecanismos de reparaci\u00f3n y, en particular, la indemnizaci\u00f3n de da\u00f1os en favor del consumidor.<\/p>\n<p>Se expone la instituci\u00f3n del da\u00f1o moral en el Derecho del consumo en Chile, llevando la reflexi\u00f3n a la configuraci\u00f3n de los presupuestos de procedencia y la reacci\u00f3n de la pr\u00e1ctica judicial. Para ello, se analizan cerca de 300 sentencias sobre da\u00f1o moral en formato de fichas (siguiendo el orden dispuesto en el cap\u00edtulo I), permitiendo al lector enfocarse en los temas que m\u00e1s inter\u00e9s le presentan y encontrar la jurisprudencia relevante y vigente de manera r\u00e1pida.<strong><br \/>\n<\/strong><\/p>\n<p>&nbsp;<\/p>\n","protected":false},"excerpt":{"rendered":"<p>Esta obra invita a todos aquellos que resulten interesados en profundizar sobre la indemnizaci\u00f3n del da\u00f1o moral en la relaci\u00f3n de consumo a un an\u00e1lisis con un alto contenido dogm\u00e1tico, pero al mismo tiempo con un enfoque pr\u00e1ctico. Para articular dichas reflexiones, el trabajo propone los diversos \u00e1mbitos o formas en que se crea una relaci\u00f3n de consumo, con o sin acto jur\u00eddico oneroso, que inciden en los supuestos en que se solicita la reparaci\u00f3n del da\u00f1o moral por el consumidor. Hasta el momento no se encuentran otras obras en el medio nacional que se refieran exclusivamente a la protecci\u00f3n de la integridad moral del consumidor por un hecho atribuible al proveedor; tampoco existen estudios dogm\u00e1ticos que se dirijan a ese punto en particular, ni mucho menos la exposici\u00f3n sistem\u00e1tica de sentencias para evaluar la reacci\u00f3n que han tenido los tribunales superiores de justicia. En ese sentido, estas p\u00e1ginas son \u00fatiles para aquellos que se inserten en el estudio del derecho del consumo, los mecanismos de reparaci\u00f3n y, en particular, la indemnizaci\u00f3n de da\u00f1os en favor del consumidor. Se expone la instituci\u00f3n del da\u00f1o moral en el Derecho del consumo en Chile, llevando la reflexi\u00f3n a la configuraci\u00f3n de los presupuestos de procedencia y la reacci\u00f3n de la pr\u00e1ctica judicial. Para ello, se analizan cerca de 300 sentencias sobre da\u00f1o moral en formato de fichas (siguiendo el orden dispuesto en el cap\u00edtulo I), permitiendo al lector enfocarse en los temas que m\u00e1s inter\u00e9s le presentan y encontrar la jurisprudencia relevante y vigente de manera r\u00e1pida. &nbsp;<\/p>\n","protected":false},"featured_media":2935,"comment_status":"open","ping_status":"closed","template":"","meta":{"inline_featured_image":false,"_joinchat":[]},"product_brand":[],"product_cat":[27,38],"product_tag":[],"class_list":{"0":"post-2886","1":"product","2":"type-product","3":"status-publish","4":"has-post-thumbnail","6":"product_cat-civil","7":"product_cat-editorial-der-ediciones","8":"product_shipping_class-a-convenir","10":"first","11":"instock","12":"shipping-taxable","13":"purchasable","14":"product-type-simple"},"_links":{"self":[{"href":"https:\/\/bibliotecajuridicavirtual.cl\/index.php\/wp-json\/wp\/v2\/product\/2886","targetHints":{"allow":["GET"]}}],"collection":[{"href":"https:\/\/bibliotecajuridicavirtual.cl\/index.php\/wp-json\/wp\/v2\/product"}],"about":[{"href":"https:\/\/bibliotecajuridicavirtual.cl\/index.php\/wp-json\/wp\/v2\/types\/product"}],"replies":[{"embeddable":true,"href":"https:\/\/bibliotecajuridicavirtual.cl\/index.php\/wp-json\/wp\/v2\/comments?post=2886"}],"wp:featuredmedia":[{"embeddable":true,"href":"https:\/\/bibliotecajuridicavirtual.cl\/index.php\/wp-json\/wp\/v2\/media\/2935"}],"wp:attachment":[{"href":"https:\/\/bibliotecajuridicavirtual.cl\/index.php\/wp-json\/wp\/v2\/media?parent=2886"}],"wp:term":[{"taxonomy":"product_brand","embeddable":true,"href":"https:\/\/bibliotecajuridicavirtual.cl\/index.php\/wp-json\/wp\/v2\/product_brand?post=2886"},{"taxonomy":"product_cat","embeddable":true,"href":"https:\/\/bibliotecajuridicavirtual.cl\/index.php\/wp-json\/wp\/v2\/product_cat?post=2886"},{"taxonomy":"product_tag","embeddable":true,"href":"https:\/\/bibliotecajuridicavirtual.cl\/index.php\/wp-json\/wp\/v2\/product_tag?post=2886"}],"curies":[{"name":"wp","href":"https:\/\/api.w.org\/{rel}","templated":true}]}}