{"id":2909,"date":"2026-02-28T01:07:13","date_gmt":"2026-02-28T04:07:13","guid":{"rendered":"https:\/\/bibliotecajuridicavirtual.cl\/?post_type=product&#038;p=2909"},"modified":"2026-02-28T01:07:27","modified_gmt":"2026-02-28T04:07:27","slug":"curso-de-derecho-procesal-civil-3-era-edicion-ano-2023-314-pag-autor-cristian-ramirez-tagle","status":"publish","type":"product","link":"https:\/\/bibliotecajuridicavirtual.cl\/index.php\/product\/curso-de-derecho-procesal-civil-3-era-edicion-ano-2023-314-pag-autor-cristian-ramirez-tagle\/","title":{"rendered":"Curso de Derecho Procesal Civil &#8211; 3 Era Edici\u00f3n. A\u00f1o 2023\/ 314 P\u00e1g. Autor Cristi\u00e1n Ram\u00edrez Tagle"},"content":{"rendered":"<p style=\"font-weight: 400;\">Esta obra constituye un esfuerzo acad\u00e9mico de su autor, de sistematizar la labor realizada por a\u00f1os en la sala de clases. Consiste en presentar un panorama actualizado y eminentemente pr\u00e1ctico del derecho procesal civil, desde una perspectiva cognitiva. La obra, desarrolla primeramente los Incidentes. Luego explica las Medidas Cautelares, Prejudiciales y Precautorias. En el cap\u00edtulo siguiente se tratan los procedimientos declarativos m\u00e1s importantes, el Juicio Ordinario de Mayor Cuant\u00eda, el de Menor Cuant\u00eda y el Juicio Sumario, siempre analizados desde la perspectiva positiva y emp\u00edrica. El Juicio Ejecutivo es tratado con posterioridad, el de obligaci\u00f3n de dar, de hacer y no hacer, conforme al efecto lo contempla el C\u00f3digo de Procedimiento Civil. Finalmente, se contienen los recursos jurisdiccionales.<\/p>\n<ol>\n<li style=\"font-weight: 400;\"><b><strong> INTRODUCCI\u00d3N\n<p><\/strong><\/b><\/li>\n<li style=\"font-weight: 400;\"><b><strong> LOS INCIDENTES<\/strong><\/b>\n<p>A) Cuestiones generales<br \/>\n1. Concepto<br \/>\n2. Requisitos<br \/>\n3. Caracter\u00edsticas<br \/>\n4. Clasificaciones<br \/>\n5. Oportunidad para promover incidentes<br \/>\n6. Multiplicidad de incidentes<\/li>\n<li style=\"font-weight: 400;\">B) El incidente ordinario<br \/>\nCasos en que se genera un incidente ordinario<br \/>\n2. Tramitaci\u00f3n del incidente ordinario<\/p>\n<p>C) Los incidentes especiales<\/p>\n<p>(I) Incidente de acumulaci\u00f3n de autos (Arts. 92 a 100)<br \/>\n1. Concepto<br \/>\n2. Requisitos de procedencia<br \/>\n3. Tramitaci\u00f3n<br \/>\n4. Efectos de la acumulaci\u00f3n de autos<\/p>\n<p>(II) Cuestiones de competencia (Arts. 101 a 112 CPC)<br \/>\nA) Inhibitoria<br \/>\nB) Declinatoria<br \/>\nC) Paralelo entre la declinatoria y la inhibitoria<\/p>\n<p>(III) Las implicancias y las recusaciones (Arts. 113 a 128)<\/p>\n<p>(IV) El privilegio de pobreza (Arts. 129 a 136 CPC)<\/p>\n<p>(V) Tasaci\u00f3n de costas<br \/>\nA) Las costas (Arts. 25 a 28)<br \/>\nB) La condena en costas<br \/>\nC) El incidente de tasaci\u00f3n de costas<\/p>\n<p>(VI) El desistimiento de la demanda (Arts. 148 a 151)<\/p>\n<p>(VII) El abandono del procedimiento (Arts. 152-157)<\/li>\n<\/ol>\n<p style=\"font-weight: 400;\"><b><strong>LA NULIDAD PROCESAL<\/strong><\/b><\/p>\n<p>A) El incidente ordinario de nulidad de lo obrado<br \/>\nB) Los incidentes especiales de nulidad<br \/>\nC) La nulidad de oficio<br \/>\nD) La extensi\u00f3n de la nulidad procesal<\/p>\n<p style=\"font-weight: 400;\"><b><strong>III. MEDIDAS PREJUDICIALES<\/strong><\/b><\/p>\n<p>A) Concepto<br \/>\nB) Caracter\u00edsticas<br \/>\nC) Clasificaci\u00f3n de las medidas prejudiciales<br \/>\nD) Esquema<br \/>\nE) Estudio en particular de las medidas prejudiciales propiamente tales<br \/>\nF) Estudio en particular de las medidas prejudiciales probatorias<br \/>\n1. Inspecci\u00f3n ocular, informe pericial y certificado<br \/>\n2. Absoluci\u00f3n de posiciones<br \/>\n3. Declaraciones de testigos<br \/>\nG) Estudio en particular de las medidas precautorias<br \/>\n1. El secuestro de la cosa que es objeto de la demanda<br \/>\n2. El nombramiento de uno o m\u00e1s interventores<br \/>\n3. Retenci\u00f3n de bienes<br \/>\n4. Prohibici\u00f3n de celebrar actos o contratos<br \/>\nH) Acuulabilidad de las medidas precautorias<br \/>\nI) Medidas precautorias innominadas<br \/>\nJ) Requisitos generales de las medidas prejudiciales<br \/>\nL) Tribunal competente para conocer de las medidas prejudiciales<br \/>\nL) Titular de la acci\u00f3n<br \/>\nM) Recurso de Apelaci\u00f3n<br \/>\nN) Requisitos generale de las medidas precautorias<br \/>\n\u00d1) Tramitaci\u00f3n de las medidas precautorias<\/p>\n<ol>\n<li style=\"font-weight: 400;\"><b><strong> EL PROCEDIMIENTO ORDINARIO DE MAYOR CUANT\u00cdA<\/strong><\/b>\n<p>A) El procedimiento ordinario de mayor cuant\u00eda<br \/>\nB) Campo de aplicaci\u00f3n del procedimiento ordinario de mayor cuant\u00eda<br \/>\nC) C\u00f3mo se estructura el procedimiento de mayor cuant\u00eda<br \/>\nFases de los momentos jurisdiccionales<br \/>\nTr\u00e1mites de los momentos jurisdiccionales<br \/>\nAn\u00e1lisis de las fases<br \/>\nD) \u00bfC\u00f3mo se inicia el juicio ordinario de mayor cuant\u00eda?<br \/>\n1. Los instrumentos<br \/>\n2. Prueba testimonial<br \/>\n3. Prueba confesional<\/p>\n<p><b><strong>V. JUICIO ORDINARIO DE MENOR CUANT\u00cdA<\/p>\n<p><\/strong><\/b><b><strong>VI. JUICIO ORDINARIO DE M\u00cdNIMA CUANT\u00cdA<\/strong><\/b><\/p>\n<p><b><strong>VII. PROCEDIMIENTO SUMARIO<\/strong><\/b><\/p>\n<p><b><strong>VIII. JUICIO EJECUTIVO<\/strong><\/b><\/p>\n<p>1. T\u00edtulo ejecutivo<br \/>\n2. Que la obligaci\u00f3n sea l\u00edquida<br \/>\n3. La obligaci\u00f3n actualmente exigible<br \/>\n4. La acci\u00f3n ejecutiva no se encuentre prescrita<br \/>\nTramitaci\u00f3n del juicio ejecutivo<\/p>\n<p><b><strong>CUADERNO PRINCIPAL<br \/>\n<\/strong><\/b><br \/>\n1. Demanda ejecutiva y mandamiento de ejecuci\u00f3n y embargo<br \/>\n2. Una vez requerido de pago el deudor puede asumir tres actitudes<br \/>\n3. Diferencias entre las excepciones del juicio ejecutivo y del ordinaro de mayor cuant\u00eda<br \/>\n4. Respuesta de las excepciones opuestas<br \/>\n5. Admisibilidad o inadmisibilidad de las excepciones<br \/>\n6. Fallo en el juicio ejecutivo<br \/>\n7. Renovaci\u00f3n de la acci\u00f3n ejecutiva<br \/>\n8. La reserva de acciones y excepciones<\/p>\n<p><b><strong>CUADERNO DE APREMIO<\/strong><\/b><\/p>\n<p>Embargo de los bienes<br \/>\nRealizaci\u00f3n de los bienes embargados<br \/>\n1. Solicitud de remate<br \/>\n2. Tasaci\u00f3n<br \/>\n3. Bases de remate<br \/>\n4. La fijaci\u00f3n del d\u00eda y hora para la subasta<br \/>\n5. Citaci\u00f3n de acreedores hipotecarios y otros embargos<br \/>\n6. Publicidad<br \/>\n7. El remate propiamente tal<br \/>\nNulidad del remate<\/p>\n<p><b><strong>CUADERNO DE TERCER\u00cdA<\/strong><\/b><\/p>\n<p>Juicio ejecutivo de obligaciones de hacer<br \/>\nJuicio ejecutivo de obligaciones de no hacer<\/p>\n<p><b><strong>IX. EFECTOS DEL DERECHO LEGAL DE RETENCI\u00d3N<\/p>\n<p><\/strong><\/b>Facultades que confiere el &#8220;Derecho legal de retenci\u00f3n&#8221;<br \/>\nTramitaci\u00f3n<br \/>\nOportunidad desde la cual existe el &#8220;Derecho legal de retenci\u00f3n&#8221;<br \/>\nCasos en que procede el Derecho legal de retenci\u00f3n<\/p>\n<p><b><strong>X. LOS JUICIOS POSESORIOS SUMARIOS O INTERDICTOS POSESORIOS<\/strong><\/b><\/p>\n<p>Caracter\u00edsticas de estos procedimientos<br \/>\nCaracter\u00edsticas de las acciones posesorias<br \/>\nLas acciones posesorias y la indemnizaci\u00f3n de perjuicios<br \/>\nForma como debe probarse la posesi\u00f3n<br \/>\n1. La querella posesoria de amparo<br \/>\n2. La querella posesoria de restituci\u00f3n<br \/>\n3. La querella posesoria de restablecimiento<br \/>\n4. La denncia de obra nueva<br \/>\n5. Denuncia de obra ruinosa<br \/>\n6. Interdictos especiales<\/p>\n<p><b><strong>XI. DE LOS JUICIOS DE HACIENDA<\/strong><\/b><\/p>\n<p>Requisitos<br \/>\nRepresentaci\u00f3n y defensa del Fisco<br \/>\nPrivilegios del Fisco<br \/>\nCompetencia<br \/>\nProcedimiento<br \/>\nModificaciones a las reglas generales<br \/>\nTramitaci\u00f3n de la consulta<br \/>\nCumplimiento de sentencias ejecutoriadas dictadas en juicios de Hacienda<\/p>\n<p><b><strong>XII. DE LOS JUICIOS SOBRE CUENTAS<\/p>\n<p><\/strong><\/b>Tramitaci\u00f3n<br \/>\nLa sentencia<br \/>\nRecursos<\/p>\n<p><b><strong>XIII. DE LOS JUICIOS DE PAGO DE CIERTOS HONORARIOS<\/p>\n<p><\/strong><\/b>Honorarios que proceden de servicios profesionales prestados en juicio<br \/>\nSon competentes para conocer de la estimaci\u00f3n y pago de los honorarios por servicios profesionales prestados en juicios, los jueces civiles y los jueces \u00e1rbitros<br \/>\nOtros honorarios<\/p>\n<p><b><strong>XIV. DE LA CITACI\u00d3N DE EVICCI\u00d3N<\/strong><\/b><\/p>\n<p>Oportunidad en que se cita de evicci\u00f3n<br \/>\nJuicios en que procede<br \/>\nAntecedentes que se deben acompa\u00f1ar<br \/>\nEfectos<br \/>\nForma en c\u00f3mo sigue el juicio<\/p>\n<p><b><strong>XV. DE LA ACCI\u00d3N DE DESPOSEIMIENTO CONTRA TERCEROS POSEEDORES DE LA FINCA HIPOTECADA O ACENSUADA<\/p>\n<p><\/strong><\/b>Tramitaic\u00f3n<br \/>\nActitudes que puede adoptar el notificado<br \/>\nProcedimiento<\/p>\n<p><b><strong>XVI. LOS JUICIOS ESPECIALES DE CONTRATO DE ARRENDAMIENTO<\/p>\n<p><\/strong><\/b>Cuestiones previas<br \/>\nCaracter\u00edsticas de estos procedimientos<br \/>\nProcedimientos del CPC<br \/>\n1. El desahucio<br \/>\n2. El juicio de restituci\u00f3n<br \/>\n3. Juicio de terminaci\u00f3n inmediata del arrendamiento<br \/>\nProcedimientos relativos a inmuebles urbanos. Ley N\u00b0 18.101<br \/>\nDesahucio y restituci\u00f3n<br \/>\nDe la competencia y de los procedimientos<br \/>\nCompetencia<br \/>\nProcedimiento<br \/>\nDel procedimiento monitorio para cobro de rentas de arrendamiento<br \/>\nProcedimientos relativos a predios r\u00fasticos<\/p>\n<p><b><strong>XVII. PROCEDIMIENTOS ABITRALES<\/strong><\/b><\/p>\n<p>Procedimiento ante \u00e1rbitro de derecho<br \/>\nProcedimiento arbitral ante \u00e1rbitros arbitradores y mixtos<br \/>\nEl juicio de partici\u00f3 de bienes<br \/>\ntramitaci\u00f3n<br \/>\nCaracter\u00edsticas de este procedimiento<br \/>\nCompetencia del juez partidor<br \/>\nTramitaci\u00f3n misma de la partici\u00f3n<br \/>\nAlgunas de estas cuestiones<br \/>\nLiquidaci\u00f3n y distribuci\u00f3n de bienes comunes<br \/>\nEl laudo y la ordenata<br \/>\nAprobaci\u00f3n judicial de la partici\u00f3n<br \/>\nRecursos contra la sentencia<\/li>\n<\/ol>\n<p style=\"font-weight: 400;\">\n","protected":false},"excerpt":{"rendered":"<p>Esta obra constituye un esfuerzo acad\u00e9mico de su autor, de sistematizar la labor realizada por a\u00f1os en la sala de clases. Consiste en presentar un panorama actualizado y eminentemente pr\u00e1ctico del derecho procesal civil, desde una perspectiva cognitiva. La obra, desarrolla primeramente los Incidentes. Luego explica las Medidas Cautelares, Prejudiciales y Precautorias. En el cap\u00edtulo siguiente se tratan los procedimientos declarativos m\u00e1s importantes, el Juicio Ordinario de Mayor Cuant\u00eda, el de Menor Cuant\u00eda y el Juicio Sumario, siempre analizados desde la perspectiva positiva y emp\u00edrica. El Juicio Ejecutivo es tratado con posterioridad, el de obligaci\u00f3n de dar, de hacer y no hacer, conforme al efecto lo contempla el C\u00f3digo de Procedimiento Civil. Finalmente, se contienen los recursos jurisdiccionales. INTRODUCCI\u00d3N LOS INCIDENTES A) Cuestiones generales 1. Concepto 2. Requisitos 3. Caracter\u00edsticas 4. Clasificaciones 5. Oportunidad para promover incidentes 6. Multiplicidad de incidentes B) El incidente ordinario Casos en que se genera un incidente ordinario 2. Tramitaci\u00f3n del incidente ordinario C) Los incidentes especiales (I) Incidente de acumulaci\u00f3n de autos (Arts. 92 a 100) 1. Concepto 2. Requisitos de procedencia 3. Tramitaci\u00f3n 4. Efectos de la acumulaci\u00f3n de autos (II) Cuestiones de competencia (Arts. 101 a 112 CPC) A) Inhibitoria B) Declinatoria C) Paralelo entre la declinatoria y la inhibitoria (III) Las implicancias y las recusaciones (Arts. 113 a 128) (IV) El privilegio de pobreza (Arts. 129 a 136 CPC) (V) Tasaci\u00f3n de costas A) Las costas (Arts. 25 a 28) B) La condena en costas C) El incidente de tasaci\u00f3n de costas (VI) El desistimiento de la demanda (Arts. 148 a 151) (VII) El abandono del procedimiento (Arts. 152-157) LA NULIDAD PROCESAL A) El incidente ordinario de nulidad de lo obrado B) Los incidentes especiales de nulidad C) La nulidad de oficio D) La extensi\u00f3n de la nulidad procesal III. MEDIDAS PREJUDICIALES A) Concepto B) Caracter\u00edsticas C) Clasificaci\u00f3n de las medidas prejudiciales D) Esquema E) Estudio en particular de las medidas prejudiciales propiamente tales F) Estudio en particular de las medidas prejudiciales probatorias 1. Inspecci\u00f3n ocular, informe pericial y certificado 2. Absoluci\u00f3n de posiciones 3. Declaraciones de testigos G) Estudio en particular de las medidas precautorias 1. El secuestro de la cosa que es objeto de la demanda 2. El nombramiento de uno o m\u00e1s interventores 3. Retenci\u00f3n de bienes 4. Prohibici\u00f3n de celebrar actos o contratos H) Acuulabilidad de las medidas precautorias I) Medidas precautorias innominadas J) Requisitos generales de las medidas prejudiciales L) Tribunal competente para conocer de las medidas prejudiciales L) Titular de la acci\u00f3n M) Recurso de Apelaci\u00f3n N) Requisitos generale de las medidas precautorias \u00d1) Tramitaci\u00f3n de las medidas precautorias EL PROCEDIMIENTO ORDINARIO DE MAYOR CUANT\u00cdA A) El procedimiento ordinario de mayor cuant\u00eda B) Campo de aplicaci\u00f3n del procedimiento ordinario de mayor cuant\u00eda C) C\u00f3mo se estructura el procedimiento de mayor cuant\u00eda Fases de los momentos jurisdiccionales Tr\u00e1mites de los momentos jurisdiccionales An\u00e1lisis de las fases D) \u00bfC\u00f3mo se inicia el juicio ordinario de mayor cuant\u00eda? 1. Los instrumentos 2. Prueba testimonial 3. Prueba confesional V. JUICIO ORDINARIO DE MENOR CUANT\u00cdA VI. JUICIO ORDINARIO DE M\u00cdNIMA CUANT\u00cdA VII. PROCEDIMIENTO SUMARIO VIII. JUICIO EJECUTIVO 1. T\u00edtulo ejecutivo 2. Que la obligaci\u00f3n sea l\u00edquida 3. La obligaci\u00f3n actualmente exigible 4. La acci\u00f3n ejecutiva no se encuentre prescrita Tramitaci\u00f3n del juicio ejecutivo CUADERNO PRINCIPAL 1. Demanda ejecutiva y mandamiento de ejecuci\u00f3n y embargo 2. Una vez requerido de pago el deudor puede asumir tres actitudes 3. Diferencias entre las excepciones del juicio ejecutivo y del ordinaro de mayor cuant\u00eda 4. Respuesta de las excepciones opuestas 5. Admisibilidad o inadmisibilidad de las excepciones 6. Fallo en el juicio ejecutivo 7. Renovaci\u00f3n de la acci\u00f3n ejecutiva 8. La reserva de acciones y excepciones CUADERNO DE APREMIO Embargo de los bienes Realizaci\u00f3n de los bienes embargados 1. Solicitud de remate 2. Tasaci\u00f3n 3. Bases de remate 4. La fijaci\u00f3n del d\u00eda y hora para la subasta 5. Citaci\u00f3n de acreedores hipotecarios y otros embargos 6. Publicidad 7. El remate propiamente tal Nulidad del remate CUADERNO DE TERCER\u00cdA Juicio ejecutivo de obligaciones de hacer Juicio ejecutivo de obligaciones de no hacer IX. EFECTOS DEL DERECHO LEGAL DE RETENCI\u00d3N Facultades que confiere el &#8220;Derecho legal de retenci\u00f3n&#8221; Tramitaci\u00f3n Oportunidad desde la cual existe el &#8220;Derecho legal de retenci\u00f3n&#8221; Casos en que procede el Derecho legal de retenci\u00f3n X. LOS JUICIOS POSESORIOS SUMARIOS O INTERDICTOS POSESORIOS Caracter\u00edsticas de estos procedimientos Caracter\u00edsticas de las acciones posesorias Las acciones posesorias y la indemnizaci\u00f3n de perjuicios Forma como debe probarse la posesi\u00f3n 1. La querella posesoria de amparo 2. La querella posesoria de restituci\u00f3n 3. La querella posesoria de restablecimiento 4. La denncia de obra nueva 5. Denuncia de obra ruinosa 6. Interdictos especiales XI. DE LOS JUICIOS DE HACIENDA Requisitos Representaci\u00f3n y defensa del Fisco Privilegios del Fisco Competencia Procedimiento Modificaciones a las reglas generales Tramitaci\u00f3n de la consulta Cumplimiento de sentencias ejecutoriadas dictadas en juicios de Hacienda XII. DE LOS JUICIOS SOBRE CUENTAS Tramitaci\u00f3n La sentencia Recursos XIII. DE LOS JUICIOS DE PAGO DE CIERTOS HONORARIOS Honorarios que proceden de servicios profesionales prestados en juicio Son competentes para conocer de la estimaci\u00f3n y pago de los honorarios por servicios profesionales prestados en juicios, los jueces civiles y los jueces \u00e1rbitros Otros honorarios XIV. DE LA CITACI\u00d3N DE EVICCI\u00d3N Oportunidad en que se cita de evicci\u00f3n Juicios en que procede Antecedentes que se deben acompa\u00f1ar Efectos Forma en c\u00f3mo sigue el juicio XV. DE LA ACCI\u00d3N DE DESPOSEIMIENTO CONTRA TERCEROS POSEEDORES DE LA FINCA HIPOTECADA O ACENSUADA Tramitaic\u00f3n Actitudes que puede adoptar el notificado Procedimiento XVI. LOS JUICIOS ESPECIALES DE CONTRATO DE ARRENDAMIENTO Cuestiones previas Caracter\u00edsticas de estos procedimientos Procedimientos del CPC 1. El desahucio 2. El juicio de restituci\u00f3n 3. Juicio de terminaci\u00f3n inmediata del arrendamiento Procedimientos relativos a inmuebles urbanos. Ley N\u00b0 18.101 Desahucio y restituci\u00f3n De la competencia y de los procedimientos Competencia Procedimiento Del procedimiento monitorio para cobro de rentas de arrendamiento Procedimientos relativos a predios r\u00fasticos XVII. PROCEDIMIENTOS ABITRALES Procedimiento ante \u00e1rbitro de derecho Procedimiento arbitral ante \u00e1rbitros arbitradores y mixtos<\/p>\n","protected":false},"featured_media":2939,"comment_status":"open","ping_status":"closed","template":"","meta":{"inline_featured_image":false,"_joinchat":[]},"product_brand":[],"product_cat":[27,39],"product_tag":[],"class_list":{"0":"post-2909","1":"product","2":"type-product","3":"status-publish","4":"has-post-thumbnail","6":"product_cat-civil","7":"product_cat-procesal-civil","8":"product_shipping_class-a-convenir","10":"first","11":"instock","12":"shipping-taxable","13":"purchasable","14":"product-type-simple"},"_links":{"self":[{"href":"https:\/\/bibliotecajuridicavirtual.cl\/index.php\/wp-json\/wp\/v2\/product\/2909","targetHints":{"allow":["GET"]}}],"collection":[{"href":"https:\/\/bibliotecajuridicavirtual.cl\/index.php\/wp-json\/wp\/v2\/product"}],"about":[{"href":"https:\/\/bibliotecajuridicavirtual.cl\/index.php\/wp-json\/wp\/v2\/types\/product"}],"replies":[{"embeddable":true,"href":"https:\/\/bibliotecajuridicavirtual.cl\/index.php\/wp-json\/wp\/v2\/comments?post=2909"}],"wp:featuredmedia":[{"embeddable":true,"href":"https:\/\/bibliotecajuridicavirtual.cl\/index.php\/wp-json\/wp\/v2\/media\/2939"}],"wp:attachment":[{"href":"https:\/\/bibliotecajuridicavirtual.cl\/index.php\/wp-json\/wp\/v2\/media?parent=2909"}],"wp:term":[{"taxonomy":"product_brand","embeddable":true,"href":"https:\/\/bibliotecajuridicavirtual.cl\/index.php\/wp-json\/wp\/v2\/product_brand?post=2909"},{"taxonomy":"product_cat","embeddable":true,"href":"https:\/\/bibliotecajuridicavirtual.cl\/index.php\/wp-json\/wp\/v2\/product_cat?post=2909"},{"taxonomy":"product_tag","embeddable":true,"href":"https:\/\/bibliotecajuridicavirtual.cl\/index.php\/wp-json\/wp\/v2\/product_tag?post=2909"}],"curies":[{"name":"wp","href":"https:\/\/api.w.org\/{rel}","templated":true}]}}