{"id":2950,"date":"2026-02-28T01:07:35","date_gmt":"2026-02-28T04:07:35","guid":{"rendered":"https:\/\/bibliotecajuridicavirtual.cl\/?post_type=product&#038;p=2950"},"modified":"2026-02-28T01:07:49","modified_gmt":"2026-02-28T04:07:49","slug":"la-prision-preventiva-en-el-proceso-penal-ano-2021-560-pag-autor-epifano-lopez-cantoral","status":"publish","type":"product","link":"https:\/\/bibliotecajuridicavirtual.cl\/index.php\/product\/la-prision-preventiva-en-el-proceso-penal-ano-2021-560-pag-autor-epifano-lopez-cantoral\/","title":{"rendered":"La Prisi\u00f3n Preventiva en el Proceso Penal. A\u00f1o 2021\/560 P\u00e1g. Autor Epifano L\u00f3pez Cantoral"},"content":{"rendered":"<p>La prisi\u00f3n preventiva, detenci\u00f3n preventiva o prisi\u00f3n provisional, es una de las medidas de coerci\u00f3n procesal m\u00e1s dr\u00e1stica que prev\u00e9 nuestro ordenamiento procesal penal, su aplicaci\u00f3n adem\u00e1s de vulnerar la libertad personal, afecta otros derechos y\/o garant\u00edas constitucionales y convencionales respectivamente, como son: la presunci\u00f3n de inocencia, la debida motivaci\u00f3n, el debido proceso y el derecho de defensa en<br \/>\nsu m\u00e1ximo esplendor.<\/p>\n","protected":false},"excerpt":{"rendered":"<h4 style=\"text-align: center;\"><strong><span style=\"color: #ff9900;\">(LIBRO EXTRANJERO )<\/span><\/strong><\/h4>\n","protected":false},"featured_media":2980,"comment_status":"open","ping_status":"closed","template":"","meta":{"inline_featured_image":false,"_joinchat":[]},"product_brand":[],"product_cat":[30,34],"product_tag":[],"class_list":{"0":"post-2950","1":"product","2":"type-product","3":"status-publish","4":"has-post-thumbnail","6":"product_cat-penal","7":"product_cat-procesal-penal","8":"product_shipping_class-a-convenir","10":"first","11":"instock","12":"shipping-taxable","13":"purchasable","14":"product-type-simple"},"_links":{"self":[{"href":"https:\/\/bibliotecajuridicavirtual.cl\/index.php\/wp-json\/wp\/v2\/product\/2950","targetHints":{"allow":["GET"]}}],"collection":[{"href":"https:\/\/bibliotecajuridicavirtual.cl\/index.php\/wp-json\/wp\/v2\/product"}],"about":[{"href":"https:\/\/bibliotecajuridicavirtual.cl\/index.php\/wp-json\/wp\/v2\/types\/product"}],"replies":[{"embeddable":true,"href":"https:\/\/bibliotecajuridicavirtual.cl\/index.php\/wp-json\/wp\/v2\/comments?post=2950"}],"wp:featuredmedia":[{"embeddable":true,"href":"https:\/\/bibliotecajuridicavirtual.cl\/index.php\/wp-json\/wp\/v2\/media\/2980"}],"wp:attachment":[{"href":"https:\/\/bibliotecajuridicavirtual.cl\/index.php\/wp-json\/wp\/v2\/media?parent=2950"}],"wp:term":[{"taxonomy":"product_brand","embeddable":true,"href":"https:\/\/bibliotecajuridicavirtual.cl\/index.php\/wp-json\/wp\/v2\/product_brand?post=2950"},{"taxonomy":"product_cat","embeddable":true,"href":"https:\/\/bibliotecajuridicavirtual.cl\/index.php\/wp-json\/wp\/v2\/product_cat?post=2950"},{"taxonomy":"product_tag","embeddable":true,"href":"https:\/\/bibliotecajuridicavirtual.cl\/index.php\/wp-json\/wp\/v2\/product_tag?post=2950"}],"curies":[{"name":"wp","href":"https:\/\/api.w.org\/{rel}","templated":true}]}}