{"id":2953,"date":"2026-02-28T01:07:35","date_gmt":"2026-02-28T04:07:35","guid":{"rendered":"https:\/\/bibliotecajuridicavirtual.cl\/?post_type=product&#038;p=2953"},"modified":"2026-02-28T01:07:53","modified_gmt":"2026-02-28T04:07:53","slug":"la-imputacion-objetiva-en-el-derecho-penal-tapa-dura-ano-2022-360-pag-autor-claus-roxin","status":"publish","type":"product","link":"https:\/\/bibliotecajuridicavirtual.cl\/index.php\/product\/la-imputacion-objetiva-en-el-derecho-penal-tapa-dura-ano-2022-360-pag-autor-claus-roxin\/","title":{"rendered":"La Imputaci\u00f3n Objetiva en el Derecho Penal &#8211; ( TAPA DURA ). A\u00f1o 2022\/ 360 P\u00e1g. Autor Claus Roxin"},"content":{"rendered":"<p>En la Doctrina penal actual se ha impuesto plenamente\u00a0 la teor\u00eda de &#8221; Imputaci\u00f3n objetiva&#8221;\u00a0 \u00a0como elemento reestructurador u ordenador de la tipicidad. Los criterios de \u201cimputaci\u00f3n objetiva\u201d permiten excluir la tipicidad de una serie de conductas cuya intrascendencia para el Derecho penal anteriormente o bien era dif\u00edcil de explicar o reci\u00e9n pod\u00eda hacerse, sistem\u00e1ticamente, en niveles posteriores de la teor\u00eda.<\/p>\n<p>&nbsp;<\/p>\n<p>&nbsp;<\/p>\n","protected":false},"excerpt":{"rendered":"<h4 style=\"text-align: center;\"><span style=\"color: #ff9900;\">( LIBRO EXTRANJERO )<\/span><\/h4>\n","protected":false},"featured_media":2983,"comment_status":"open","ping_status":"closed","template":"","meta":{"inline_featured_image":false,"_joinchat":[]},"product_brand":[],"product_cat":[30],"product_tag":[],"class_list":{"0":"post-2953","1":"product","2":"type-product","3":"status-publish","4":"has-post-thumbnail","6":"product_cat-penal","7":"product_shipping_class-a-convenir","9":"first","10":"instock","11":"shipping-taxable","12":"purchasable","13":"product-type-simple"},"_links":{"self":[{"href":"https:\/\/bibliotecajuridicavirtual.cl\/index.php\/wp-json\/wp\/v2\/product\/2953","targetHints":{"allow":["GET"]}}],"collection":[{"href":"https:\/\/bibliotecajuridicavirtual.cl\/index.php\/wp-json\/wp\/v2\/product"}],"about":[{"href":"https:\/\/bibliotecajuridicavirtual.cl\/index.php\/wp-json\/wp\/v2\/types\/product"}],"replies":[{"embeddable":true,"href":"https:\/\/bibliotecajuridicavirtual.cl\/index.php\/wp-json\/wp\/v2\/comments?post=2953"}],"wp:featuredmedia":[{"embeddable":true,"href":"https:\/\/bibliotecajuridicavirtual.cl\/index.php\/wp-json\/wp\/v2\/media\/2983"}],"wp:attachment":[{"href":"https:\/\/bibliotecajuridicavirtual.cl\/index.php\/wp-json\/wp\/v2\/media?parent=2953"}],"wp:term":[{"taxonomy":"product_brand","embeddable":true,"href":"https:\/\/bibliotecajuridicavirtual.cl\/index.php\/wp-json\/wp\/v2\/product_brand?post=2953"},{"taxonomy":"product_cat","embeddable":true,"href":"https:\/\/bibliotecajuridicavirtual.cl\/index.php\/wp-json\/wp\/v2\/product_cat?post=2953"},{"taxonomy":"product_tag","embeddable":true,"href":"https:\/\/bibliotecajuridicavirtual.cl\/index.php\/wp-json\/wp\/v2\/product_tag?post=2953"}],"curies":[{"name":"wp","href":"https:\/\/api.w.org\/{rel}","templated":true}]}}