{"id":2962,"date":"2026-02-28T01:07:36","date_gmt":"2026-02-28T04:07:36","guid":{"rendered":"https:\/\/bibliotecajuridicavirtual.cl\/?post_type=product&#038;p=2962"},"modified":"2026-02-28T01:08:07","modified_gmt":"2026-02-28T04:08:07","slug":"ley-de-municipalidades-sistematizado-con-jurisprudencia-judicial-y-administrativa-ano-octubre-2023-550-pag-autor-tamara-vives-gonzalez","status":"publish","type":"product","link":"https:\/\/bibliotecajuridicavirtual.cl\/index.php\/product\/ley-de-municipalidades-sistematizado-con-jurisprudencia-judicial-y-administrativa-ano-octubre-2023-550-pag-autor-tamara-vives-gonzalez\/","title":{"rendered":"Ley de Municipalidades &#8211; Sistematizado con Jurisprudencia judicial y Administrativa. A\u00f1o Octubre 2023\/ 550 P\u00e1g. Autor Tamara Vives Gonz\u00e1lez"},"content":{"rendered":"<p style=\"font-weight: 400;\">A trav\u00e9s de la legislaci\u00f3n se establece el marco regulatorio de una actividad determinada y muchas veces su aplicaci\u00f3n puede prestarse a diversas interpretaciones, incluso contrapuestas. Esto genera conflictos que, a menudo, terminan en sede judicial para su resoluci\u00f3n.<\/p>\n<p style=\"font-weight: 400;\">Como consecuencia de lo se\u00f1alado, indirectamente, los jueces \u2014al conocer y resolver la controversia\u2014 delimitan el alcance y aplicaci\u00f3n de una legislaci\u00f3n en particular, pudiendo llegar a influir en la interpretaci\u00f3n que de ella realizan particulares, entes fiscalizadores y, tambi\u00e9n, otros tribunales de justicia.<\/p>\n<p style=\"font-weight: 400;\">El presente libro re\u00fane ambas aristas expuestas, al sistematizar los criterios jurisprudenciales de la Corte Suprema y la Contralor\u00eda General de la Rep\u00fablica respecto del articulado de la Ley Org\u00e1nica Constitucional de Municipalidades<\/p>\n<p style=\"font-weight: 400;\">\n<p style=\"font-weight: 400;\"><b><strong>DECRETO CON FUERZA DE LEY N\u00ba 1 &#8211; FIJA EL TEXTO REFUNDIDO, COORDINADO Y SISTEMATIZADO DE LA LEY N\u00ba 18.695, ORG\u00c1NICA CONSTITUCIONAL DE MUNICIPALIDADES<\/strong><\/b><\/p>\n<p style=\"font-weight: 400;\">Publicado en el Diario Oficial de 26 de julio de 2006<\/p>\n<p style=\"font-weight: 400;\"><b><strong>T\u00cdTULO I &#8211; DE LA MUNICIPALIDAD<\/strong><\/b><\/p>\n<p style=\"font-weight: 400;\">P\u00e1rrafo 1\u00ba &#8211; Naturaleza y constituci\u00f3n<br \/>\nArt\u00edculo 1\u00ba. [Concepto de municipalidades]<br \/>\nArt\u00edculo 2\u00ba. [Constituci\u00f3n de las municipalidades]<\/p>\n<p>P\u00e1rrafo 2\u00ba &#8211; Funciones y atribuciones<br \/>\nArt\u00edculo 3\u00ba. [Competencias de las municipalidades]<br \/>\nArt\u00edculo 4\u00ba. [Desarrollo de funciones municipales]<br \/>\nArt\u00edculo 5\u00ba. [Atribuciones esenciales de las municipalidades]<br \/>\nArt\u00edculo 6\u00ba. [Instrumentos de gesti\u00f3n municipal]<br \/>\nArt\u00edculo 7\u00ba. [Plan comunal de desarrollo]<br \/>\nArt\u00edculo 8\u00ba. [Celebraci\u00f3n de convenios y contratos]<br \/>\nArt\u00edculo 8\u00ba bis. [Convenios de programaci\u00f3n de inversi\u00f3n p\u00fablica con gobierno regional].<br \/>\nArt\u00edculo 8\u00ba ter. [Convenios de programaci\u00f3n territorial con el gobierno regional]<br \/>\nArt\u00edculo 8\u00ba qu\u00e1ter [Convenios pago a proveedores con la Tesorer\u00eda General de la Rep\u00fablica]..<br \/>\nArt\u00edculo 9\u00ba. [Coordinaci\u00f3n]<br \/>\nArt\u00edculo 10. [Acuerdos interadministrativos]<br \/>\nArt\u00edculo 11. [Actividad empresarial]<br \/>\nArt\u00edculo 12. [Resoluciones]<\/p>\n<p style=\"font-weight: 400;\">P\u00e1rrafo 3\u00ba &#8211; Patrimonio y financiamiento municipales<br \/>\nArt\u00edculo 13. [Patrimonio municipal]<br \/>\nArt\u00edculo 14. [Autonom\u00eda financiera de las municipalidades]<\/p>\n<p style=\"font-weight: 400;\">P\u00e1rrafo 4\u00ba &#8211; Organizaci\u00f3n interna<br \/>\nArt\u00edculo 15. [Organizaci\u00f3n municipal]<br \/>\nArt\u00edculo 16. [Organizaci\u00f3n m\u00ednima]<br \/>\nArt\u00edculo 16 bis. [Director de seguridad] .<br \/>\nArt\u00edculo 17. [Refundir unidades]<br \/>\nArt\u00edculo 18. [Formas de compartir unidades]<br \/>\nArt\u00edculo 19. [Determinaci\u00f3n de la poblaci\u00f3n comunal]<br \/>\nArt\u00edculo 20. [Secretar\u00eda Municipal]<br \/>\nArt\u00edculo 21. [Secretar\u00eda Comunal de Planificaci\u00f3n]<br \/>\nArt\u00edculo 22. [Unidad de desarrollo comunitario]<br \/>\nArt\u00edculo 23. [Unidades y rol]<br \/>\nArt\u00edculo 24. [Unidad de obras municipales]<br \/>\nArt\u00edculo 25. [Unidad de medio ambiente, aseo y ornato]<br \/>\nArt\u00edculo 26. [Unidad de tr\u00e1nsito y transporte]<br \/>\nArt\u00edculo 26 bis. [Funciones de la Unidad de Gesti\u00f3n del Riesgo de Desastres]<br \/>\nArt\u00edculo 26 ter. [Creaci\u00f3n y jefatura de la Unidad de Gesti\u00f3n del Riesgo de Desastres]<br \/>\nArt\u00edculo 27. [Unidad de administraci\u00f3n y finanzas]<br \/>\nArt\u00edculo 28. [Unidad de asesor\u00eda jur\u00eddica]<br \/>\nArt\u00edculo 29. [Unidad de control]<br \/>\nArt\u00edculo 30. [Administrador municipal]<br \/>\nArt\u00edculo 31. [Regulaci\u00f3n mediante reglamento municipal]<\/p>\n<p style=\"font-weight: 400;\">P\u00e1rrafo 5\u00ba &#8211; R\u00e9gimen de bienes<br \/>\nArt\u00edculo 32. [Bienes]<br \/>\nArt\u00edculo 33. [Adquisici\u00f3n del dominio]<br \/>\nArt\u00edculo 34. [Enajenaci\u00f3n de inmuebles]<br \/>\nArt\u00edculo 35. [Disposici\u00f3n de bienes dados de baja]<br \/>\nArt\u00edculo 36. [Bienes nacionales de uso p\u00fablico]<br \/>\nArt\u00edculo 37. [Norma especial]<br \/>\nArt\u00edculo 38. [Cauci\u00f3n]<br \/>\nArt\u00edculo 39. [Uso veh\u00edculo]<\/p>\n<p style=\"font-weight: 400;\">P\u00e1rrafo 6\u00ba &#8211; Personal<br \/>\nArt\u00edculo 40. [Estatuto municipal]<br \/>\nArt\u00edculo 41. [Ingreso y carrera]<br \/>\nArt\u00edculo 42. [Carrera funcionaria]<br \/>\nArt\u00edculo 43. [Estabilidad]<br \/>\nArt\u00edculo 44. [Funciones de un funcionario en dos municipalidades]<br \/>\nArt\u00edculo 45. [Calificaci\u00f3n]<br \/>\nArt\u00edculo 46. [Capacitaci\u00f3n, perfeccionamiento y ascenso]<br \/>\nArt\u00edculo 47. [Exclusiva confianza]<br \/>\nArt\u00edculo 48. [Principio de las funciones an\u00e1logas]<br \/>\nArt\u00edculo 49. [Obligaci\u00f3n de la municipalidad]<br \/>\nArt\u00edculo 49 bis. [Fijaci\u00f3n y modificaci\u00f3n plantas del personal]<br \/>\nArt\u00edculo 49 ter. [Normas sobre fijaci\u00f3n o modificaci\u00f3n de plantas del personal]<br \/>\nArt\u00edculo 49 qu\u00e1ter. [Plazos fijaci\u00f3n plantas del personal]<br \/>\nArt\u00edculo 49 quinquies. [Excepci\u00f3n probidad intervenci\u00f3n en asuntos propios]<\/p>\n<p style=\"font-weight: 400;\">P\u00e1rrafo 7\u00ba &#8211; Fiscalizaci\u00f3n<br \/>\nArt\u00edculo 50. [Norma especial]<br \/>\nArt\u00edculo 51. [Fiscalizaci\u00f3n]<br \/>\nArt\u00edculo 51 bis. [Plazos]<br \/>\nArt\u00edculo 52. [Facultad dictaminadora]<br \/>\nArt\u00edculo 53. [Exenci\u00f3n tr\u00e1mite de toma de raz\u00f3n]<br \/>\nArt\u00edculo 54. [Responsabilidad]<br \/>\nArt\u00edculo 55. [Informes]<\/p>\n<p style=\"font-weight: 400;\"><b><strong>T\u00cdTULO II &#8211; DEL ALCALDE<\/strong><\/b><\/p>\n<p style=\"font-weight: 400;\">P\u00e1rrafo 1\u00ba &#8211; Disposiciones generales<br \/>\nArt\u00edculo 56. [Alcalde]<br \/>\nArt\u00edculo 57. [Requisitos]<br \/>\nArt\u00edculo 58. [Asunci\u00f3n del alcalde]<br \/>\nArt\u00edculo 59. [Incompatibilidad]<br \/>\nArt\u00edculo 60. [Cesaci\u00f3n en el cargo]<br \/>\nArt\u00edculo 61. [Incapacidad temporal]<br \/>\nArt\u00edculo 62. [Subrogancia]<br \/>\nArt\u00edculo 62 bis. [Nulidad]<\/p>\n<p style=\"font-weight: 400;\">P\u00e1rrafo 2\u00ba &#8211; Atribuciones<br \/>\nArt\u00edculo 63. [Potestades]<br \/>\nArt\u00edculo 64. [Consulta sobre delegado]<br \/>\nArt\u00edculo 65. [Alcalde requiere acuerdo de concejo]<br \/>\nArt\u00edculo 66. [Aplicaci\u00f3n Ley N\u00ba 19.886]<br \/>\nArt\u00edculo 67. [Cuenta p\u00fablica]<br \/>\nArt\u00edculo 68. [Delegados]<br \/>\nArt\u00edculo 69. [Asignaci\u00f3n especial]<br \/>\nArt\u00edculo 70. [Probidad]<\/p>\n<p style=\"font-weight: 400;\"><b><strong>T\u00cdTULO III &#8211; DEL CONCEJO<\/strong><\/b><\/p>\n<p style=\"font-weight: 400;\">Art\u00edculo 71. [Concejo]<br \/>\nArt\u00edculo 72. [Integraci\u00f3n del concejo]<br \/>\nArt\u00edculo 73. [Requisitos]<br \/>\nArt\u00edculo 74. [Inhabilidades]<br \/>\nArt\u00edculo 75. [Incompatibilidad]<br \/>\nArt\u00edculo 76. [Cesaci\u00f3n en el cargo]<br \/>\nArt\u00edculo 77. [Causales de cesaci\u00f3n]<br \/>\nArt\u00edculo 78. [Cesaci\u00f3n]<br \/>\nArt\u00edculo 78 bis. [Nulidad acto electoral]<br \/>\nArt\u00edculo 79. [Potestades del concejo]<br \/>\nArt\u00edculo 80. [Fiscalizaci\u00f3n por parte del concejo]<br \/>\nArt\u00edculo 81. [Aprobaci\u00f3n del presupuesto]<br \/>\nArt\u00edculo 82. [Materias presupuestarias]<br \/>\nArt\u00edculo 83. [Constituci\u00f3n del concejo]<br \/>\nArt\u00edculo 84. [Sesiones]<br \/>\nArt\u00edculo 85. [Presidencia del concejo]<br \/>\nArt\u00edculo 86. [Qu\u00f3rum]<br \/>\nArt\u00edculo 87. [Derecho de cada concejal]<br \/>\nArt\u00edculo 88. [Dieta]<br \/>\nArt\u00edculo 89. [Materias especiales]<br \/>\nArt\u00edculo 90. [Permisos especiales]<br \/>\nArt\u00edculo 91. [Sistema de pensiones]<br \/>\nArt\u00edculo 92. [Reglamento interno]<br \/>\nArt\u00edculo 92 bis. [Recursos]<\/p>\n<p style=\"font-weight: 400;\"><b><strong>T\u00cdTULO IV &#8211; DE LA PARTICIPACI\u00d3N CIUDADANA<\/strong><\/b><\/p>\n<p style=\"font-weight: 400;\">P\u00e1rrafo 1\u00ba &#8211; De las instancias de participaci\u00f3n<br \/>\nArt\u00edculo 93. [Participaci\u00f3n]<br \/>\nArt\u00edculo 94. [Consejo de la sociedad civil]<br \/>\nArt\u00edculo 95. [Requisitos]<br \/>\nArt\u00edculo 96. [Atribuciones]<\/p>\n<p style=\"font-weight: 400;\">P\u00e1rrafo 2\u00ba &#8211; De las audiencias p\u00fablicas y la oficina de reclamos<br \/>\nArt\u00edculo 97. [Audiencias p\u00fablicas]<br \/>\nArt\u00edculo 98. [Oficina O.I.R.S.]<\/p>\n<p style=\"font-weight: 400;\">P\u00e1rrafo 3\u00ba &#8211; De los plebiscitos comunales<br \/>\nArt\u00edculo 99. [Plebiscitos comunales]<br \/>\nArt\u00edculo 100. [Procedencia]<br \/>\nArt\u00edculo 101. [Convocatoria]<br \/>\nArt\u00edculo 102. [Prohibici\u00f3n de convocatoria]<br \/>\nArt\u00edculo 103. [Suspensi\u00f3n de plazos]<br \/>\nArt\u00edculo 104. [Remisi\u00f3n normativa]<\/p>\n<p style=\"font-weight: 400;\"><b><strong>T\u00cdTULO IV A &#8211; DEL CONSEJO COMUNAL DE SEGURIDAD P\u00daBLICA Y EL PLAN COMUNAL DE SEGURIDAD P\u00daBLICA<\/strong><\/b><\/p>\n<p style=\"font-weight: 400;\">Art\u00edculo 104 A. [Consejo comunal de seguridad p\u00fablica]<br \/>\nArt\u00edculo 104 B. [Integraci\u00f3n consejo comunal de seguridad p\u00fablica]<br \/>\nArt\u00edculo 104 C. [Consejo intercomunal de seguridad p\u00fablica]<br \/>\nArt\u00edculo 104 D. [Sesiones del consejo comunal de seguridad p\u00fablica]<br \/>\nArt\u00edculo 104 E. [Funciones del consejo comunal de seguridad p\u00fablica]<br \/>\nArt\u00edculo 104 F. [Plan comunal de seguridad p\u00fablica]<\/p>\n<p style=\"font-weight: 400;\"><b><strong>T\u00cdTULO V &#8211; DE LAS ELECCIONES MUNICIPALES<\/strong><\/b><\/p>\n<p style=\"font-weight: 400;\">Art\u00edculo 105. [Aplicaci\u00f3n Ley N\u00ba 18.700]<br \/>\nArt\u00edculo 106. [D\u00eda de la elecci\u00f3n]<\/p>\n<p style=\"font-weight: 400;\">P\u00e1rrafo 1\u00ba &#8211; De la presentaci\u00f3n de candidaturas<br \/>\nArt\u00edculo 107. [Declaraci\u00f3n de candidaturas]<br \/>\nArt\u00edculo 108. [Declaraci\u00f3n]<br \/>\nArt\u00edculo 109. [Pactos electorales]<br \/>\nArt\u00edculo 110. [Manifestaci\u00f3n del pacto]<br \/>\nArt\u00edculo 111. [Individualizaci\u00f3n]<br \/>\nArt\u00edculo 112. [Patrocinio]<br \/>\nArt\u00edculo 113. [Patrocinio de independientes]<br \/>\nArt\u00edculo 114. [Sorteo]<\/p>\n<p style=\"font-weight: 400;\">P\u00e1rrafo 2\u00ba &#8211; De las inscripciones de candidatos<br \/>\nArt\u00edculo 115. [Aceptaci\u00f3n o rechazo de candidaturas]<br \/>\nArt\u00edculo 116. [Impugnaci\u00f3n]<\/p>\n<p style=\"font-weight: 400;\">P\u00e1rrafo 3\u00ba &#8211; Del escrutinio en las mesas receptoras de sufragio<br \/>\nArt\u00edculo 117.<br \/>\nArt\u00edculo 118. [Escrutinio general]<\/p>\n<p>P\u00e1rrafo 4\u00ba &#8211; Del escrutinio general y de la calificaci\u00f3n de las elecciones<br \/>\nArt\u00edculo 119. [Tribunales electorales]<br \/>\nArt\u00edculo 120. [Determinaci\u00f3n de concejales electos]<br \/>\nArt\u00edculo 121. [Listas]<br \/>\nArt\u00edculo 122. [Determinaci\u00f3n del cuociente electoral]<br \/>\nArt\u00edculo 123. [Elecci\u00f3n por listas]<br \/>\nArt\u00edculo 124. [Electos por listas]<br \/>\nArt\u00edculo 125. [Independientes]<br \/>\nArt\u00edculo 126. [Lista independiente]<br \/>\nArt\u00edculo 127. [Elecci\u00f3n del alcalde]<br \/>\nArt\u00edculo 128. [Sentencia firme]<\/p>\n<p style=\"font-weight: 400;\"><b><strong>T\u00cdTULO VI &#8211; DE LAS CORPORACIONES, FUNDACIONES Y ASOCIACIONES MUNICIPALES<\/strong><\/b><\/p>\n<p style=\"font-weight: 400;\">P\u00e1rrafo 1\u00ba &#8211; De las corporaciones y fundaciones municipales<br \/>\nArt\u00edculo 129. [Corporaciones y fundaciones creadas por municipalidades]<br \/>\nArt\u00edculo 130. [Colaboraci\u00f3n p\u00fablico-privada]<br \/>\nArt\u00edculo 131. [Directores]<br \/>\nArt\u00edculo 132. [Aportes]<br \/>\nArt\u00edculo 133. [Cuentas]<br \/>\nArt\u00edculo 134. [Normas laborales]<br \/>\nArt\u00edculo 135. [Fiscalizaci\u00f3n]<br \/>\nArt\u00edculo 136. [Fiscalizaci\u00f3n por parte de la Contralor\u00eda General de la Rep\u00fablica]<\/p>\n<p style=\"font-weight: 400;\">P\u00e1rrafo 2\u00ba &#8211; De las asociaciones de municipalidades<br \/>\nArt\u00edculo 137. [Asociaci\u00f3n de municipalidades]<br \/>\nArt\u00edculo 138. [Convenios]<br \/>\nArt\u00edculo 139. [Fondos]<br \/>\nArt\u00edculo 140. [Prohibici\u00f3n]<\/p>\n<p style=\"font-weight: 400;\">P\u00e1rrafo 3\u00ba &#8211; De la personalidad jur\u00eddica de las Asociaciones Municipales<br \/>\nArt\u00edculo 141. [Personalidad jur\u00eddica de las asociaciones]<br \/>\nArt\u00edculo 142. [Registro \u00danico]<br \/>\nArt\u00edculo 143. [Estatutos de las organizaciones]<br \/>\nArt\u00edculo 144. [Sujeci\u00f3n al estatuto]<br \/>\nArt\u00edculo 145. [Patrimonio]<br \/>\nArt\u00edculo 146. [Disoluci\u00f3n]<br \/>\nArt\u00edculo 147. [Normas laborales]<br \/>\nArt\u00edculo 148. [Norma supletoria]<br \/>\nArt\u00edculo 149. [Transparencia y probidad]<br \/>\nArt\u00edculo 150. [Fiscalizaci\u00f3n]<\/p>\n<p style=\"font-weight: 400;\"><b><strong>T\u00cdTULO FINAL<\/strong><\/b><\/p>\n<p style=\"font-weight: 400;\">Art\u00edculo 151. [Reclamo de ilegalidad municipal]<br \/>\nArt\u00edculo 152. [Falta de servicio]<br \/>\nArt\u00edculo 153. [Plazos]<br \/>\nArt\u00edculo 154.<br \/>\nArt\u00edculo 155. [Instalaci\u00f3n nueva municipalidad]<br \/>\nArt\u00edculo 156. [Convenio traspaso servicios municipales]<\/p>\n<p style=\"font-weight: 400;\"><b><strong>DISPOSICIONES TRANSITORIAS<\/strong><\/b><\/p>\n<p>Art\u00edculo 1\u00ba.<br \/>\nArt\u00edculo 2\u00ba.<br \/>\nArt\u00edculo 3\u00ba.<br \/>\nArt\u00edculo 4\u00ba.<br \/>\nArt\u00edculo 5\u00ba.<br \/>\nArt\u00edculo 6\u00ba.<br \/>\nArt\u00edculo 7\u00ba.<br \/>\nArt\u00edculo octavo transitorio.<\/p>\n","protected":false},"excerpt":{"rendered":"<p>A trav\u00e9s de la legislaci\u00f3n se establece el marco regulatorio de una actividad determinada y muchas veces su aplicaci\u00f3n puede prestarse a diversas interpretaciones, incluso contrapuestas. Esto genera conflictos que, a menudo, terminan en sede judicial para su resoluci\u00f3n. Como consecuencia de lo se\u00f1alado, indirectamente, los jueces \u2014al conocer y resolver la controversia\u2014 delimitan el alcance y aplicaci\u00f3n de una legislaci\u00f3n en particular, pudiendo llegar a influir en la interpretaci\u00f3n que de ella realizan particulares, entes fiscalizadores y, tambi\u00e9n, otros tribunales de justicia. El presente libro re\u00fane ambas aristas expuestas, al sistematizar los criterios jurisprudenciales de la Corte Suprema y la Contralor\u00eda General de la Rep\u00fablica respecto del articulado de la Ley Org\u00e1nica Constitucional de Municipalidades DECRETO CON FUERZA DE LEY N\u00ba 1 &#8211; FIJA EL TEXTO REFUNDIDO, COORDINADO Y SISTEMATIZADO DE LA LEY N\u00ba 18.695, ORG\u00c1NICA CONSTITUCIONAL DE MUNICIPALIDADES Publicado en el Diario Oficial de 26 de julio de 2006 T\u00cdTULO I &#8211; DE LA MUNICIPALIDAD P\u00e1rrafo 1\u00ba &#8211; Naturaleza y constituci\u00f3n Art\u00edculo 1\u00ba. [Concepto de municipalidades] Art\u00edculo 2\u00ba. [Constituci\u00f3n de las municipalidades] P\u00e1rrafo 2\u00ba &#8211; Funciones y atribuciones Art\u00edculo 3\u00ba. [Competencias de las municipalidades] Art\u00edculo 4\u00ba. [Desarrollo de funciones municipales] Art\u00edculo 5\u00ba. [Atribuciones esenciales de las municipalidades] Art\u00edculo 6\u00ba. [Instrumentos de gesti\u00f3n municipal] Art\u00edculo 7\u00ba. [Plan comunal de desarrollo] Art\u00edculo 8\u00ba. [Celebraci\u00f3n de convenios y contratos] Art\u00edculo 8\u00ba bis. [Convenios de programaci\u00f3n de inversi\u00f3n p\u00fablica con gobierno regional]. Art\u00edculo 8\u00ba ter. [Convenios de programaci\u00f3n territorial con el gobierno regional] Art\u00edculo 8\u00ba qu\u00e1ter [Convenios pago a proveedores con la Tesorer\u00eda General de la Rep\u00fablica].. Art\u00edculo 9\u00ba. [Coordinaci\u00f3n] Art\u00edculo 10. [Acuerdos interadministrativos] Art\u00edculo 11. [Actividad empresarial] Art\u00edculo 12. [Resoluciones] P\u00e1rrafo 3\u00ba &#8211; Patrimonio y financiamiento municipales Art\u00edculo 13. [Patrimonio municipal] Art\u00edculo 14. [Autonom\u00eda financiera de las municipalidades] P\u00e1rrafo 4\u00ba &#8211; Organizaci\u00f3n interna Art\u00edculo 15. [Organizaci\u00f3n municipal] Art\u00edculo 16. [Organizaci\u00f3n m\u00ednima] Art\u00edculo 16 bis. [Director de seguridad] . Art\u00edculo 17. [Refundir unidades] Art\u00edculo 18. [Formas de compartir unidades] Art\u00edculo 19. [Determinaci\u00f3n de la poblaci\u00f3n comunal] Art\u00edculo 20. [Secretar\u00eda Municipal] Art\u00edculo 21. [Secretar\u00eda Comunal de Planificaci\u00f3n] Art\u00edculo 22. [Unidad de desarrollo comunitario] Art\u00edculo 23. [Unidades y rol] Art\u00edculo 24. [Unidad de obras municipales] Art\u00edculo 25. [Unidad de medio ambiente, aseo y ornato] Art\u00edculo 26. [Unidad de tr\u00e1nsito y transporte] Art\u00edculo 26 bis. [Funciones de la Unidad de Gesti\u00f3n del Riesgo de Desastres] Art\u00edculo 26 ter. [Creaci\u00f3n y jefatura de la Unidad de Gesti\u00f3n del Riesgo de Desastres] Art\u00edculo 27. [Unidad de administraci\u00f3n y finanzas] Art\u00edculo 28. [Unidad de asesor\u00eda jur\u00eddica] Art\u00edculo 29. [Unidad de control] Art\u00edculo 30. [Administrador municipal] Art\u00edculo 31. [Regulaci\u00f3n mediante reglamento municipal] P\u00e1rrafo 5\u00ba &#8211; R\u00e9gimen de bienes Art\u00edculo 32. [Bienes] Art\u00edculo 33. [Adquisici\u00f3n del dominio] Art\u00edculo 34. [Enajenaci\u00f3n de inmuebles] Art\u00edculo 35. [Disposici\u00f3n de bienes dados de baja] Art\u00edculo 36. [Bienes nacionales de uso p\u00fablico] Art\u00edculo 37. [Norma especial] Art\u00edculo 38. [Cauci\u00f3n] Art\u00edculo 39. [Uso veh\u00edculo] P\u00e1rrafo 6\u00ba &#8211; Personal Art\u00edculo 40. [Estatuto municipal] Art\u00edculo 41. [Ingreso y carrera] Art\u00edculo 42. [Carrera funcionaria] Art\u00edculo 43. [Estabilidad] Art\u00edculo 44. [Funciones de un funcionario en dos municipalidades] Art\u00edculo 45. [Calificaci\u00f3n] Art\u00edculo 46. [Capacitaci\u00f3n, perfeccionamiento y ascenso] Art\u00edculo 47. [Exclusiva confianza] Art\u00edculo 48. [Principio de las funciones an\u00e1logas] Art\u00edculo 49. [Obligaci\u00f3n de la municipalidad] Art\u00edculo 49 bis. [Fijaci\u00f3n y modificaci\u00f3n plantas del personal] Art\u00edculo 49 ter. [Normas sobre fijaci\u00f3n o modificaci\u00f3n de plantas del personal] Art\u00edculo 49 qu\u00e1ter. [Plazos fijaci\u00f3n plantas del personal] Art\u00edculo 49 quinquies. [Excepci\u00f3n probidad intervenci\u00f3n en asuntos propios] P\u00e1rrafo 7\u00ba &#8211; Fiscalizaci\u00f3n Art\u00edculo 50. [Norma especial] Art\u00edculo 51. [Fiscalizaci\u00f3n] Art\u00edculo 51 bis. [Plazos] Art\u00edculo 52. [Facultad dictaminadora] Art\u00edculo 53. [Exenci\u00f3n tr\u00e1mite de toma de raz\u00f3n] Art\u00edculo 54. [Responsabilidad] Art\u00edculo 55. [Informes] T\u00cdTULO II &#8211; DEL ALCALDE P\u00e1rrafo 1\u00ba &#8211; Disposiciones generales Art\u00edculo 56. [Alcalde] Art\u00edculo 57. [Requisitos] Art\u00edculo 58. [Asunci\u00f3n del alcalde] Art\u00edculo 59. [Incompatibilidad] Art\u00edculo 60. [Cesaci\u00f3n en el cargo] Art\u00edculo 61. [Incapacidad temporal] Art\u00edculo 62. [Subrogancia] Art\u00edculo 62 bis. [Nulidad] P\u00e1rrafo 2\u00ba &#8211; Atribuciones Art\u00edculo 63. [Potestades] Art\u00edculo 64. [Consulta sobre delegado] Art\u00edculo 65. [Alcalde requiere acuerdo de concejo] Art\u00edculo 66. [Aplicaci\u00f3n Ley N\u00ba 19.886] Art\u00edculo 67. [Cuenta p\u00fablica] Art\u00edculo 68. [Delegados] Art\u00edculo 69. [Asignaci\u00f3n especial] Art\u00edculo 70. [Probidad] T\u00cdTULO III &#8211; DEL CONCEJO Art\u00edculo 71. [Concejo] Art\u00edculo 72. [Integraci\u00f3n del concejo] Art\u00edculo 73. [Requisitos] Art\u00edculo 74. [Inhabilidades] Art\u00edculo 75. [Incompatibilidad] Art\u00edculo 76. [Cesaci\u00f3n en el cargo] Art\u00edculo 77. [Causales de cesaci\u00f3n] Art\u00edculo 78. [Cesaci\u00f3n] Art\u00edculo 78 bis. [Nulidad acto electoral] Art\u00edculo 79. [Potestades del concejo] Art\u00edculo 80. [Fiscalizaci\u00f3n por parte del concejo] Art\u00edculo 81. [Aprobaci\u00f3n del presupuesto] Art\u00edculo 82. [Materias presupuestarias] Art\u00edculo 83. [Constituci\u00f3n del concejo] Art\u00edculo 84. [Sesiones] Art\u00edculo 85. [Presidencia del concejo] Art\u00edculo 86. [Qu\u00f3rum] Art\u00edculo 87. [Derecho de cada concejal] Art\u00edculo 88. [Dieta] Art\u00edculo 89. [Materias especiales] Art\u00edculo 90. [Permisos especiales] Art\u00edculo 91. [Sistema de pensiones] Art\u00edculo 92. [Reglamento interno] Art\u00edculo 92 bis. [Recursos] T\u00cdTULO IV &#8211; DE LA PARTICIPACI\u00d3N CIUDADANA P\u00e1rrafo 1\u00ba &#8211; De las instancias de participaci\u00f3n Art\u00edculo 93. [Participaci\u00f3n] Art\u00edculo 94. [Consejo de la sociedad civil] Art\u00edculo 95. [Requisitos] Art\u00edculo 96. [Atribuciones] P\u00e1rrafo 2\u00ba &#8211; De las audiencias p\u00fablicas y la oficina de reclamos Art\u00edculo 97. [Audiencias p\u00fablicas] Art\u00edculo 98. [Oficina O.I.R.S.] P\u00e1rrafo 3\u00ba &#8211; De los plebiscitos comunales Art\u00edculo 99. [Plebiscitos comunales] Art\u00edculo 100. [Procedencia] Art\u00edculo 101. [Convocatoria] Art\u00edculo 102. [Prohibici\u00f3n de convocatoria] Art\u00edculo 103. [Suspensi\u00f3n de plazos] Art\u00edculo 104. [Remisi\u00f3n normativa] T\u00cdTULO IV A &#8211; DEL CONSEJO COMUNAL DE SEGURIDAD P\u00daBLICA Y EL PLAN COMUNAL DE SEGURIDAD P\u00daBLICA Art\u00edculo 104 A. [Consejo comunal de seguridad p\u00fablica] Art\u00edculo 104 B. [Integraci\u00f3n consejo comunal de seguridad p\u00fablica] Art\u00edculo 104 C. [Consejo intercomunal de seguridad p\u00fablica] Art\u00edculo 104 D. [Sesiones del consejo comunal de seguridad p\u00fablica] Art\u00edculo 104 E. [Funciones del consejo comunal de seguridad p\u00fablica] Art\u00edculo 104 F. [Plan comunal de seguridad p\u00fablica] T\u00cdTULO V &#8211; DE LAS ELECCIONES MUNICIPALES Art\u00edculo 105. [Aplicaci\u00f3n Ley N\u00ba 18.700] Art\u00edculo 106. [D\u00eda de la elecci\u00f3n] P\u00e1rrafo 1\u00ba &#8211; De la presentaci\u00f3n de candidaturas Art\u00edculo 107. [Declaraci\u00f3n de candidaturas] Art\u00edculo 108. [Declaraci\u00f3n] Art\u00edculo 109. [Pactos electorales] Art\u00edculo 110. [Manifestaci\u00f3n del pacto] Art\u00edculo 111. [Individualizaci\u00f3n] Art\u00edculo 112. [Patrocinio] Art\u00edculo 113. [Patrocinio de independientes] Art\u00edculo 114. [Sorteo] P\u00e1rrafo 2\u00ba &#8211; De las inscripciones<\/p>\n","protected":false},"featured_media":3013,"comment_status":"open","ping_status":"closed","template":"","meta":{"inline_featured_image":false,"_joinchat":[]},"product_brand":[],"product_cat":[45,42],"product_tag":[],"class_list":{"0":"post-2962","1":"product","2":"type-product","3":"status-publish","4":"has-post-thumbnail","6":"product_cat-administrativo","7":"product_cat-thomson-reuters","8":"product_shipping_class-a-convenir","10":"first","11":"instock","12":"shipping-taxable","13":"purchasable","14":"product-type-simple"},"_links":{"self":[{"href":"https:\/\/bibliotecajuridicavirtual.cl\/index.php\/wp-json\/wp\/v2\/product\/2962","targetHints":{"allow":["GET"]}}],"collection":[{"href":"https:\/\/bibliotecajuridicavirtual.cl\/index.php\/wp-json\/wp\/v2\/product"}],"about":[{"href":"https:\/\/bibliotecajuridicavirtual.cl\/index.php\/wp-json\/wp\/v2\/types\/product"}],"replies":[{"embeddable":true,"href":"https:\/\/bibliotecajuridicavirtual.cl\/index.php\/wp-json\/wp\/v2\/comments?post=2962"}],"wp:featuredmedia":[{"embeddable":true,"href":"https:\/\/bibliotecajuridicavirtual.cl\/index.php\/wp-json\/wp\/v2\/media\/3013"}],"wp:attachment":[{"href":"https:\/\/bibliotecajuridicavirtual.cl\/index.php\/wp-json\/wp\/v2\/media?parent=2962"}],"wp:term":[{"taxonomy":"product_brand","embeddable":true,"href":"https:\/\/bibliotecajuridicavirtual.cl\/index.php\/wp-json\/wp\/v2\/product_brand?post=2962"},{"taxonomy":"product_cat","embeddable":true,"href":"https:\/\/bibliotecajuridicavirtual.cl\/index.php\/wp-json\/wp\/v2\/product_cat?post=2962"},{"taxonomy":"product_tag","embeddable":true,"href":"https:\/\/bibliotecajuridicavirtual.cl\/index.php\/wp-json\/wp\/v2\/product_tag?post=2962"}],"curies":[{"name":"wp","href":"https:\/\/api.w.org\/{rel}","templated":true}]}}