{"id":2986,"date":"2026-02-28T01:07:57","date_gmt":"2026-02-28T04:07:57","guid":{"rendered":"https:\/\/bibliotecajuridicavirtual.cl\/?post_type=product&#038;p=2986"},"modified":"2026-02-28T01:08:10","modified_gmt":"2026-02-28T04:08:10","slug":"la-prueba-en-el-derecho-procesal-su-valoracion-testimonial-documental-pericial-y-sucedaneo-doctrina-comentarios-legislacion-comparada-y-jurisprudencia-ano-2017-640-pag-autor-raul-b-cane","status":"publish","type":"product","link":"https:\/\/bibliotecajuridicavirtual.cl\/index.php\/product\/la-prueba-en-el-derecho-procesal-su-valoracion-testimonial-documental-pericial-y-sucedaneo-doctrina-comentarios-legislacion-comparada-y-jurisprudencia-ano-2017-640-pag-autor-raul-b-cane\/","title":{"rendered":"La Prueba en el Derecho Procesal   &#8211;  Su valoraci\u00f3n Testimonial, Documental, Pericial y Suced\u00e1neo &#8211; Doctrina, comentarios, Legislaci\u00f3n Comparada y Jurisprudencia.. A\u00f1o 2017\/640 P\u00e1g. Autor Ra\u00fal B. Canelo Rabanal"},"content":{"rendered":"<p>La presente obra marca un antes y un despu\u00e9s en la incesante pol\u00e9mica del estudio de la prueba, pues se basa en una investigaci\u00f3n realizada desde diversos enfoques del conocimiento. El tema central es establecer nuestra postura sobre la finalidad de la prueba. Para sustentar dicha posici\u00f3n, abordaremos el campo de la Filosof\u00eda y de la Epistemolog\u00eda. As\u00ed, en cada cap\u00edtulo presentaremos un estudio hist\u00f3rico que explicar\u00e1 el origen y la raz\u00f3n de ser de cada instituci\u00f3n procesal. Adem\u00e1s, complementamos este estudio insertando la legislaci\u00f3n procesal y la jurisprudencia vinculada a fin de que el lector encuentre las diferencias y similitudes entre las instituciones procesales reguladas por nuestro C\u00f3digo Procesal Civil.<\/p>\n<p>&nbsp;<\/p>\n<p>&nbsp;<\/p>\n","protected":false},"excerpt":{"rendered":"<h5 style=\"text-align: center;\"><strong><span style=\"color: #ffcc00;\">( LIBRO EXTRANJERO)<\/span><\/strong><\/h5>\n<p style=\"text-align: center;\"><em><strong><span style=\"color: #ffcc00;\">\u00a0TAPA DURA CON SOBRECUBIERTA.<\/span><\/strong><\/em><\/p>\n","protected":false},"featured_media":3016,"comment_status":"open","ping_status":"closed","template":"","meta":{"inline_featured_image":false,"_joinchat":[]},"product_brand":[],"product_cat":[27,39],"product_tag":[],"class_list":{"0":"post-2986","1":"product","2":"type-product","3":"status-publish","4":"has-post-thumbnail","6":"product_cat-civil","7":"product_cat-procesal-civil","8":"product_shipping_class-a-convenir","10":"first","11":"instock","12":"shipping-taxable","13":"purchasable","14":"product-type-simple"},"_links":{"self":[{"href":"https:\/\/bibliotecajuridicavirtual.cl\/index.php\/wp-json\/wp\/v2\/product\/2986","targetHints":{"allow":["GET"]}}],"collection":[{"href":"https:\/\/bibliotecajuridicavirtual.cl\/index.php\/wp-json\/wp\/v2\/product"}],"about":[{"href":"https:\/\/bibliotecajuridicavirtual.cl\/index.php\/wp-json\/wp\/v2\/types\/product"}],"replies":[{"embeddable":true,"href":"https:\/\/bibliotecajuridicavirtual.cl\/index.php\/wp-json\/wp\/v2\/comments?post=2986"}],"wp:featuredmedia":[{"embeddable":true,"href":"https:\/\/bibliotecajuridicavirtual.cl\/index.php\/wp-json\/wp\/v2\/media\/3016"}],"wp:attachment":[{"href":"https:\/\/bibliotecajuridicavirtual.cl\/index.php\/wp-json\/wp\/v2\/media?parent=2986"}],"wp:term":[{"taxonomy":"product_brand","embeddable":true,"href":"https:\/\/bibliotecajuridicavirtual.cl\/index.php\/wp-json\/wp\/v2\/product_brand?post=2986"},{"taxonomy":"product_cat","embeddable":true,"href":"https:\/\/bibliotecajuridicavirtual.cl\/index.php\/wp-json\/wp\/v2\/product_cat?post=2986"},{"taxonomy":"product_tag","embeddable":true,"href":"https:\/\/bibliotecajuridicavirtual.cl\/index.php\/wp-json\/wp\/v2\/product_tag?post=2986"}],"curies":[{"name":"wp","href":"https:\/\/api.w.org\/{rel}","templated":true}]}}