{"id":2988,"date":"2026-02-28T01:07:57","date_gmt":"2026-02-28T04:07:57","guid":{"rendered":"https:\/\/bibliotecajuridicavirtual.cl\/?post_type=product&#038;p=2988"},"modified":"2026-02-28T01:08:13","modified_gmt":"2026-02-28T04:08:13","slug":"derecho-civil-los-bienes-edicion-actualizada-ano-2023-350-pag-autor-abraham-kiverstein-hoijman","status":"publish","type":"product","link":"https:\/\/bibliotecajuridicavirtual.cl\/index.php\/product\/derecho-civil-los-bienes-edicion-actualizada-ano-2023-350-pag-autor-abraham-kiverstein-hoijman\/","title":{"rendered":"Derecho Civil &#8211; Los Bienes &#8211; Edici\u00f3n Actualizada .  A\u00f1o 2023\/ 350 P\u00e1g. Autor Abraham Kiverstein Hoijman"},"content":{"rendered":"<p style=\"font-weight: 400;\">Con este trabajo se intenta llevar a nuestros d\u00edas, a nuestras aulas, una obra que ha permanecido vigente en la consulta jur\u00eddica, contextualiz\u00e1ndola con instituciones actuales, adem\u00e1s de rememorar pasajes ya no utilizados o con muy poco uso de la legislaci\u00f3n actual, para conocer as\u00ed el trance, el recorrido y el proceso evolutivo que ha tenido el derecho en materia de Bienes y derechos reales hasta nuestros d\u00edas. Tampoco el autor se olvida de la historia fidedigna y la etimolog\u00eda de ciertas instituciones, ya nacidas en Roma, o adquiridas e incluidas en forma discreta por Bello del C\u00f3digo de Napole\u00f3n; incluso su estructura y su posici\u00f3n en el C\u00f3digo (como en el caso de la prescripci\u00f3n) se pueden explicar con la inclusi\u00f3n de su historia fidedigna.<\/p>\n<p style=\"font-weight: 400;\"><b><strong>CAP\u00cdTULO I<br \/>\nDE LOS BIENES<\/strong><\/b><\/p>\n<p style=\"font-weight: 400;\"><b><strong>CAP\u00cdTULO II<br \/>\nDE LA PROPIEDAD<\/strong><\/b><\/p>\n<p style=\"font-weight: 400;\"><b><strong>CAP\u00cdTULO III<br \/>\nDE LA OCUPACI\u00d3N<\/strong><\/b><\/p>\n<p style=\"font-weight: 400;\"><b><strong>CAP\u00cdTULO IV<br \/>\nDE LA ACCESI\u00d3N<\/strong><\/b><\/p>\n<p style=\"font-weight: 400;\"><b><strong>CAP\u00cdTULO V<br \/>\nDE LA TRADICI\u00d3N<\/strong><\/b><\/p>\n<p style=\"font-weight: 400;\"><b><strong>CAP\u00cdTULO VI<br \/>\nDE LA PRESCRIPCI\u00d3N<\/strong><\/b><\/p>\n<p style=\"font-weight: 400;\"><b><strong>CAP\u00cdTULO VII<br \/>\nDE LA ACCI\u00d3N REIVINDICATORIA<\/strong><\/b><\/p>\n<p style=\"font-weight: 400;\"><b><strong>CAP\u00cdTULO VIII<br \/>\nDE LAS ACCIONES POSESORIAS<\/strong><\/b><\/p>\n<p style=\"font-weight: 400;\"><b><strong>CAP\u00cdTULO IX<br \/>\nDE LA PROPIEDAD FIDUCIARIA<\/strong><\/b><\/p>\n<p style=\"font-weight: 400;\"><b><strong>CAP\u00cdTULO X<br \/>\nDEL USUFRUCTO<\/strong><\/b><\/p>\n<p style=\"font-weight: 400;\"><b><strong>CAP\u00cdTULO XI<br \/>\nDEL USO Y DE LA HABITACI\u00d3N<\/strong><\/b><\/p>\n<p style=\"font-weight: 400;\"><b><strong>CAP\u00cdTULO XII<br \/>\nDE LAS SERVIDUMBRES<\/strong><\/b><\/p>\n","protected":false},"excerpt":{"rendered":"<p>Con este trabajo se intenta llevar a nuestros d\u00edas, a nuestras aulas, una obra que ha permanecido vigente en la consulta jur\u00eddica, contextualiz\u00e1ndola con instituciones actuales, adem\u00e1s de rememorar pasajes ya no utilizados o con muy poco uso de la legislaci\u00f3n actual, para conocer as\u00ed el trance, el recorrido y el proceso evolutivo que ha tenido el derecho en materia de Bienes y derechos reales hasta nuestros d\u00edas. Tampoco el autor se olvida de la historia fidedigna y la etimolog\u00eda de ciertas instituciones, ya nacidas en Roma, o adquiridas e incluidas en forma discreta por Bello del C\u00f3digo de Napole\u00f3n; incluso su estructura y su posici\u00f3n en el C\u00f3digo (como en el caso de la prescripci\u00f3n) se pueden explicar con la inclusi\u00f3n de su historia fidedigna. CAP\u00cdTULO I DE LOS BIENES CAP\u00cdTULO II DE LA PROPIEDAD CAP\u00cdTULO III DE LA OCUPACI\u00d3N CAP\u00cdTULO IV DE LA ACCESI\u00d3N CAP\u00cdTULO V DE LA TRADICI\u00d3N CAP\u00cdTULO VI DE LA PRESCRIPCI\u00d3N CAP\u00cdTULO VII DE LA ACCI\u00d3N REIVINDICATORIA CAP\u00cdTULO VIII DE LAS ACCIONES POSESORIAS CAP\u00cdTULO IX DE LA PROPIEDAD FIDUCIARIA CAP\u00cdTULO X DEL USUFRUCTO CAP\u00cdTULO XI DEL USO Y DE LA HABITACI\u00d3N CAP\u00cdTULO XII DE LAS SERVIDUMBRES<\/p>\n","protected":false},"featured_media":3018,"comment_status":"open","ping_status":"closed","template":"","meta":{"inline_featured_image":false,"_joinchat":[]},"product_brand":[],"product_cat":[27,60],"product_tag":[],"class_list":{"0":"post-2988","1":"product","2":"type-product","3":"status-publish","4":"has-post-thumbnail","6":"product_cat-civil","7":"product_cat-editorial-el-jurista","8":"product_shipping_class-a-convenir","10":"first","11":"instock","12":"shipping-taxable","13":"purchasable","14":"product-type-simple"},"_links":{"self":[{"href":"https:\/\/bibliotecajuridicavirtual.cl\/index.php\/wp-json\/wp\/v2\/product\/2988","targetHints":{"allow":["GET"]}}],"collection":[{"href":"https:\/\/bibliotecajuridicavirtual.cl\/index.php\/wp-json\/wp\/v2\/product"}],"about":[{"href":"https:\/\/bibliotecajuridicavirtual.cl\/index.php\/wp-json\/wp\/v2\/types\/product"}],"replies":[{"embeddable":true,"href":"https:\/\/bibliotecajuridicavirtual.cl\/index.php\/wp-json\/wp\/v2\/comments?post=2988"}],"wp:featuredmedia":[{"embeddable":true,"href":"https:\/\/bibliotecajuridicavirtual.cl\/index.php\/wp-json\/wp\/v2\/media\/3018"}],"wp:attachment":[{"href":"https:\/\/bibliotecajuridicavirtual.cl\/index.php\/wp-json\/wp\/v2\/media?parent=2988"}],"wp:term":[{"taxonomy":"product_brand","embeddable":true,"href":"https:\/\/bibliotecajuridicavirtual.cl\/index.php\/wp-json\/wp\/v2\/product_brand?post=2988"},{"taxonomy":"product_cat","embeddable":true,"href":"https:\/\/bibliotecajuridicavirtual.cl\/index.php\/wp-json\/wp\/v2\/product_cat?post=2988"},{"taxonomy":"product_tag","embeddable":true,"href":"https:\/\/bibliotecajuridicavirtual.cl\/index.php\/wp-json\/wp\/v2\/product_tag?post=2988"}],"curies":[{"name":"wp","href":"https:\/\/api.w.org\/{rel}","templated":true}]}}