{"id":2989,"date":"2026-02-28T01:07:57","date_gmt":"2026-02-28T04:07:57","guid":{"rendered":"https:\/\/bibliotecajuridicavirtual.cl\/?post_type=product&#038;p=2989"},"modified":"2026-02-28T01:08:14","modified_gmt":"2026-02-28T04:08:14","slug":"corrupcion-prostitucion-y-explotacion-sexual-en-el-codigo-penal-chileno-ano-2023-192-pag-autor-manuel-angel-gonzales-jara","status":"publish","type":"product","link":"https:\/\/bibliotecajuridicavirtual.cl\/index.php\/product\/corrupcion-prostitucion-y-explotacion-sexual-en-el-codigo-penal-chileno-ano-2023-192-pag-autor-manuel-angel-gonzales-jara\/","title":{"rendered":"Corrupci\u00f3n, Prostituci\u00f3n y Explotaci\u00f3n Sexual en el C\u00f3digo Penal Chileno. A\u00f1o 2023\/ 192 P\u00e1g. Autor Manuel \u00c1ngel Gonz\u00e1les Jara"},"content":{"rendered":"<p>INDICE<\/p>\n<p>&nbsp;<\/p>\n<p>Pr\u00f3logo . . . . . . . . . . . . . . . . . . . . . . . . . . . . . . . . . . . . . . . . . . . . . . . . . 9<\/p>\n<p>Proemio . . . . . . . . . . . . . . . . . . . . . . . . . . . . . . . . . . . . . . . . . . . . . . . . 11<\/p>\n<p>Cap\u00edtulo primero<\/p>\n<p>DELITOS SEXUALES, BIEN JUR\u00cdDICO Y FIGURAS<\/p>\n<p>DE ILICITUD . . . . . . . . . . . . . . . . . . . 13<\/p>\n<ol>\n<li>La denominaci\u00f3n . . . . . . . . . . . . . . . . . . . . . . . . . . . . . . . . . . . . . . 14<\/li>\n<li>El bien jur\u00eddico . . . . . . . . . . . . . . . . . . . . . . . . . . . . . . . . . . . . . . . . 16<\/li>\n<\/ol>\n<p>III. Los delitos sexuales en el C\u00f3digo Penal . . . . . . . . . . . . . . . . . . . . . . 35<\/p>\n<ol>\n<li>Violaci\u00f3n . . . . . . . . . . . . . . . . . . . . . . . . . . . . . . . . . . . . . . . . . . 37<\/li>\n<li>Estupro . . . . . . . . . . . . . . . . . . . . . . . . . . . . . . . . . . . . . . . . . . . 39<\/li>\n<li>Abuso sexual . . . . . . . . . . . . . . . . . . . . . . . . . . . . . . . . . . . . . . . 42<\/li>\n<li>Ofensas al pudor o las buenas costumbres . . . . . . . . . . . . . . . . . 45<\/li>\n<li>Difusi\u00f3n de material pornogr\u00e1fico . . . . . . . . . . . . . . . . . . . . . . . 46<\/li>\n<li>Incesto . . . . . . . . . . . . . . . . . . . . . . . . . . . . . . . . . . . . . . . . . . . . 50<\/li>\n<\/ol>\n<p>Cap\u00edtulo segundo<\/p>\n<p>CORRUPCI\u00d3N, PROSTITUCI\u00d3N<\/p>\n<p>Y EXPLOTACI\u00d3N SEXUAL . . . . . . . . . . . . . . 53<\/p>\n<ol>\n<li>Corrupci\u00f3n . . . . . . . . . . . . . . . . . . . . . . . . . . . . . . . . . . . . . . . . . . . 53<\/li>\n<li>Prostituci\u00f3n . . . . . . . . . . . . . . . . . . . . . . . . . . . . . . . . . . . . . . . . . . . 56<\/li>\n<li>Aspectos hist\u00f3ricos . . . . . . . . . . . . . . . . . . . . . . . . . . . . . . . . . . . 56<\/li>\n<li>Aspectos criminol\u00f3gicos . . . . . . . . . . . . . . . . . . . . . . . . . . . . . . . 59<\/li>\n<li>Conceptos de prostituci\u00f3n y prostituta . . . . . . . . . . . . . . . . . . . . 64<\/li>\n<li>Ley penal y prostituci\u00f3n. An\u00e1lisis comparativo . . . . . . . . . . . . . 67<\/li>\n<\/ol>\n<p>4.1. Derecho espa\u00f1ol . . . . . . . . . . . . . . . . . . . . . . . . . . . . . . . . 67<\/p>\n<p>4.2. Derecho hispanoamericano . . . . . . . . . . . . . . . . . . . . . . . . 69<\/p>\n<p>4.2.1. Derecho argentino . . . . . . . . . . . . . . . . . . . . . . . . . 69<\/p>\n<p>4.2.2. Derecho boliviano . . . . . . . . . . . . . . . . . . . . . . . . . 70<\/p>\n<p>4.2.3. Derecho colombiano . . . . . . . . . . . . . . . . . . . . . . . . 71<\/p>\n<p>4.2.4. Derecho costarricense . . . . . . . . . . . . . . . . . . . . . . . 72<\/p>\n<p>4.2.5. Derecho ecuatoriano . . . . . . . . . . . . . . . . . . . . . . . . 73<\/p>\n<p>4.2.6. Derecho mexicano . . . . . . . . . . . . . . . . . . . . . . . . . 73<\/p>\n<p>4.2.7. Derecho paraguayo . . . . . . . . . . . . . . . . . . . . . . . . . 74<\/p>\n<p>4.2.8. Derecho peruano . . . . . . . . . . . . . . . . . . . . . . . . . . 74<\/p>\n<p>4.2.9. Derecho uruguayo . . . . . . . . . . . . . . . . . . . . . . . . . 76<\/p>\n<p>4.2.10. Derecho venezolano . . . . . . . . . . . . . . . . . . . . . . . . 77<\/p>\n<p>4.2.11. Proyecto de C\u00f3digo Penal Tipo para Latinoam\u00e9rica . 78<\/p>\n<ol start=\"5\">\n<li>El bien espec\u00edficamente tutelado . . . . . . . . . . . . . . . . . . . . . . . . . 80<\/li>\n<li>Devenir legislativo nacional . . . . . . . . . . . . . . . . . . . . . . . . . . . . 83<\/li>\n<\/ol>\n<p>III. Explotaci\u00f3n . . . . . . . . . . . . . . . . . . . . . . . . . . . . . . . . . . . . . . . . . . . 85<\/p>\n<p>Cap\u00edtulo tercero<\/p>\n<p>LAS FIGURAS DELICTIVAS . . . . . . . . . . . . . . 89<\/p>\n<ol>\n<li>Promoci\u00f3n o facilitaci\u00f3n de la explotaci\u00f3n sexual . . . . . . . . . . . . . . 90<\/li>\n<li>La figura base . . . . . . . . . . . . . . . . . . . . . . . . . . . . . . . . . . . . . . 93<\/li>\n<li>Bien jur\u00eddico tutelado . . . . . . . . . . . . . . . . . . . . . . . . . . . . . . . . . 93<\/li>\n<li>An\u00e1lisis t\u00edpico . . . . . . . . . . . . . . . . . . . . . . . . . . . . . . . . . . . . . . 94<\/li>\n<\/ol>\n<p>3.1. Hip\u00f3tesis simple . . . . . . . . . . . . . . . . . . . . . . . . . . . . . . . . . 96<\/p>\n<p>3.1.1. Sujetos . . . . . . . . . . . . . . . . . . . . . . . . . . . . . . . . . . 97<\/p>\n<p>3.1.2. Conducta . . . . . . . . . . . . . . . . . . . . . . . . . . . . . . . . 98<\/p>\n<p>3.1.3. Consentimiento . . . . . . . . . . . . . . . . . . . . . . . . . . . 99<\/p>\n<p>3.2. Hip\u00f3tesis agravada . . . . . . . . . . . . . . . . . . . . . . . . . . . . . . 100<\/p>\n<p>3.2.1. Dependencia . . . . . . . . . . . . . . . . . . . . . . . . . . . . . . 100<\/p>\n<p>3.2.1. Habitualidad . . . . . . . . . . . . . . . . . . . . . . . . . . . . . 101<\/p>\n<ol>\n<li>Obtenci\u00f3n de servicios sexuales mediante precio . . . . . . . . . . . . . . . 105<\/li>\n<\/ol>\n<p>III. Jurisprudencia anterior a la Ley N\u00ba 21.522 relativa a los art\u00edculos 367<\/p>\n<p>y 367 ter . . . . . . . . . . . . . . . . . . . . . . . . . . . . . . . . . . . . . . . . . . . . . 108<\/p>\n<ol>\n<li>Art\u00edculo 367 del C\u00f3digo Penal . . . . . . . . . . . . . . . . . . . . . . . . . . 108<\/li>\n<\/ol>\n<p>1.1. Sentencias anteriores a la Ley N\u00ba 19.617 . . . . . . . . . . . . . . 109<\/p>\n<p>1.2. Sentencias posteriores a la vigencia de la Ley N\u00ba 19.617 . . 111<\/p>\n<p>1.3. Sentencias posteriores a la Ley N\u00ba 21.522 . . . . . . . . . . . . . 112<\/p>\n<ol start=\"2\">\n<li>Art\u00edculo 367 ter del C\u00f3digo Penal . . . . . . . . . . . . . . . . . . . . . . . 112<\/li>\n<li>Las restantes figuras delictivas . . . . . . . . . . . . . . . . . . . . . . . . . . . . 114<\/li>\n<li>Art\u00edculo 367 qu\u00e1ter . . . . . . . . . . . . . . . . . . . . . . . . . . . . . . . . . . 114<\/li>\n<li>Art\u00edculo 367 septies . . . . . . . . . . . . . . . . . . . . . . . . . . . . . . . . . . 115<\/li>\n<\/ol>\n<p>Cap\u00edtulo cuarto<\/p>\n<p>TR\u00c1FICO DE PERSONAS PARA EL EJERCICIO<\/p>\n<p>DE LA PROSTITUCI\u00d3N . . . . . . . . . . . . . . . 117<\/p>\n<ol>\n<li>Objeto de la regulaci\u00f3n y nomen iuris del delito . . . . . . . . . . . . 119<\/li>\n<li>Precisiones respecto del bien jur\u00eddico . . . . . . . . . . . . . . . . . . . . . 122<\/li>\n<li>La ratio pol\u00edtico-criminal del precepto . . . . . . . . . . . . . . . . . . . . 125<\/li>\n<li>An\u00e1lisis de la figura . . . . . . . . . . . . . . . . . . . . . . . . . . . . . . . . . . 126<\/li>\n<\/ol>\n<p>4.1. Sujetos . . . . . . . . . . . . . . . . . . . . . . . . . . . . . . . . . . . . . . . . 126<\/p>\n<p>4.2. Conducta . . . . . . . . . . . . . . . . . . . . . . . . . . . . . . . . . . . . . . 126<\/p>\n<p>4.3. Elemento subjetivo . . . . . . . . . . . . . . . . . . . . . . . . . . . . . . . 127<\/p>\n<ol start=\"5\">\n<li>Jurisprudencia relativa al art\u00edculo 411 ter . . . . . . . . . . . . . . . . . 128<\/li>\n<\/ol>\n<p>Adenda: la prostituci\u00f3n como elemento del tipo de femicidio . . . . . 137<\/p>\n<p>Cap\u00edtulo quinto<\/p>\n<p>DISPOSICIONES COMPLEMENTARIAS . . . . . . . . 143<\/p>\n<ol>\n<li>Disposiciones en el C\u00f3digo Penal . . . . . . . . . . . . . . . . . . . . . . . . . . 143<\/li>\n<li>Disposiciones de car\u00e1cter sustantivo. &#8211; Art. 367 sexies. Art. 367 octies.<\/li>\n<\/ol>\n<p>Art. 368. Art. 368 bis. Art. 372Art. 372 bis. . . . . . . . . . . . . . . . 143<\/p>\n<ol start=\"2\">\n<li>Disposiciones relativas al r\u00e9gimen de sanciones. &#8211; Art. 370 bis.<\/li>\n<\/ol>\n<p>Art. 371. Art. 372. . . . . . . . . . . . . . . . . . . . . . . . . . . . . . . . . . . . 146<\/p>\n<ol start=\"3\">\n<li>Disposiciones representativas de medidas cautelares . . . . . . . . . 147<\/li>\n<li>Disposiciones de naturaleza procesal. &#8211; Art.367 quinquies.<\/li>\n<\/ol>\n<p>Art. 368 ter. Art. 369. Art. 369 ter. Art. 369 quinquies.<\/p>\n<p>Art. 372 ter . . . . . . . . . . . . . . . . . . . . . . . . . . . . . . . . . . . . . . . . 148<\/p>\n<ol>\n<li>Los tratados internacionales . . . . . . . . . . . . . . . . . . . . . . . . . . . . . . 148<\/li>\n<\/ol>\n<p>Cap\u00edtulo sexto<\/p>\n<p>ALCANCES POL\u00cdTICO-CRIMINALES RESPECTO<\/p>\n<p>AL FEN\u00d3MENO DE LA PROSTITUCI\u00d3N . . . . . . . . 153<\/p>\n<ol>\n<li>El Estado frente a la prostituci\u00f3n . . . . . . . . . . . . . . . . . . . . . . . . . . 153<\/li>\n<li>R\u00e9gimen de libertad de prostituci\u00f3n . . . . . . . . . . . . . . . . . . . . . . 155<\/li>\n<li>R\u00e9gimen prohibitivo . . . . . . . . . . . . . . . . . . . . . . . . . . . . . . . . . 155<\/li>\n<li>R\u00e9gimen reglamentarista . . . . . . . . . . . . . . . . . . . . . . . . . . . . . . 155<\/li>\n<li>R\u00e9gimen abolicionista . . . . . . . . . . . . . . . . . . . . . . . . . . . . . . . . 156<\/li>\n<li>La rufianer\u00eda . . . . . . . . . . . . . . . . . . . . . . . . . . . . . . . . . . . . . . . . . . 161<\/li>\n<\/ol>\n<p>III. Descriminalizaci\u00f3n . . . . . . . . . . . . . . . . . . . . . . . . . . . . . . . . . . . . . 164<\/p>\n<ol>\n<li>Art\u00edculo 367 . . . . . . . . . . . . . . . . . . . . . . . . . . . . . . . . . . . . . . . . 165<\/li>\n<li>Art\u00edculo 367 ter . . . . . . . . . . . . . . . . . . . . . . . . . . . . . . . . . . . . . 167<\/li>\n<li>Art\u00edculo 411 ter . . . . . . . . . . . . . . . . . . . . . . . . . . . . . . . . . . . . . 168<\/li>\n<\/ol>\n<p>Conclusiones . . . . . . . . . . . . . . . . . . . . . . . . . . . . . . . . . . . . . . . . . . . . . 176<\/p>\n<p>Fuentes . . . . . . . . . . . . . . . . . . . . . . . . . . . . . . . . . . . . . . . . . . . . . . . . . 179<\/p>\n","protected":false},"excerpt":{"rendered":"<p>INDICE &nbsp; Pr\u00f3logo . . . . . . . . . . . . . . . . . . . . . . . . . . . . . . . . . . . . . . . . . . . . . . . . . 9 Proemio . . . . . . . . . . . . . . . . . . . . . . . . . . . . . . . . . . . . . . . . . . . . . . . . 11 Cap\u00edtulo primero DELITOS SEXUALES, BIEN JUR\u00cdDICO Y FIGURAS DE ILICITUD . . . . . . . . . . . . . . . . . . . 13 La denominaci\u00f3n . . . . . . . . . . . . . . . . . . . . . . . . . . . . . . . . . . . . . . 14 El bien jur\u00eddico . . . . . . . . . . . . . . . . . . . . . . . . . . . . . . . . . . . . . . . . 16 III. Los delitos sexuales en el C\u00f3digo Penal . . . . . . . . . . . . . . . . . . . . . . 35 Violaci\u00f3n . . . . . . . . . . . . . . . . . . . . . . . . . . . . . . . . . . . . . . . . . . 37 Estupro . . . . . . . . . . . . . . . . . . . . . . . . . . . . . . . . . . . . . . . . . . . 39 Abuso sexual . . . . . . . . . . . . . . . . . . . . . . . . . . . . . . . . . . . . . . . 42 Ofensas al pudor o las buenas costumbres . . . . . . . . . . . . . . . . . 45 Difusi\u00f3n de material pornogr\u00e1fico . . . . . . . . . . . . . . . . . . . . . . . 46 Incesto . . . . . . . . . . . . . . . . . . . . . . . . . . . . . . . . . . . . . . . . . . . . 50 Cap\u00edtulo segundo CORRUPCI\u00d3N, PROSTITUCI\u00d3N Y EXPLOTACI\u00d3N SEXUAL . . . . . . . . . . . . . . 53 Corrupci\u00f3n . . . . . . . . . . . . . . . . . . . . . . . . . . . . . . . . . . . . . . . . . . . 53 Prostituci\u00f3n . . . . . . . . . . . . . . . . . . . . . . . . . . . . . . . . . . . . . . . . . . . 56 Aspectos hist\u00f3ricos . . . . . . . . . . . . . . . . . . . . . . . . . . . . . . . . . . . 56 Aspectos criminol\u00f3gicos . . . . . . . . . . . . . . . . . . . . . . . . . . . . . . . 59 Conceptos de prostituci\u00f3n y prostituta . . . . . . . . . . . . . . . . . . . . 64 Ley penal y prostituci\u00f3n. An\u00e1lisis comparativo . . . . . . . . . . . . . 67 4.1. Derecho espa\u00f1ol . . . . . . . . . . . . . . . . . . . . . . . . . . . . . . . . 67 4.2. Derecho hispanoamericano . . . . . . . . . . . . . . . . . . . . . . . . 69 4.2.1. Derecho argentino . . . . . . . . . . . . . . . . . . . . . . . . . 69 4.2.2. Derecho boliviano . . . . . . . . . . . . . . . . . . . . . . . . . 70 4.2.3. Derecho colombiano . . . . . . . . . . . . . . . . . . . . . . . . 71 4.2.4. Derecho costarricense . . . . . . . . . . . . . . . . . . . . . . . 72 4.2.5. Derecho ecuatoriano . . . . . . . . . . . . . . . . . . . . . . . . 73 4.2.6. Derecho mexicano . . . . . . . . . . . . . . . . . . . . . . . . . 73 4.2.7. Derecho paraguayo . . . . . . . . . . . . . . . . . . . . . . . . . 74 4.2.8. Derecho peruano . . . . . . . . . . . . . . . . . . . . . . . .<\/p>\n","protected":false},"featured_media":3019,"comment_status":"open","ping_status":"closed","template":"","meta":{"inline_featured_image":false,"_joinchat":[]},"product_brand":[],"product_cat":[40,30],"product_tag":[],"class_list":{"0":"post-2989","1":"product","2":"type-product","3":"status-publish","4":"has-post-thumbnail","6":"product_cat-ediciones-juridica-de-santiago","7":"product_cat-penal","8":"product_shipping_class-a-convenir","10":"first","11":"instock","12":"shipping-taxable","13":"purchasable","14":"product-type-simple"},"_links":{"self":[{"href":"https:\/\/bibliotecajuridicavirtual.cl\/index.php\/wp-json\/wp\/v2\/product\/2989","targetHints":{"allow":["GET"]}}],"collection":[{"href":"https:\/\/bibliotecajuridicavirtual.cl\/index.php\/wp-json\/wp\/v2\/product"}],"about":[{"href":"https:\/\/bibliotecajuridicavirtual.cl\/index.php\/wp-json\/wp\/v2\/types\/product"}],"replies":[{"embeddable":true,"href":"https:\/\/bibliotecajuridicavirtual.cl\/index.php\/wp-json\/wp\/v2\/comments?post=2989"}],"wp:featuredmedia":[{"embeddable":true,"href":"https:\/\/bibliotecajuridicavirtual.cl\/index.php\/wp-json\/wp\/v2\/media\/3019"}],"wp:attachment":[{"href":"https:\/\/bibliotecajuridicavirtual.cl\/index.php\/wp-json\/wp\/v2\/media?parent=2989"}],"wp:term":[{"taxonomy":"product_brand","embeddable":true,"href":"https:\/\/bibliotecajuridicavirtual.cl\/index.php\/wp-json\/wp\/v2\/product_brand?post=2989"},{"taxonomy":"product_cat","embeddable":true,"href":"https:\/\/bibliotecajuridicavirtual.cl\/index.php\/wp-json\/wp\/v2\/product_cat?post=2989"},{"taxonomy":"product_tag","embeddable":true,"href":"https:\/\/bibliotecajuridicavirtual.cl\/index.php\/wp-json\/wp\/v2\/product_tag?post=2989"}],"curies":[{"name":"wp","href":"https:\/\/api.w.org\/{rel}","templated":true}]}}