{"id":2996,"date":"2026-02-28T01:07:57","date_gmt":"2026-02-28T04:07:57","guid":{"rendered":"https:\/\/bibliotecajuridicavirtual.cl\/?post_type=product&#038;p=2996"},"modified":"2026-02-28T01:08:24","modified_gmt":"2026-02-28T04:08:24","slug":"procedimientos-especiales-y-actos-juridicos-no-contenciosos-explicaciones-y-formularios-ano-2023-autor-eric-chavez-chavez","status":"publish","type":"product","link":"https:\/\/bibliotecajuridicavirtual.cl\/index.php\/product\/procedimientos-especiales-y-actos-juridicos-no-contenciosos-explicaciones-y-formularios-ano-2023-autor-eric-chavez-chavez\/","title":{"rendered":"Procedimientos Especiales y Actos Jur\u00eddicos no Contenciosos &#8211; Explicaciones y Formularios . A\u00f1o 2023. Autor Eric Ch\u00e1vez Ch\u00e1vez"},"content":{"rendered":"<p style=\"font-weight: 400;\">FICHA T\u00c9CNICA \u201cProcedimientos Especiales y Actos Judiciales No Contenciosos\u201d. Pr\u00e1ctica Forense\u201d, es un texto que incluye en su primera parte las normas procesales en las cuales se tramita dicho juicio, para despu\u00e9s insertarse los diferentes formularios de las diferentes demandas y los principales escritos de mera tramitaci\u00f3n.<\/p>\n<p style=\"font-weight: 400;\">\n<p style=\"font-weight: 400;\">En el cap\u00edtulo de los actos judiciales no contenciosos, se incluyen los principales tr\u00e1mites o instituciones regulados en el C\u00f3digo Civil y en algunas leyes complementarias, que son de aplicaci\u00f3n permanente en nuestra judicatura civil. Se debe hacer presente que en esta edici\u00f3n se han ampliado con nuevos temas en la parte de los actos judiciales no contenciosos agreg\u00e1ndose, la parte org\u00e1nica y la correspondiente pr\u00e1ctica forense, con el escrito principal de solicitud y de mera tramitaci\u00f3n.<\/p>\n<p style=\"font-weight: 400;\">\n<p style=\"font-weight: 400;\">Lo cual sin duda ayudara a los abogados en la consulta del Juicio y en la elaboraci\u00f3n de la demanda o solicitud, seg\u00fan corresponda, teniendo en consideraci\u00f3n y lo realmente importante todo en un mismo texto. Teni\u00e9ndose presente que el libro esta debidamente actualizado, con todas y cada una de las reformas introducidas a los diferentes C\u00f3digos y leyes vigentes hasta antes del cierre de esta edici\u00f3n.<\/p>\n<p style=\"font-weight: 400;\">Por ello Tofulex Ediciones Jur\u00eddicas, cree que ser\u00e1 de gran utilidad este texto en su 7\u00aa Edici\u00f3n, 2023, del abogado Eric Andr\u00e9s Ch\u00e1vez Ch\u00e1vez, siempre di\u00e1fano, did\u00e1ctico y preciso, ser\u00e1 un aporte al Derecho Procesal, y a nuestro foro.<\/p>\n<p>&nbsp;<\/p>\n","protected":false},"excerpt":{"rendered":"<p>FICHA T\u00c9CNICA \u201cProcedimientos Especiales y Actos Judiciales No Contenciosos\u201d. Pr\u00e1ctica Forense\u201d, es un texto que incluye en su primera parte las normas procesales en las cuales se tramita dicho juicio, para despu\u00e9s insertarse los diferentes formularios de las diferentes demandas y los principales escritos de mera tramitaci\u00f3n. En el cap\u00edtulo de los actos judiciales no contenciosos, se incluyen los principales tr\u00e1mites o instituciones regulados en el C\u00f3digo Civil y en algunas leyes complementarias, que son de aplicaci\u00f3n permanente en nuestra judicatura civil. Se debe hacer presente que en esta edici\u00f3n se han ampliado con nuevos temas en la parte de los actos judiciales no contenciosos agreg\u00e1ndose, la parte org\u00e1nica y la correspondiente pr\u00e1ctica forense, con el escrito principal de solicitud y de mera tramitaci\u00f3n. Lo cual sin duda ayudara a los abogados en la consulta del Juicio y en la elaboraci\u00f3n de la demanda o solicitud, seg\u00fan corresponda, teniendo en consideraci\u00f3n y lo realmente importante todo en un mismo texto. Teni\u00e9ndose presente que el libro esta debidamente actualizado, con todas y cada una de las reformas introducidas a los diferentes C\u00f3digos y leyes vigentes hasta antes del cierre de esta edici\u00f3n. Por ello Tofulex Ediciones Jur\u00eddicas, cree que ser\u00e1 de gran utilidad este texto en su 7\u00aa Edici\u00f3n, 2023, del abogado Eric Andr\u00e9s Ch\u00e1vez Ch\u00e1vez, siempre di\u00e1fano, did\u00e1ctico y preciso, ser\u00e1 un aporte al Derecho Procesal, y a nuestro foro. &nbsp;<\/p>\n","protected":false},"featured_media":3042,"comment_status":"open","ping_status":"closed","template":"","meta":{"inline_featured_image":false,"_joinchat":[]},"product_brand":[],"product_cat":[27,59],"product_tag":[],"class_list":{"0":"post-2996","1":"product","2":"type-product","3":"status-publish","4":"has-post-thumbnail","6":"product_cat-civil","7":"product_cat-editorial-tofulex-ediciones-juridicas","8":"product_shipping_class-a-convenir","10":"first","11":"instock","12":"shipping-taxable","13":"purchasable","14":"product-type-simple"},"_links":{"self":[{"href":"https:\/\/bibliotecajuridicavirtual.cl\/index.php\/wp-json\/wp\/v2\/product\/2996","targetHints":{"allow":["GET"]}}],"collection":[{"href":"https:\/\/bibliotecajuridicavirtual.cl\/index.php\/wp-json\/wp\/v2\/product"}],"about":[{"href":"https:\/\/bibliotecajuridicavirtual.cl\/index.php\/wp-json\/wp\/v2\/types\/product"}],"replies":[{"embeddable":true,"href":"https:\/\/bibliotecajuridicavirtual.cl\/index.php\/wp-json\/wp\/v2\/comments?post=2996"}],"wp:featuredmedia":[{"embeddable":true,"href":"https:\/\/bibliotecajuridicavirtual.cl\/index.php\/wp-json\/wp\/v2\/media\/3042"}],"wp:attachment":[{"href":"https:\/\/bibliotecajuridicavirtual.cl\/index.php\/wp-json\/wp\/v2\/media?parent=2996"}],"wp:term":[{"taxonomy":"product_brand","embeddable":true,"href":"https:\/\/bibliotecajuridicavirtual.cl\/index.php\/wp-json\/wp\/v2\/product_brand?post=2996"},{"taxonomy":"product_cat","embeddable":true,"href":"https:\/\/bibliotecajuridicavirtual.cl\/index.php\/wp-json\/wp\/v2\/product_cat?post=2996"},{"taxonomy":"product_tag","embeddable":true,"href":"https:\/\/bibliotecajuridicavirtual.cl\/index.php\/wp-json\/wp\/v2\/product_tag?post=2996"}],"curies":[{"name":"wp","href":"https:\/\/api.w.org\/{rel}","templated":true}]}}