{"id":2997,"date":"2026-02-28T01:07:57","date_gmt":"2026-02-28T04:07:57","guid":{"rendered":"https:\/\/bibliotecajuridicavirtual.cl\/?post_type=product&#038;p=2997"},"modified":"2026-02-28T01:08:25","modified_gmt":"2026-02-28T04:08:25","slug":"derecho-maritimo-estudios-e-investigaciones-ano-octubre-2023-pag-autor-renato-pezoa-huerta","status":"publish","type":"product","link":"https:\/\/bibliotecajuridicavirtual.cl\/index.php\/product\/derecho-maritimo-estudios-e-investigaciones-ano-octubre-2023-pag-autor-renato-pezoa-huerta\/","title":{"rendered":"Derecho Mar\u00edtimo- Estudios e Investigaciones. A\u00f1o Octubre 2023\/  P\u00e1g. Autor Renato Pezoa Huerta"},"content":{"rendered":"<p style=\"font-weight: 400;\">El presente libro busca ofrecer al lector una visi\u00f3n sistem\u00e1tica de los seguros mar\u00edtimos, desde su g\u00e9nesis hasta su gesti\u00f3n pr\u00e1ctica al momento de ocurrir un siniestro. Todo lo anterior se desarrolla a trav\u00e9s de una redacci\u00f3n \u00e1gil y eminentemente pr\u00e1ctica. Por lo tanto, este libro se presenta como una oportunidad de estudio tanto para profesionales del derecho como para aquellos otros profesionales de diversas \u00e1reas de formaci\u00f3n, que confluyen en la gesti\u00f3n de asuntos relativos a seguros y siniestros en contextos p\u00fablicos o privados vinculados al negocio mar\u00edtimo-portuario, en general.<\/p>\n<p style=\"font-weight: 400;\">\n<p style=\"font-weight: 400;\"><b><strong>PARTE I<\/strong><\/b><br \/>\n<b><strong>DERECHO MAR\u00cdTIMO<\/strong><\/b><\/p>\n<p style=\"font-weight: 400;\"><b><strong>EL CONTRATO DE REMOLQUE<\/strong><\/b><\/p>\n<p style=\"font-weight: 400;\">EL REMOLCADOR Y EL REMOLQUE: ASPECTOS GENERALES<\/p>\n<p style=\"font-weight: 400;\">EL CONCEPTO DE CONTRATO DE REMOLQUE<\/p>\n<p style=\"font-weight: 400;\">CARACTER\u00cdSTICAS Y REQUISITOS DEL CONTRATO DE REMOLQUE<\/p>\n<p style=\"font-weight: 400;\">CLASIFICACI\u00d3N CONTRACTUAL<\/p>\n<p style=\"font-weight: 400;\">Remolque de Puerto o Maniobra<br \/>\nRemolque Transporte o de Altura<br \/>\nRemolque asistencia: la relaci\u00f3n entre el remolque y el salvamento<br \/>\nEl Sentido Jurisprudencial de La Corte Suprema de Chile en Torno a las<br \/>\nModalidades del Remolque<\/p>\n<p style=\"font-weight: 400;\">LAS OBLIGACIONES COMO EFECTOS DEL CONTRATO DE REMOLQUE<\/p>\n<p style=\"font-weight: 400;\">Las obligaciones del Remolcador<br \/>\nLas Obligaciones del Remolcado<\/p>\n<p style=\"font-weight: 400;\">EL ITER CONTRACTUAL DEL REMOLQUE<\/p>\n<p style=\"font-weight: 400;\">Negociaciones Preliminares y a Posteridad. El Remolque es un Contrato de Uberrimae Bona Fides<br \/>\nEl Inicio o Celebraci\u00f3n del Remolque<br \/>\nInterrupci\u00f3n y Suspensi\u00f3n del Remolque<br \/>\nTerminaci\u00f3n del Remolque<\/p>\n<p style=\"font-weight: 400;\">\n<b><strong>LA NOCI\u00d3N DE UNIFORMIDAD EN EL DERECHO INTERNACIONAL DEL TRANSPORTE Y ESPECIALMENTE EN EL DERECHO MAR\u00cdTIMO<\/strong><\/b><\/p>\n<p style=\"font-weight: 400;\">INTRODUCCI\u00d3N<\/p>\n<p style=\"font-weight: 400;\">\u00bfQU\u00c9 ES EL DERECHO UNIFORME?<\/p>\n<p style=\"font-weight: 400;\">EL ROL DE LAS ORGANIZACIONES VINCULADAS AL TRANSPORTE PARA ALCANZAR LA UNIFORMIDAD<\/p>\n<p style=\"font-weight: 400;\">Organizaci\u00f3n Mar\u00edtima Internacional (OMI)<br \/>\nOrganizaci\u00f3n de la Aviaci\u00f3n Civil Internacional (OACI)<br \/>\nOrganizaci\u00f3n Intergubernamental para el Transporte Internacional por Ferrocarril (OTIF)<br \/>\nLa Comisi\u00f3n Econ\u00f3mica para Europa de las Naciones Unidas (UNECE)<br \/>\nComit\u00e9 Mar\u00edtimo Internacional (CMI)<br \/>\nInstituto Internacional para la Unificaci\u00f3n del Derecho Privado (UNIDROIT)<br \/>\nC\u00e1mara de Comercio Internacional (CCI)<br \/>\nEl Consejo Mar\u00edtimo Internacional y del B\u00e1ltico (BIMCO)<\/p>\n<p style=\"font-weight: 400;\">M\u00c9TODOS PARA ALCANZAR LA UNIFORMIDAD<\/p>\n<p style=\"font-weight: 400;\">Convenios Internacionales<\/p>\n<p style=\"font-weight: 400;\">EL \u201cSOFT LAW\u201d Y EL DERECHO INTERNACIONAL DE TRANSPORTES<\/p>\n<p style=\"font-weight: 400;\">UNIFORMIDAD DEL DERECHO MAR\u00cdTIMO Y DEL TRANSPORTE<\/p>\n<p style=\"font-weight: 400;\">LOS PRINCIPIOS CONCURSALES DEL PROCEDIMIENTO DE CONSTITUCI\u00d3N, DISTRIBUCI\u00d3N Y REPARTO DEL FONDO DE LIMITACI\u00d3N DE RESPONSABILIDAD DE LA EMPRESA NAVIERA<\/p>\n<p style=\"font-weight: 400;\">Concepto de la limitaci\u00f3n de responsabilidad del naviero<br \/>\nCaracter\u00edsticas<br \/>\nCasos en que el armador puede invocar la limitaci\u00f3n de responsabilidad<\/p>\n<p style=\"font-weight: 400;\">DE LO SUSTANTIVO A LO ADJETIVO: ALGUNOS ASPECTOS PROCESALES DEL PROCEDIMIENTO DE CONSTITUCI\u00d3N DEL FONDO DE LIMITACI\u00d3N DE RESPONSABILIDAD DE<\/p>\n<p style=\"font-weight: 400;\">LA EMPRESA NAVIERA.<\/p>\n<p style=\"font-weight: 400;\">Del tribunal competente y el plazo para alegarla por v\u00eda de excepci\u00f3n<br \/>\nEl resultado: la Resoluci\u00f3n de Apertura del Procedimiento y la Constituci\u00f3n del Fondo de Limitaci\u00f3n<\/p>\n<p style=\"font-weight: 400;\">\n<b><strong>PRINCIPIOS CONCURSALES QUE INFORMAN AL PROCEDIMIENTO DE CONSTITUCI\u00d3N, DISTRIBUCI\u00d3N Y REPARTO DEL FONDO DE LIMITACI\u00d3N DE RESPONSABILIDAD DE LA EMPRESA NAVIERA<\/strong><\/b><\/p>\n<p style=\"font-weight: 400;\">El principio de igualdad o par conditio creditorum<br \/>\nUniversalidad subjetiva y suspensi\u00f3n de ejecuciones individuales<br \/>\nPatrimonio de afectaci\u00f3n y el principio de cristalizaci\u00f3n del pasivo<br \/>\nPrincipio de oficiosidad<br \/>\nPrincipio de continuidad y conservaci\u00f3n de la empresa naviera<\/p>\n<p style=\"font-weight: 400;\">\n<b><strong>ACERCA DE LA EVOLUCI\u00d3N HIST\u00d3RICA DEL CONOCIMIENTO DE EMBARQUE DESDE EL DERECHO INTERNACIONAL Y EL DERECHO MAR\u00cdTIMO CHILENO<\/strong><\/b><\/p>\n<p style=\"font-weight: 400;\">INTROITO: OR\u00cdGENES DEL CONOCIMIENTO DE EMBARQUE<\/p>\n<p style=\"font-weight: 400;\">HISTORIA MODERNA<\/p>\n<p style=\"font-weight: 400;\">EL CONOCIMIENTO DE EMBARQUE EN EL DERECHO INTERNACIONAL<\/p>\n<p style=\"font-weight: 400;\">EL CONOCIMIENTO DE EMBARQUE EN EL DERECHO MAR\u00cdTIMO CHILENO<\/p>\n<p style=\"font-weight: 400;\">\n<b><strong>EL CONCEPTO LEGAL DE BUQUE: DEL SENTIDO Y ALCANCE DEL ART\u00cdCULO 826 INCISO 1\u00ba DEL C\u00d3DIGO DE COMERCIO DE CHILE<\/strong><\/b><\/p>\n<p style=\"font-weight: 400;\">PROEMIO: DE LA IMPORTANCIA EN LA DETERMINACI\u00d3N DEL SENTIDO Y ALCANCE DE LAS NORMAS JUR\u00cdDICAS<\/p>\n<p style=\"font-weight: 400;\">EL CONTENIDO DEL ART\u00cdCULO 826 INCISO 1\u00ba DEL C\u00d3DIGO DE COMERCIO: SUSTANCIA DESCRIPTIVA<\/p>\n<p style=\"font-weight: 400;\">El buque, una construcci\u00f3n del ingenio humano<br \/>\nCar\u00e1cter principal del buque<br \/>\nNavegabilidad: telos del buque y car\u00e1cter diferenciador<\/p>\n<p style=\"font-weight: 400;\">CLASES Y DIMENSIONES DE LAS NAVES O BUQUES<\/p>\n<p style=\"font-weight: 400;\">\n<b><strong>LA VERIFICACI\u00d3N DE LAS CONDICIONES DE NAVEGABILIDAD DEL BUQUE COMO PRESUPUESTO PARA LA PREVENCI\u00d3N DE CAT\u00c1STROFES DERIVADAS DEL DERRAME O VERTIMIENTO DE HIDROCARBUROS EN EL MAR<\/strong><\/b><\/p>\n<p style=\"font-weight: 400;\">CUESTIONES PRELIMINARES<\/p>\n<p style=\"font-weight: 400;\">LA NAVEGABILIDAD Y SU FAZ NEGATIVA: LA INNAVEGABILIDAD<\/p>\n<p style=\"font-weight: 400;\">Idoneidad estructural del buque o nave<br \/>\nTripulaci\u00f3n competente y suficiente<br \/>\nExordio: Breve esquema de la responsabilidad del armador por los da\u00f1os ambientales provenientes del derrame de hidrocarburos en el mar producto del estado de innavegabilidad del buque<\/p>\n<p style=\"font-weight: 400;\">LA NAVEGABILIDAD COMO GARANT\u00cdA EN LAS COBERTURAS DE PROTECCI\u00d3N E INDEMNIZACI\u00d3N: P&amp;I CLUBS<\/p>\n<p style=\"font-weight: 400;\">LAS CONSECUENCIAS DE LA INNAVEGABILIDAD: EL RIESGO MAR\u00cdTIMO, QUE A LA VEZ, CAUSA EFICIENTE DE LA CAT\u00c1STROFE AMBIENTAL MARINA<\/p>\n<p style=\"font-weight: 400;\">Ep\u00edlogo sobre los riesgos de la navegaci\u00f3n<br \/>\nLa aver\u00eda en general y como riesgo de la navegaci\u00f3n.<br \/>\nLas aver\u00edas causadas por abordaje de naves<br \/>\nLa arribada forzosa y la contraposici\u00f3n de intereses<br \/>\nEl salvamento mar\u00edtimo<br \/>\nEl naufragio del buque y el irremediable derrame de hidrocarburos<\/p>\n<p style=\"font-weight: 400;\">CONCLUSIONES: EL DA\u00d1O AL MEDIO AMBIENTE MARINO COMO CONSECUENCIA DEL ADVENIMIENTO DEL RIESGO<\/p>\n<p style=\"font-weight: 400;\">\n<b><strong>PARTE II<\/strong><\/b><br \/>\n<b><strong>SEGUROS MAR\u00cdTIMOS<\/strong><\/b><\/p>\n<p style=\"font-weight: 400;\"><b><strong>LA ACCI\u00d3N DE SUBROGACI\u00d3N EN EL CONTRATO DE SEGURO MAR\u00cdTIMO<\/strong><\/b><\/p>\n<p style=\"font-weight: 400;\">INTRODUCCI\u00d3N<\/p>\n<p style=\"font-weight: 400;\">LA SUBROGACI\u00d3N COMO PRINCIPIO DEL SEGURO MAR\u00cdTIMO<\/p>\n<p style=\"font-weight: 400;\">LA SUBROGACI\u00d3N COMO ACCI\u00d3N DEL ASEGURADOR<\/p>\n<p style=\"font-weight: 400;\">REQUISITOS DE PROCEDENCIA DE LA ACCI\u00d3N DE SUBROGACI\u00d3N<\/p>\n<p style=\"font-weight: 400;\">PRORRATEO DEL PRODUCTO DE LA ACCI\u00d3N<\/p>\n<p style=\"font-weight: 400;\">LOS EFECTOS DE LA SUBROGACI\u00d3N<\/p>\n<p style=\"font-weight: 400;\">CONSIDERACIONES FINALES<\/p>\n<p style=\"font-weight: 400;\">\n<b><strong>COBERTURA DE LOS SEGUROS MAR\u00cdTIMOS EN LOS CONTRATOS DE CONSTRUCCI\u00d3N DE BUQUES Y SU RELACI\u00d3N CON LA HIPOTECA NAVAL<\/strong><\/b><\/p>\n<p style=\"font-weight: 400;\">INTROITO Y CONTEXTUALIZACI\u00d3N<\/p>\n<p style=\"font-weight: 400;\">LOS SEGUROS MAR\u00cdTIMOS. PARTICULARIDADES Y COBERTURA DE LOS RIESGOS DEL ASTILLERO<\/p>\n<p style=\"font-weight: 400;\">Destino y aplicaci\u00f3n del importe pagado al astillero a t\u00edtulo de indemnizaci\u00f3n<br \/>\nT\u00e9rmino de la obligaci\u00f3n del astillero, de asegurar la nave<\/p>\n<p style=\"font-weight: 400;\">LA JAPANESE BUILDER\u2019S RISKS INSURANCE CLAUSE<\/p>\n<p style=\"font-weight: 400;\">P\u00e9rdidas Parciales<br \/>\nP\u00e9rdida Total<\/p>\n<p style=\"font-weight: 400;\">LAS INSTITUTE CLAUSES FOR BUILDER\u2019S RISKS DE 1\/6\/88 Y LAS MARINE CONSTRUCTION ALL RISKS 01\/09\/07<\/p>\n<p style=\"font-weight: 400;\">Valor Asegurado y Riesgos Cubiertos<br \/>\nSituaci\u00f3n de los defectos latentes<br \/>\nIndemnizaci\u00f3n por da\u00f1os o p\u00e9rdidas en los materiales suministrados por el armador comprador<br \/>\nCesi\u00f3n de la P\u00f3liza<\/p>\n<p style=\"font-weight: 400;\">LA HIPOTECA NAVAL Y SU ROL DE GARANT\u00cdA PARA EL CUMPLIMIENTO DE LAS OBLIGACIONES DEL ARMADOR COMPRADOR<\/p>\n<p style=\"font-weight: 400;\">Constituci\u00f3n de Hipoteca Naval sobre los materiales utilizados en la construcci\u00f3n del buque<\/p>\n","protected":false},"excerpt":{"rendered":"<p>El presente libro busca ofrecer al lector una visi\u00f3n sistem\u00e1tica de los seguros mar\u00edtimos, desde su g\u00e9nesis hasta su gesti\u00f3n pr\u00e1ctica al momento de ocurrir un siniestro. Todo lo anterior se desarrolla a trav\u00e9s de una redacci\u00f3n \u00e1gil y eminentemente pr\u00e1ctica. Por lo tanto, este libro se presenta como una oportunidad de estudio tanto para profesionales del derecho como para aquellos otros profesionales de diversas \u00e1reas de formaci\u00f3n, que confluyen en la gesti\u00f3n de asuntos relativos a seguros y siniestros en contextos p\u00fablicos o privados vinculados al negocio mar\u00edtimo-portuario, en general. PARTE I DERECHO MAR\u00cdTIMO EL CONTRATO DE REMOLQUE EL REMOLCADOR Y EL REMOLQUE: ASPECTOS GENERALES EL CONCEPTO DE CONTRATO DE REMOLQUE CARACTER\u00cdSTICAS Y REQUISITOS DEL CONTRATO DE REMOLQUE CLASIFICACI\u00d3N CONTRACTUAL Remolque de Puerto o Maniobra Remolque Transporte o de Altura Remolque asistencia: la relaci\u00f3n entre el remolque y el salvamento El Sentido Jurisprudencial de La Corte Suprema de Chile en Torno a las Modalidades del Remolque LAS OBLIGACIONES COMO EFECTOS DEL CONTRATO DE REMOLQUE Las obligaciones del Remolcador Las Obligaciones del Remolcado EL ITER CONTRACTUAL DEL REMOLQUE Negociaciones Preliminares y a Posteridad. El Remolque es un Contrato de Uberrimae Bona Fides El Inicio o Celebraci\u00f3n del Remolque Interrupci\u00f3n y Suspensi\u00f3n del Remolque Terminaci\u00f3n del Remolque LA NOCI\u00d3N DE UNIFORMIDAD EN EL DERECHO INTERNACIONAL DEL TRANSPORTE Y ESPECIALMENTE EN EL DERECHO MAR\u00cdTIMO INTRODUCCI\u00d3N \u00bfQU\u00c9 ES EL DERECHO UNIFORME? EL ROL DE LAS ORGANIZACIONES VINCULADAS AL TRANSPORTE PARA ALCANZAR LA UNIFORMIDAD Organizaci\u00f3n Mar\u00edtima Internacional (OMI) Organizaci\u00f3n de la Aviaci\u00f3n Civil Internacional (OACI) Organizaci\u00f3n Intergubernamental para el Transporte Internacional por Ferrocarril (OTIF) La Comisi\u00f3n Econ\u00f3mica para Europa de las Naciones Unidas (UNECE) Comit\u00e9 Mar\u00edtimo Internacional (CMI) Instituto Internacional para la Unificaci\u00f3n del Derecho Privado (UNIDROIT) C\u00e1mara de Comercio Internacional (CCI) El Consejo Mar\u00edtimo Internacional y del B\u00e1ltico (BIMCO) M\u00c9TODOS PARA ALCANZAR LA UNIFORMIDAD Convenios Internacionales EL \u201cSOFT LAW\u201d Y EL DERECHO INTERNACIONAL DE TRANSPORTES UNIFORMIDAD DEL DERECHO MAR\u00cdTIMO Y DEL TRANSPORTE LOS PRINCIPIOS CONCURSALES DEL PROCEDIMIENTO DE CONSTITUCI\u00d3N, DISTRIBUCI\u00d3N Y REPARTO DEL FONDO DE LIMITACI\u00d3N DE RESPONSABILIDAD DE LA EMPRESA NAVIERA Concepto de la limitaci\u00f3n de responsabilidad del naviero Caracter\u00edsticas Casos en que el armador puede invocar la limitaci\u00f3n de responsabilidad DE LO SUSTANTIVO A LO ADJETIVO: ALGUNOS ASPECTOS PROCESALES DEL PROCEDIMIENTO DE CONSTITUCI\u00d3N DEL FONDO DE LIMITACI\u00d3N DE RESPONSABILIDAD DE LA EMPRESA NAVIERA. Del tribunal competente y el plazo para alegarla por v\u00eda de excepci\u00f3n El resultado: la Resoluci\u00f3n de Apertura del Procedimiento y la Constituci\u00f3n del Fondo de Limitaci\u00f3n PRINCIPIOS CONCURSALES QUE INFORMAN AL PROCEDIMIENTO DE CONSTITUCI\u00d3N, DISTRIBUCI\u00d3N Y REPARTO DEL FONDO DE LIMITACI\u00d3N DE RESPONSABILIDAD DE LA EMPRESA NAVIERA El principio de igualdad o par conditio creditorum Universalidad subjetiva y suspensi\u00f3n de ejecuciones individuales Patrimonio de afectaci\u00f3n y el principio de cristalizaci\u00f3n del pasivo Principio de oficiosidad Principio de continuidad y conservaci\u00f3n de la empresa naviera ACERCA DE LA EVOLUCI\u00d3N HIST\u00d3RICA DEL CONOCIMIENTO DE EMBARQUE DESDE EL DERECHO INTERNACIONAL Y EL DERECHO MAR\u00cdTIMO CHILENO INTROITO: OR\u00cdGENES DEL CONOCIMIENTO DE EMBARQUE HISTORIA MODERNA EL CONOCIMIENTO DE EMBARQUE EN EL DERECHO INTERNACIONAL EL CONOCIMIENTO DE EMBARQUE EN EL DERECHO MAR\u00cdTIMO CHILENO EL CONCEPTO LEGAL DE BUQUE: DEL SENTIDO Y ALCANCE DEL ART\u00cdCULO 826 INCISO 1\u00ba DEL C\u00d3DIGO DE COMERCIO DE CHILE PROEMIO: DE LA IMPORTANCIA EN LA DETERMINACI\u00d3N DEL SENTIDO Y ALCANCE DE LAS NORMAS JUR\u00cdDICAS EL CONTENIDO DEL ART\u00cdCULO 826 INCISO 1\u00ba DEL C\u00d3DIGO DE COMERCIO: SUSTANCIA DESCRIPTIVA El buque, una construcci\u00f3n del ingenio humano Car\u00e1cter principal del buque Navegabilidad: telos del buque y car\u00e1cter diferenciador CLASES Y DIMENSIONES DE LAS NAVES O BUQUES LA VERIFICACI\u00d3N DE LAS CONDICIONES DE NAVEGABILIDAD DEL BUQUE COMO PRESUPUESTO PARA LA PREVENCI\u00d3N DE CAT\u00c1STROFES DERIVADAS DEL DERRAME O VERTIMIENTO DE HIDROCARBUROS EN EL MAR CUESTIONES PRELIMINARES LA NAVEGABILIDAD Y SU FAZ NEGATIVA: LA INNAVEGABILIDAD Idoneidad estructural del buque o nave Tripulaci\u00f3n competente y suficiente Exordio: Breve esquema de la responsabilidad del armador por los da\u00f1os ambientales provenientes del derrame de hidrocarburos en el mar producto del estado de innavegabilidad del buque LA NAVEGABILIDAD COMO GARANT\u00cdA EN LAS COBERTURAS DE PROTECCI\u00d3N E INDEMNIZACI\u00d3N: P&amp;I CLUBS LAS CONSECUENCIAS DE LA INNAVEGABILIDAD: EL RIESGO MAR\u00cdTIMO, QUE A LA VEZ, CAUSA EFICIENTE DE LA CAT\u00c1STROFE AMBIENTAL MARINA Ep\u00edlogo sobre los riesgos de la navegaci\u00f3n La aver\u00eda en general y como riesgo de la navegaci\u00f3n. Las aver\u00edas causadas por abordaje de naves La arribada forzosa y la contraposici\u00f3n de intereses El salvamento mar\u00edtimo El naufragio del buque y el irremediable derrame de hidrocarburos CONCLUSIONES: EL DA\u00d1O AL MEDIO AMBIENTE MARINO COMO CONSECUENCIA DEL ADVENIMIENTO DEL RIESGO PARTE II SEGUROS MAR\u00cdTIMOS LA ACCI\u00d3N DE SUBROGACI\u00d3N EN EL CONTRATO DE SEGURO MAR\u00cdTIMO INTRODUCCI\u00d3N LA SUBROGACI\u00d3N COMO PRINCIPIO DEL SEGURO MAR\u00cdTIMO LA SUBROGACI\u00d3N COMO ACCI\u00d3N DEL ASEGURADOR REQUISITOS DE PROCEDENCIA DE LA ACCI\u00d3N DE SUBROGACI\u00d3N PRORRATEO DEL PRODUCTO DE LA ACCI\u00d3N LOS EFECTOS DE LA SUBROGACI\u00d3N CONSIDERACIONES FINALES COBERTURA DE LOS SEGUROS MAR\u00cdTIMOS EN LOS CONTRATOS DE CONSTRUCCI\u00d3N DE BUQUES Y SU RELACI\u00d3N CON LA HIPOTECA NAVAL INTROITO Y CONTEXTUALIZACI\u00d3N LOS SEGUROS MAR\u00cdTIMOS. PARTICULARIDADES Y COBERTURA DE LOS RIESGOS DEL ASTILLERO Destino y aplicaci\u00f3n del importe pagado al astillero a t\u00edtulo de indemnizaci\u00f3n T\u00e9rmino de la obligaci\u00f3n del astillero, de asegurar la nave LA JAPANESE BUILDER\u2019S RISKS INSURANCE CLAUSE P\u00e9rdidas Parciales P\u00e9rdida Total LAS INSTITUTE CLAUSES FOR BUILDER\u2019S RISKS DE 1\/6\/88 Y LAS MARINE CONSTRUCTION ALL RISKS 01\/09\/07 Valor Asegurado y Riesgos Cubiertos Situaci\u00f3n de los defectos latentes Indemnizaci\u00f3n por da\u00f1os o p\u00e9rdidas en los materiales suministrados por el armador comprador Cesi\u00f3n de la P\u00f3liza LA HIPOTECA NAVAL Y SU ROL DE GARANT\u00cdA PARA EL CUMPLIMIENTO DE LAS OBLIGACIONES DEL ARMADOR COMPRADOR Constituci\u00f3n de Hipoteca Naval sobre los materiales utilizados en la construcci\u00f3n del buque<\/p>\n","protected":false},"featured_media":3043,"comment_status":"open","ping_status":"closed","template":"","meta":{"inline_featured_image":false,"_joinchat":[]},"product_brand":[],"product_cat":[26],"product_tag":[],"class_list":{"0":"post-2997","1":"product","2":"type-product","3":"status-publish","4":"has-post-thumbnail","6":"product_cat-derecho","7":"product_shipping_class-a-convenir","9":"first","10":"instock","11":"shipping-taxable","12":"purchasable","13":"product-type-simple"},"_links":{"self":[{"href":"https:\/\/bibliotecajuridicavirtual.cl\/index.php\/wp-json\/wp\/v2\/product\/2997","targetHints":{"allow":["GET"]}}],"collection":[{"href":"https:\/\/bibliotecajuridicavirtual.cl\/index.php\/wp-json\/wp\/v2\/product"}],"about":[{"href":"https:\/\/bibliotecajuridicavirtual.cl\/index.php\/wp-json\/wp\/v2\/types\/product"}],"replies":[{"embeddable":true,"href":"https:\/\/bibliotecajuridicavirtual.cl\/index.php\/wp-json\/wp\/v2\/comments?post=2997"}],"wp:featuredmedia":[{"embeddable":true,"href":"https:\/\/bibliotecajuridicavirtual.cl\/index.php\/wp-json\/wp\/v2\/media\/3043"}],"wp:attachment":[{"href":"https:\/\/bibliotecajuridicavirtual.cl\/index.php\/wp-json\/wp\/v2\/media?parent=2997"}],"wp:term":[{"taxonomy":"product_brand","embeddable":true,"href":"https:\/\/bibliotecajuridicavirtual.cl\/index.php\/wp-json\/wp\/v2\/product_brand?post=2997"},{"taxonomy":"product_cat","embeddable":true,"href":"https:\/\/bibliotecajuridicavirtual.cl\/index.php\/wp-json\/wp\/v2\/product_cat?post=2997"},{"taxonomy":"product_tag","embeddable":true,"href":"https:\/\/bibliotecajuridicavirtual.cl\/index.php\/wp-json\/wp\/v2\/product_tag?post=2997"}],"curies":[{"name":"wp","href":"https:\/\/api.w.org\/{rel}","templated":true}]}}