{"id":3000,"date":"2026-02-28T01:07:57","date_gmt":"2026-02-28T04:07:57","guid":{"rendered":"https:\/\/bibliotecajuridicavirtual.cl\/?post_type=product&#038;p=3000"},"modified":"2026-02-28T01:08:27","modified_gmt":"2026-02-28T04:08:27","slug":"consideraciones-sobre-la-costumbre-principios-de-ius-cogens-y-jurisprudencia-internacional-ano-noviembre-2023-448-pag-autor-humberto-nogueira-alcala","status":"publish","type":"product","link":"https:\/\/bibliotecajuridicavirtual.cl\/index.php\/product\/consideraciones-sobre-la-costumbre-principios-de-ius-cogens-y-jurisprudencia-internacional-ano-noviembre-2023-448-pag-autor-humberto-nogueira-alcala\/","title":{"rendered":"Consideraciones sobre la costumbre, principios de IUS COGENS y Jurisprudencia Internacional. A\u00f1o Noviembre 2023\/448 P\u00e1g. Autor Humberto Nogueira Alcal\u00e1"},"content":{"rendered":"<p>Este libro tiene por finalidad abordar diversas tem\u00e1ticas relacionadas con la costumbre, los principios generales y la jurisprudencia internacional como fuentes del derecho internacional de los derechos humanos y su impacto en el derecho interno. No puede sino ser una gran contribuci\u00f3n a los debates a llevarse a cabo en el proceso constituyente como tambi\u00e9n en la academia.<br \/>\nEn estas p\u00e1ginas se encontrar\u00e1n diversos an\u00e1lisis sobre el contenido de las fuentes y su relaci\u00f3n con el ordenamiento jur\u00eddico chileno.<\/p>\n<p>Presentaci\u00f3n\u00a0\u00a0 \u00a0\u00a0\u00a0 \u00a09<br \/>\nPrimera parte<br \/>\nCostumbre Internacional<br \/>\nLa Costumbre Internacional y su pr\u00e1ctica\u00a0\u00a0 \u00a0\u00a0\u00a0 \u00a015<br \/>\nHugo Llanos Mansilla<br \/>\nLa costumbre internacional como fuente del Derecho Internacional, su incorporaci\u00f3n al derecho interno chileno, informaci\u00f3n comparativa y consideraciones sobre su regulaci\u00f3n constitucional\u00a0\u00a0 \u00a0\u00a0\u00a0 \u00a041<br \/>\nHumberto Nogueira Alcal\u00e1<br \/>\nLa costumbre internacional como fuente del derecho internacional de los derechos humanos y su incorporaci\u00f3n al derecho chileno\u00a0\u00a0 \u00a0\u00a0\u00a0 \u00a069<br \/>\nGonzalo Aguilar Cavallo<br \/>\nLa costumbre internacional en la jurisprudencia chilena y en la Propuesta de nueva Constituci\u00f3n 2022\u00a0\u00a0 \u00a0\u00a0\u00a0 \u00a095<br \/>\nGonzalo Aguilar Cavallo<br \/>\nSegunda parte<br \/>\nPrincipios de Ius Cogens<br \/>\nEl Ius cogens, su naturaleza, conceptualizaci\u00f3n y caracterizaci\u00f3n, como las consecuencias de su vulneraci\u00f3n en el inicio de la tercera d\u00e9cada del siglo XXI: Su desarrollo en la jurisprudencia de la Corte Interamericana de Derechos Humanos y su recepci\u00f3n en la jurisprudencia de la Corte Suprema y del Tribunal Constitucional en Chile\u00a0\u00a0 \u00a0\u00a0\u00a0 \u00a0125<br \/>\nHumberto Nogueira Alcal\u00e1<br \/>\nTercera Parte<br \/>\nJurisprudencia<br \/>\nLa jurisprudencia en el derecho internacional general y el valor e impacto de la jurisprudencia de la Corte Interamericana de Derechos Humanos y el Tribunal Europeo de Derechos Humanos\u00a0\u00a0 \u00a0\u00a0\u00a0 \u00a0383<br \/>\nHumberto Nogueira Alcal\u00e1<br \/>\nJurisprudencia internacional, derecho interno y derechos colectivos ind\u00edgenas: la utilizaci\u00f3n del caso Kichwa en sede de protecci\u00f3n en Chile\u00a0\u00a0 \u00a0\u00a0\u00a0 \u00a0419<br \/>\nKatherine Becerra Valdivia<\/p>\n","protected":false},"excerpt":{"rendered":"<p>Este libro tiene por finalidad abordar diversas tem\u00e1ticas relacionadas con la costumbre, los principios generales y la jurisprudencia internacional como fuentes del derecho internacional de los derechos humanos y su impacto en el derecho interno. No puede sino ser una gran contribuci\u00f3n a los debates a llevarse a cabo en el proceso constituyente como tambi\u00e9n en la academia. En estas p\u00e1ginas se encontrar\u00e1n diversos an\u00e1lisis sobre el contenido de las fuentes y su relaci\u00f3n con el ordenamiento jur\u00eddico chileno. Presentaci\u00f3n\u00a0\u00a0 \u00a0\u00a0\u00a0 \u00a09 Primera parte Costumbre Internacional La Costumbre Internacional y su pr\u00e1ctica\u00a0\u00a0 \u00a0\u00a0\u00a0 \u00a015 Hugo Llanos Mansilla La costumbre internacional como fuente del Derecho Internacional, su incorporaci\u00f3n al derecho interno chileno, informaci\u00f3n comparativa y consideraciones sobre su regulaci\u00f3n constitucional\u00a0\u00a0 \u00a0\u00a0\u00a0 \u00a041 Humberto Nogueira Alcal\u00e1 La costumbre internacional como fuente del derecho internacional de los derechos humanos y su incorporaci\u00f3n al derecho chileno\u00a0\u00a0 \u00a0\u00a0\u00a0 \u00a069 Gonzalo Aguilar Cavallo La costumbre internacional en la jurisprudencia chilena y en la Propuesta de nueva Constituci\u00f3n 2022\u00a0\u00a0 \u00a0\u00a0\u00a0 \u00a095 Gonzalo Aguilar Cavallo Segunda parte Principios de Ius Cogens El Ius cogens, su naturaleza, conceptualizaci\u00f3n y caracterizaci\u00f3n, como las consecuencias de su vulneraci\u00f3n en el inicio de la tercera d\u00e9cada del siglo XXI: Su desarrollo en la jurisprudencia de la Corte Interamericana de Derechos Humanos y su recepci\u00f3n en la jurisprudencia de la Corte Suprema y del Tribunal Constitucional en Chile\u00a0\u00a0 \u00a0\u00a0\u00a0 \u00a0125 Humberto Nogueira Alcal\u00e1 Tercera Parte Jurisprudencia La jurisprudencia en el derecho internacional general y el valor e impacto de la jurisprudencia de la Corte Interamericana de Derechos Humanos y el Tribunal Europeo de Derechos Humanos\u00a0\u00a0 \u00a0\u00a0\u00a0 \u00a0383 Humberto Nogueira Alcal\u00e1 Jurisprudencia internacional, derecho interno y derechos colectivos ind\u00edgenas: la utilizaci\u00f3n del caso Kichwa en sede de protecci\u00f3n en Chile\u00a0\u00a0 \u00a0\u00a0\u00a0 \u00a0419 Katherine Becerra Valdivia<\/p>\n","protected":false},"featured_media":3046,"comment_status":"open","ping_status":"closed","template":"","meta":{"inline_featured_image":false,"_joinchat":[]},"product_brand":[],"product_cat":[43],"product_tag":[],"class_list":{"0":"post-3000","1":"product","2":"type-product","3":"status-publish","4":"has-post-thumbnail","6":"product_cat-derecho-internacional","7":"product_shipping_class-a-convenir","9":"first","10":"instock","11":"shipping-taxable","12":"purchasable","13":"product-type-simple"},"_links":{"self":[{"href":"https:\/\/bibliotecajuridicavirtual.cl\/index.php\/wp-json\/wp\/v2\/product\/3000","targetHints":{"allow":["GET"]}}],"collection":[{"href":"https:\/\/bibliotecajuridicavirtual.cl\/index.php\/wp-json\/wp\/v2\/product"}],"about":[{"href":"https:\/\/bibliotecajuridicavirtual.cl\/index.php\/wp-json\/wp\/v2\/types\/product"}],"replies":[{"embeddable":true,"href":"https:\/\/bibliotecajuridicavirtual.cl\/index.php\/wp-json\/wp\/v2\/comments?post=3000"}],"wp:featuredmedia":[{"embeddable":true,"href":"https:\/\/bibliotecajuridicavirtual.cl\/index.php\/wp-json\/wp\/v2\/media\/3046"}],"wp:attachment":[{"href":"https:\/\/bibliotecajuridicavirtual.cl\/index.php\/wp-json\/wp\/v2\/media?parent=3000"}],"wp:term":[{"taxonomy":"product_brand","embeddable":true,"href":"https:\/\/bibliotecajuridicavirtual.cl\/index.php\/wp-json\/wp\/v2\/product_brand?post=3000"},{"taxonomy":"product_cat","embeddable":true,"href":"https:\/\/bibliotecajuridicavirtual.cl\/index.php\/wp-json\/wp\/v2\/product_cat?post=3000"},{"taxonomy":"product_tag","embeddable":true,"href":"https:\/\/bibliotecajuridicavirtual.cl\/index.php\/wp-json\/wp\/v2\/product_tag?post=3000"}],"curies":[{"name":"wp","href":"https:\/\/api.w.org\/{rel}","templated":true}]}}