{"id":3023,"date":"2026-02-28T01:08:19","date_gmt":"2026-02-28T04:08:19","guid":{"rendered":"https:\/\/bibliotecajuridicavirtual.cl\/?post_type=product&#038;p=3023"},"modified":"2026-02-28T01:08:33","modified_gmt":"2026-02-28T04:08:33","slug":"vision-jurisprudencial-y-legislacion-violencia-intrafamiliar-ano-noviembre-2023-215-pag-autor-editorial-hammurabi","status":"publish","type":"product","link":"https:\/\/bibliotecajuridicavirtual.cl\/index.php\/product\/vision-jurisprudencial-y-legislacion-violencia-intrafamiliar-ano-noviembre-2023-215-pag-autor-editorial-hammurabi\/","title":{"rendered":"Visi\u00f3n Jurisprudencial y Legislaci\u00f3n &#8211;  Violencia Intrafamiliar. A\u00f1o Noviembre 2023\/ 215 P\u00e1g. Autor Editorial Hammurabi"},"content":{"rendered":"<p style=\"font-weight: 400;\"><b><strong>Incluye:<\/strong><\/b><\/p>\n<p style=\"font-weight: 400;\"><b><strong>LEY N\u00b0 20.066. LEY DE VIOLENCIA INTRAFAMILIAR<\/strong><\/b><\/p>\n<p style=\"font-weight: 400;\"><b><strong>LEY 21378. ESTABLECE MONITOREO TELEM\u00c1TICO EN LAS LEYES N\u00ba 20.066 Y N\u00ba 19.968<\/strong><\/b><\/p>\n<p style=\"font-weight: 400;\"><b><strong>DECRETO 19. APRUEBA REGLAMENTO DE LA LEY N\u00b0 21.378, QUE ESTABLECE MONITOREO TELEM\u00c1TICO EN LAS LEYES N\u00b0 20.066 Y N\u00b0 19.968<\/p>\n<p><\/strong><\/b><\/p>\n<ol>\n<li style=\"font-weight: 400;\">\n<b><strong> FICHAS DE CORTE SUPREMA &#8211; VIOLENCIA INTRAFAMILIAR<\/strong><\/b><\/li>\n<\/ol>\n<p style=\"font-weight: 400;\">Ficha N\u00ba 1: Medida de seguridad al enajenado mental Luis Sergio Delgado Miranda de cuatrocientos d\u00edas de internaci\u00f3n en establecimiento psiqui\u00e1trico. Lesiones menos graves en contexto de violencia intrafamiliar.<\/p>\n<p style=\"font-weight: 400;\">An\u00e1lisis de la pretensi\u00f3n y defensa<br \/>\n1. S\u00edntesis del fallo<br \/>\n2. Conclusi\u00f3n<\/p>\n<p style=\"font-weight: 400;\">Ficha N\u00ba 2: Delito consumado de lesiones menos graves, cometido en contexto de violencia intrafamiliar. Sentencia invalidada de oficio.<\/p>\n<p>An\u00e1lisis de la pretensi\u00f3n y defensa<br \/>\n1. S\u00edntesis del fallo<br \/>\n2. Conclusi\u00f3n<\/p>\n<p style=\"font-weight: 400;\">Ficha N\u00ba 3: Delitos consumados de amenazas no condicionales y lesiones menos graves, ambos en contexto de violencia intrafamiliar. Reclusi\u00f3n parcial nocturna. Prohibici\u00f3n absoluta de aproximarse a la v\u00edctima por el lapso de dos a\u00f1os.<\/p>\n<p style=\"font-weight: 400;\">An\u00e1lisis de la pretensi\u00f3n y defensa<br \/>\n1. S\u00edntesis del fallo<br \/>\n2. Conclusi\u00f3n<\/p>\n<p style=\"font-weight: 400;\">Ficha n\u00ba 4: Delito de amenazas en contexto de violencia intrafamiliar. Recurso de nulidad. Amenazas.<\/p>\n<p>An\u00e1lisis de la pretensi\u00f3n y defensa<br \/>\n1. S\u00edntesis del fallo<br \/>\n2. Conclusi\u00f3n<\/p>\n<p style=\"font-weight: 400;\">Ficha N\u00ba 5: Delito consumado de lesiones menos graves en contexto de violencia intrafamiliar. Anonimizado.<\/p>\n<p>An\u00e1lisis de la pretensi\u00f3n y defensa<br \/>\n1. S\u00edntesis del fallo<br \/>\n2. Conclusi\u00f3n<\/p>\n<p style=\"font-weight: 400;\">Ficha N\u00ba 6: Delito de lesiones menos graves en contexto de violencia intrafamiliar. Agresi\u00f3n a c\u00f3nyuge.<\/p>\n<p style=\"font-weight: 400;\">An\u00e1lisis de la pretensi\u00f3n y defensa<br \/>\n1. S\u00edntesis del fallo<br \/>\n2. Conclusi\u00f3n<\/p>\n<ol>\n<li style=\"font-weight: 400;\"><b><strong> FICHAS DE LAS CORTES DE APELACIONES &#8211; VIOLENCIA INTRAFAMILIAR.<\/strong><\/b><\/li>\n<\/ol>\n<p style=\"font-weight: 400;\">Ficha N\u00ba 7: Delito de lesiones menos graves. Violencia intrafamiliar. Prohibici\u00f3n de aproximarse a la v\u00edctima.<\/p>\n<p style=\"font-weight: 400;\">An\u00e1lisis de la pretensi\u00f3n y defensa<br \/>\n1. S\u00edntesis del fallo<br \/>\n2. Conclusi\u00f3n<\/p>\n<p style=\"font-weight: 400;\">Ficha N\u00ba 8: Delito de desacato. Violencia intrafamiliar. Medida cautelar.<\/p>\n<p>An\u00e1lisis de la pretensi\u00f3n y defensa<br \/>\n1. S\u00edntesis del fallo<br \/>\n2. Conclusi\u00f3n<\/p>\n<p style=\"font-weight: 400;\">Ficha N\u00ba 9: Delitos de lesiones menos graves y graves en contexto de violencia intrafamiliar. Delito consumado de desacato.<\/p>\n<p>An\u00e1lisis de la pretensi\u00f3n y defensa<br \/>\n1. S\u00edntesis del fallo<br \/>\n2. Conclusi\u00f3n<\/p>\n<p style=\"font-weight: 400;\">Ficha N\u00ba 10: Recurso de amparo. Agresi\u00f3n de su sobrino. Violencia intrafamiliar.<\/p>\n<p style=\"font-weight: 400;\">An\u00e1lisis de la pretensi\u00f3n y defensa<br \/>\n1. S\u00edntesis del fallo<br \/>\n2. Conclusi\u00f3n<\/p>\n<p style=\"font-weight: 400;\">Ficha N\u00ba 11: Acci\u00f3n de amparo. violencia intrafamiliar en grupo familiar.<\/p>\n<p style=\"font-weight: 400;\">An\u00e1lisis de la pretensi\u00f3n y defensa<br \/>\n1. S\u00edntesis del fallo<br \/>\n2. Conclusi\u00f3n<\/p>\n<p style=\"font-weight: 400;\">Ficha N\u00ba 12: Delito de lesiones graves en contexto de violencia intrafamiliar. Recurso de nulidad. Agresi\u00f3n de hijo.<\/p>\n<p style=\"font-weight: 400;\">An\u00e1lisis de la pretensi\u00f3n y defensa<br \/>\n1. S\u00edntesis del fallo<br \/>\n2. Conclusi\u00f3n<\/p>\n<p style=\"font-weight: 400;\">Ficha N\u00ba 13: Lesiones menos graves en contexto de violencia intrafamiliar. Testigo de o\u00eddas. Recurso de nulidad.<\/p>\n<p>An\u00e1lisis de la pretensi\u00f3n y defensa<br \/>\n1. S\u00edntesis del fallo<br \/>\n2. Conclusi\u00f3n<\/p>\n<p>Ficha N\u00ba 14: Delito consumado de amenazas no condicionales en contexto de violencia intrafamiliar. Voto de prevenci\u00f3n. Recurso de nulidad.<\/p>\n<p style=\"font-weight: 400;\">An\u00e1lisis de la pretensi\u00f3n y defensa<br \/>\n1. S\u00edntesis del fallo<br \/>\n2. Conclusi\u00f3n<\/p>\n<p style=\"font-weight: 400;\"><b><strong>III. SENTENCIAS DE LA CORTE SUPREMA \u2013 VIOLENCIA INTRAFAMILIAR<\/strong><\/b><\/p>\n<p style=\"font-weight: 400;\">Sentencia 1. Luis Sergio Delgado Miranda<br \/>\nSentencia 2. Jaime Casas Cordero Pe\u00f1aloza<br \/>\nSentencia 3. Oscar Rub\u00e9n Ardiles Tapia<br \/>\nSentencia 4. Mauricio Javier Herrera Prieto<br \/>\nSentencia 5. Anonimizado<br \/>\nSentencia 6. Yasna de Lourdes Z\u00fa\u00f1iga Barroso<br \/>\nSentencia 7. Enrique Freddy Valenzuela Tapia<br \/>\nSentencia 8. Juan Antonio Coliao Panguil<br \/>\nSentencia 9. Carlos Andr\u00e9s \u00c1vila Fuentes y Marco Antonio \u00c1vila \u00c1vila<br \/>\nSentencia 10. Luis Patricio Gallo Gui\u00f1es<br \/>\nSentencia 11. Uberlinda del Carmen Cifuentes Morales<br \/>\nSentencia 12. Eduardo Zacar\u00edas Hevia Carmona<br \/>\nSentencia 13. H\u00e9ctor Rub\u00e9n Geraldo Guti\u00e9rrez<br \/>\nSentencia 14. Jaime Enrique Ormaz\u00e1bal Gonz\u00e1lez<\/p>\n<ol>\n<li style=\"font-weight: 400;\"><b><strong> LEGISLACI\u00d3N<\/strong><\/b><\/li>\n<\/ol>\n<p style=\"font-weight: 400;\">Ley n\u00b0 20.066. Ley de violencia intrafamiliar<br \/>\nLey 21378. Establece monitoreo telem\u00e1tico en las leyes N\u00ba 20.066 y N\u00ba 19.968<br \/>\nDecreto 19. Aprueba reglamento de la ley N\u00b0 21.378, que establece monitoreo telem\u00e1tico en las leyes N\u00b0 20.066 y N\u00b0 19.968<\/p>\n","protected":false},"excerpt":{"rendered":"<p>Incluye: LEY N\u00b0 20.066. LEY DE VIOLENCIA INTRAFAMILIAR LEY 21378. ESTABLECE MONITOREO TELEM\u00c1TICO EN LAS LEYES N\u00ba 20.066 Y N\u00ba 19.968 DECRETO 19. APRUEBA REGLAMENTO DE LA LEY N\u00b0 21.378, QUE ESTABLECE MONITOREO TELEM\u00c1TICO EN LAS LEYES N\u00b0 20.066 Y N\u00b0 19.968 FICHAS DE CORTE SUPREMA &#8211; VIOLENCIA INTRAFAMILIAR Ficha N\u00ba 1: Medida de seguridad al enajenado mental Luis Sergio Delgado Miranda de cuatrocientos d\u00edas de internaci\u00f3n en establecimiento psiqui\u00e1trico. Lesiones menos graves en contexto de violencia intrafamiliar. An\u00e1lisis de la pretensi\u00f3n y defensa 1. S\u00edntesis del fallo 2. Conclusi\u00f3n Ficha N\u00ba 2: Delito consumado de lesiones menos graves, cometido en contexto de violencia intrafamiliar. Sentencia invalidada de oficio. An\u00e1lisis de la pretensi\u00f3n y defensa 1. S\u00edntesis del fallo 2. Conclusi\u00f3n Ficha N\u00ba 3: Delitos consumados de amenazas no condicionales y lesiones menos graves, ambos en contexto de violencia intrafamiliar. Reclusi\u00f3n parcial nocturna. Prohibici\u00f3n absoluta de aproximarse a la v\u00edctima por el lapso de dos a\u00f1os. An\u00e1lisis de la pretensi\u00f3n y defensa 1. S\u00edntesis del fallo 2. Conclusi\u00f3n Ficha n\u00ba 4: Delito de amenazas en contexto de violencia intrafamiliar. Recurso de nulidad. Amenazas. An\u00e1lisis de la pretensi\u00f3n y defensa 1. S\u00edntesis del fallo 2. Conclusi\u00f3n Ficha N\u00ba 5: Delito consumado de lesiones menos graves en contexto de violencia intrafamiliar. Anonimizado. An\u00e1lisis de la pretensi\u00f3n y defensa 1. S\u00edntesis del fallo 2. Conclusi\u00f3n Ficha N\u00ba 6: Delito de lesiones menos graves en contexto de violencia intrafamiliar. Agresi\u00f3n a c\u00f3nyuge. An\u00e1lisis de la pretensi\u00f3n y defensa 1. S\u00edntesis del fallo 2. Conclusi\u00f3n FICHAS DE LAS CORTES DE APELACIONES &#8211; VIOLENCIA INTRAFAMILIAR. Ficha N\u00ba 7: Delito de lesiones menos graves. Violencia intrafamiliar. Prohibici\u00f3n de aproximarse a la v\u00edctima. An\u00e1lisis de la pretensi\u00f3n y defensa 1. S\u00edntesis del fallo 2. Conclusi\u00f3n Ficha N\u00ba 8: Delito de desacato. Violencia intrafamiliar. Medida cautelar. An\u00e1lisis de la pretensi\u00f3n y defensa 1. S\u00edntesis del fallo 2. Conclusi\u00f3n Ficha N\u00ba 9: Delitos de lesiones menos graves y graves en contexto de violencia intrafamiliar. Delito consumado de desacato. An\u00e1lisis de la pretensi\u00f3n y defensa 1. S\u00edntesis del fallo 2. Conclusi\u00f3n Ficha N\u00ba 10: Recurso de amparo. Agresi\u00f3n de su sobrino. Violencia intrafamiliar. An\u00e1lisis de la pretensi\u00f3n y defensa 1. S\u00edntesis del fallo 2. Conclusi\u00f3n Ficha N\u00ba 11: Acci\u00f3n de amparo. violencia intrafamiliar en grupo familiar. An\u00e1lisis de la pretensi\u00f3n y defensa 1. S\u00edntesis del fallo 2. Conclusi\u00f3n Ficha N\u00ba 12: Delito de lesiones graves en contexto de violencia intrafamiliar. Recurso de nulidad. Agresi\u00f3n de hijo. An\u00e1lisis de la pretensi\u00f3n y defensa 1. S\u00edntesis del fallo 2. Conclusi\u00f3n Ficha N\u00ba 13: Lesiones menos graves en contexto de violencia intrafamiliar. Testigo de o\u00eddas. Recurso de nulidad. An\u00e1lisis de la pretensi\u00f3n y defensa 1. S\u00edntesis del fallo 2. Conclusi\u00f3n Ficha N\u00ba 14: Delito consumado de amenazas no condicionales en contexto de violencia intrafamiliar. Voto de prevenci\u00f3n. Recurso de nulidad. An\u00e1lisis de la pretensi\u00f3n y defensa 1. S\u00edntesis del fallo 2. Conclusi\u00f3n III. SENTENCIAS DE LA CORTE SUPREMA \u2013 VIOLENCIA INTRAFAMILIAR Sentencia 1. Luis Sergio Delgado Miranda Sentencia 2. Jaime Casas Cordero Pe\u00f1aloza Sentencia 3. Oscar Rub\u00e9n Ardiles Tapia Sentencia 4. Mauricio Javier Herrera Prieto Sentencia 5. Anonimizado Sentencia 6. Yasna de Lourdes Z\u00fa\u00f1iga Barroso Sentencia 7. Enrique Freddy Valenzuela Tapia Sentencia 8. Juan Antonio Coliao Panguil Sentencia 9. Carlos Andr\u00e9s \u00c1vila Fuentes y Marco Antonio \u00c1vila \u00c1vila Sentencia 10. Luis Patricio Gallo Gui\u00f1es Sentencia 11. Uberlinda del Carmen Cifuentes Morales Sentencia 12. Eduardo Zacar\u00edas Hevia Carmona Sentencia 13. H\u00e9ctor Rub\u00e9n Geraldo Guti\u00e9rrez Sentencia 14. Jaime Enrique Ormaz\u00e1bal Gonz\u00e1lez LEGISLACI\u00d3N Ley n\u00b0 20.066. Ley de violencia intrafamiliar Ley 21378. Establece monitoreo telem\u00e1tico en las leyes N\u00ba 20.066 y N\u00ba 19.968 Decreto 19. Aprueba reglamento de la ley N\u00b0 21.378, que establece monitoreo telem\u00e1tico en las leyes N\u00b0 20.066 y N\u00b0 19.968<\/p>\n","protected":false},"featured_media":3053,"comment_status":"open","ping_status":"closed","template":"","meta":{"inline_featured_image":false,"_joinchat":[]},"product_brand":[],"product_cat":[29],"product_tag":[],"class_list":{"0":"post-3023","1":"product","2":"type-product","3":"status-publish","4":"has-post-thumbnail","6":"product_cat-familia-y-del-menor","7":"product_shipping_class-a-convenir","9":"first","10":"instock","11":"shipping-taxable","12":"purchasable","13":"product-type-simple"},"_links":{"self":[{"href":"https:\/\/bibliotecajuridicavirtual.cl\/index.php\/wp-json\/wp\/v2\/product\/3023","targetHints":{"allow":["GET"]}}],"collection":[{"href":"https:\/\/bibliotecajuridicavirtual.cl\/index.php\/wp-json\/wp\/v2\/product"}],"about":[{"href":"https:\/\/bibliotecajuridicavirtual.cl\/index.php\/wp-json\/wp\/v2\/types\/product"}],"replies":[{"embeddable":true,"href":"https:\/\/bibliotecajuridicavirtual.cl\/index.php\/wp-json\/wp\/v2\/comments?post=3023"}],"wp:featuredmedia":[{"embeddable":true,"href":"https:\/\/bibliotecajuridicavirtual.cl\/index.php\/wp-json\/wp\/v2\/media\/3053"}],"wp:attachment":[{"href":"https:\/\/bibliotecajuridicavirtual.cl\/index.php\/wp-json\/wp\/v2\/media?parent=3023"}],"wp:term":[{"taxonomy":"product_brand","embeddable":true,"href":"https:\/\/bibliotecajuridicavirtual.cl\/index.php\/wp-json\/wp\/v2\/product_brand?post=3023"},{"taxonomy":"product_cat","embeddable":true,"href":"https:\/\/bibliotecajuridicavirtual.cl\/index.php\/wp-json\/wp\/v2\/product_cat?post=3023"},{"taxonomy":"product_tag","embeddable":true,"href":"https:\/\/bibliotecajuridicavirtual.cl\/index.php\/wp-json\/wp\/v2\/product_tag?post=3023"}],"curies":[{"name":"wp","href":"https:\/\/api.w.org\/{rel}","templated":true}]}}