{"id":3035,"date":"2026-02-28T01:08:20","date_gmt":"2026-02-28T04:08:20","guid":{"rendered":"https:\/\/bibliotecajuridicavirtual.cl\/?post_type=product&#038;p=3035"},"modified":"2026-02-28T01:08:55","modified_gmt":"2026-02-28T04:08:55","slug":"tratado-practico-de-derecho-procesal-civil-ano-2016-796-pag-autor-carlos-anabalon-sanderson","status":"publish","type":"product","link":"https:\/\/bibliotecajuridicavirtual.cl\/index.php\/product\/tratado-practico-de-derecho-procesal-civil-ano-2016-796-pag-autor-carlos-anabalon-sanderson\/","title":{"rendered":"Tratado Pr\u00e1ctico De Derecho Procesal Civil. A\u00f1o 2016\/796 P\u00e1g. Autor Carlos Anabal\u00f3n Sanderson"},"content":{"rendered":"<p style=\"font-weight: 400;\">Para ganar un pleito, dec\u00edan los antiguos, no basta tener la raz\u00f3n, hay que saberla pedir y, todav\u00eda, es menester que se la den. \u201cSaberla pedir\u201d. Aqu\u00ed entre en juego el Derecho Procesal.<\/p>\n<p>En las sociedades jur\u00eddicamente organizadas no es l\u00edcito hacerse justicia por s\u00ed mismo, salvo casos, muy excepcionales. Quien ve su derecho amagado o desconocido, debe ocurrir a los Tribunales de Justicia en demanda de amparo o protecci\u00f3n. Los procedimientos mediante los cuales se pone en movimiento la actividad judicial, los recursos de que el sujeto lesionado en su derecho puede echar mano para obtener el reconocimiento de ese derecho, las reglas en conformidad a las cuales el Poder Judicial debe prestar el amparo o protecci\u00f3n que se le solicita, he ah\u00ed el campo del Derecho Procesal.<\/p>\n<p>Naturalmente que mientras m\u00e1s expeditos y eficaces sean esos procedimientos, mientras menores las trabas para utilizar esos recursos, y mientras mayores sean la eficiencia, la honestidad y la independencia de los hombres encargados de administrar la justicia, mayores ser\u00e1n las garant\u00edas que tendr\u00e1n los ciudadanos de que su vida, su honor y su patrimonio estar\u00e1n debidamente protegidos. Porque no conviene olvidar \u2013y, por el contrario, conviene siempre recordar- que el Poder Judicial es el guardi\u00e1n de la Constituci\u00f3n y de las libertades p\u00fablicas, como quiera que es a \u00e9l a quien toca declarar inaplicabilidad una ley contraria a un precepto constitucional, poner en libertad a quien ha sido privado de ella ilegalmente o por un acto arbitrario de cualquiera autoridad y sancionar y condenar a todo el que atropelle o desconozca los derechos y garant\u00edas constitucionales por altamente colocado que se halle. Se comprende entonces la importancia enorme que hay en organizar el Poder Judicial sobre las bases que le aseguren la independencia y el prestigio necesario para ejercer su augusta misi\u00f3n sin otra mira qu\u00e9 hacer justicia con prescindencia de la fortuna y de la situaci\u00f3n de litigantes y procesados.<\/p>\n<p>Por eso, siempre hemos cre\u00eddo \u2013y as\u00ed lo decimos a menudo- que quien domine el Derecho civil podr\u00e1 ser un buen jurista, pero sin conocer bien el Derecho Procesal no podr\u00e1 ser un buen abogado.<\/p>\n<p><b><strong>DISPOSICIONES COMUNES A TODO PROCEDIMIENTO<\/strong><\/b><\/p>\n<p style=\"font-weight: 400;\"><b><strong>CAP\u00cdTULO I<\/strong><\/b><\/p>\n<p>Nociones preliminares sobre las leyes de procedimiento especialmente de procedimiento civil y su aplicaci\u00f3n<br \/>\nEl C\u00f3digo de Procedimiento Civil Chileno y sus antecedentes hist\u00f3ricos<br \/>\nConceptos fundamentales dentro del procedimiento civil<br \/>\nEl sistema procesal adoptado por nuestra legislaci\u00f3n<br \/>\nDe las reformas introducidas por la Ley N\u00b0 7760 y particularmente del procedimiento de conciliaci\u00f3n<br \/>\nEl principio de la no retroactividad de las leyes en materia procesal<\/p>\n<p><b><strong>CAP\u00cdTULO II<\/strong><\/b><\/p>\n<p>Intervenci\u00f3n de las partes en el proceso<br \/>\nDesarrollo del proceso civil<br \/>\nEl concepto de parte<br \/>\nDe la relaci\u00f3n procesal<br \/>\nIntervenci\u00f3n de los terceros<br \/>\nDe los sustitutos o sustituci\u00f3n procesal<br \/>\nCapacidad para actuar en justicia: capacidad de ser parte, capacidad procesal e incapacidades<br \/>\nDe la comparecencia ante la justicia en sus distintos aspectos y circunstancias.- Personer\u00eda y representaci\u00f3n legal<\/p>\n<p><b><strong>CAP\u00cdTULO III<\/strong><\/b><\/p>\n<p>Intervenci\u00f3n de las partes en el proceso (continuaci\u00f3n)<br \/>\nReglas y prohibiciones sobre la comparecencia ante la justicia<br \/>\nDel mandato judicial<br \/>\nforma y efectos de su constituci\u00f3n<br \/>\nEjecuci\u00f3n del mandato judicial en sus variados aspectos<br \/>\nPluralidad de partes y nombramiento de procurador com\u00fan.- Litis consorcio<\/p>\n<p><b><strong>CAP\u00cdTULO IV<\/strong><\/b><\/p>\n<p>Intervenci\u00f3n de las partes en el proceso (continuaci\u00f3n)<br \/>\nPluralidad de acciones y de juicios<br \/>\nAcumulaci\u00f3n de autos<br \/>\nNaturaleza, distinciones y requisitos de esta acumulaci\u00f3n<br \/>\nTramitaci\u00f3n y reglas acerca de la misma instituci\u00f3n procesal<br \/>\nDe los terceros<br \/>\nSu diferente intervenci\u00f3n en los juicios<br \/>\nReferencia a la acci\u00f3n de saneamiento por evicci\u00f3n<br \/>\nRequisitos y efectos de las tercer\u00edas<br \/>\nDe la oposici\u00f3n de terceros<\/p>\n<p><b><strong>CAP\u00cdTULO V<\/strong><\/b><\/p>\n<p>Intervenci\u00f3n del juez en el proceso civil<br \/>\nDel proceso y de las actuaciones procesales<br \/>\nFormaci\u00f3n del proceso, su custodia y comunicaci\u00f3n a las partes<br \/>\nExtracci\u00f3n del proceso: sus reglas y sanciones<br \/>\nTestimonio de las actuaciones procesales<br \/>\nT\u00e9rminos procesales<br \/>\nConocimiento y citaci\u00f3n a las partes de las actuaciones<br \/>\nDe las rebeld\u00edas<br \/>\nAuxilio judicial<br \/>\nExhortos o comunicaciones entre los diversos tribunales, nacionales y extranjeros<\/p>\n<p><b><strong>CAP\u00cdTULO VI<\/strong><\/b><\/p>\n<p>De las resoluciones judiciales<br \/>\nLas diversas clases de resoluciones<br \/>\nRequisitos generales y particulares<br \/>\nEjecutoriedad de la resoluci\u00f3n judicial<br \/>\nModificaci\u00f3n y rectificaci\u00f3n<br \/>\nEfectos esenciales<br \/>\nDe la cosa juzgada<br \/>\nEjecuci\u00f3n de las resoluciones judiciales nacionales y extranjeras<\/p>\n<p><b><strong>CAP\u00cdTULO VII<\/strong><\/b><\/p>\n<p>De las notificaciones en general y de las notificaciones judiciales en particular<br \/>\nDiversas clases de notificaci\u00f3n judicial<br \/>\nCaracteres y formas de cada una de ellas<br \/>\nSu aplicaci\u00f3n pr\u00e1ctica y legal<br \/>\nRequisitos de las mismas<br \/>\nFuncionarios que intervienen en las respectivas diligencias y actuaciones y modo de esta intervenci\u00f3n<br \/>\nComentarios finales<\/p>\n<p><b><strong>DE LAS CUESTIONES DE COMPETENCIA<\/strong><\/b><\/p>\n<p><b><strong>CAP\u00cdTULO VIII<\/strong><\/b><\/p>\n<p>De los incidentes<br \/>\nDefinici\u00f3n y conceptos generales<br \/>\nDe la oportunidad en la proposici\u00f3n de los incidentes<br \/>\nTeor\u00eda de las nulidades procesales<br \/>\nExtensi\u00f3n y renovaci\u00f3n de los actos nulos<br \/>\nTramitaci\u00f3n y fallo de los incidentes<br \/>\nDe las sanciones legales en esta materia<br \/>\nDel abandono de la instancia y del desistimiento de la demanda<\/p>\n<p><b><strong>CAP\u00cdTULO IX<\/strong><\/b><\/p>\n<p>De las cuestiones de competencia<br \/>\nCuestiones de competencia propiamente dichas; por inhibitoria y por declinatoria<br \/>\nReglas comunes y particulares a que ambas est\u00e1n sometidas<br \/>\nCr\u00edtica y observaciones generales sobre estos procedimientos<br \/>\nRenovaci\u00f3n de tales cuestiones<br \/>\nDe la excepci\u00f3n de falta de jurisdicci\u00f3n de los tribunales<br \/>\nOtras cuestiones de competencia<\/p>\n<p><b><strong>LOS RECURSOS PROCESALES<\/strong><\/b><\/p>\n<p><b><strong>CAP\u00cdTULO X<\/strong><\/b><\/p>\n<p>Origen, requisitos, rese\u00f1a y clasificaci\u00f3n de los recursos<br \/>\nDe la reposici\u00f3n<br \/>\nLa apelaci\u00f3n: su naturaleza y objeto<br \/>\nModalidades y efectos de su concesi\u00f3n<br \/>\nResoluciones apelables e inapelables<br \/>\nDe la concesi\u00f3n del recurso en sus distintos efectos<br \/>\nDel recurso de hecho<br \/>\nSignificado y condiciones de ejercicio del recurso de apelaci\u00f3n<br \/>\nDe la deserci\u00f3n y rebeld\u00eda en este recurso<br \/>\nPrescripci\u00f3n y desistimiento de la apelaci\u00f3n<br \/>\nAdhesi\u00f3n a la apelaci\u00f3n<br \/>\nTramitaci\u00f3n normal y fallo del recurso<\/p>\n<p><b><strong>CAP\u00cdTULO XI<\/strong><\/b><\/p>\n<p>Los recursos de casaci\u00f3n en general y del de casaci\u00f3n en el fondo, en particular<br \/>\nAntecedentes, pormenores y reglas comunes<br \/>\nEl recurso de casaci\u00f3n en el fondo: su origen y naturaleza<br \/>\nLa distinci\u00f3n entre la casaci\u00f3n deforma y la de fondo<br \/>\nProcedencia del recurso y causales de fondo<br \/>\nLos hechos del pleito ante dicho recurso<br \/>\nAdmisibilidad, interposici\u00f3n y concesi\u00f3n del recurso de casaci\u00f3n en el fondo<br \/>\nEfectos de esta concesi\u00f3n<br \/>\nTramitaci\u00f3n y fallo<br \/>\nEste mismo recurso con referencia especial a los negocios voluntarios<\/p>\n<p><b><strong>CAP\u00cdTULO XII<\/strong><\/b><\/p>\n<p>El recurso de casaci\u00f3n en la forma<br \/>\nSu origen, naturaleza y caracter\u00edsticas especiales<br \/>\nReglas generales<br \/>\nAdmisibilidad e interposici\u00f3n del recurso<br \/>\nCausales de casaci\u00f3n en la forma<br \/>\nTramitaci\u00f3n y fallo<br \/>\nDe la casaci\u00f3n de forma de oficio<\/p>\n<p><b><strong>CAP\u00cdTULO XIII<\/strong><\/b><\/p>\n<p>Los recursos de casaci\u00f3n en las cuestiones de competencia<br \/>\nAplicaci\u00f3n de la legislaci\u00f3n y la jurisprudencia en la soluci\u00f3n del problema<br \/>\nLos diversos matices que presenta este mismo asunto<br \/>\nComentarios sobre la renuncia de los recursos procesales por motivos de competencia<\/p>\n<p><b><strong>CAP\u00cdTULO XIV<\/strong><\/b><\/p>\n<p>El recurso de revisi\u00f3n<br \/>\nSu origen y caracteres<br \/>\nLas diversas causales que lo justifican<br \/>\nInterposici\u00f3n, tramitaci\u00f3n y fallo del recurso de revisi\u00f3n<br \/>\nEfectos que produce su interposici\u00f3n<\/p>\n<p><b><strong>CAP\u00cdTULO XV<\/strong><\/b><\/p>\n<p>Los recursos de queja y de inaplicabilidad por inconstitucionalidad de las leyes<br \/>\nDel recurso de queja en general y ante la Corte Suprema en particular<br \/>\nOrigen, desarrollo y corrupci\u00f3n de este recurso<br \/>\nComentarios diversos<br \/>\nDel recurso de inconstitucionalidad<br \/>\nAntecedentes y reglamentaci\u00f3n de este nuevo recurso<br \/>\nLa jurisprudencia sentada al respecto<\/p>\n","protected":false},"excerpt":{"rendered":"<p>Para ganar un pleito, dec\u00edan los antiguos, no basta tener la raz\u00f3n, hay que saberla pedir y, todav\u00eda, es menester que se la den. \u201cSaberla pedir\u201d. Aqu\u00ed entre en juego el Derecho Procesal. En las sociedades jur\u00eddicamente organizadas no es l\u00edcito hacerse justicia por s\u00ed mismo, salvo casos, muy excepcionales. Quien ve su derecho amagado o desconocido, debe ocurrir a los Tribunales de Justicia en demanda de amparo o protecci\u00f3n. Los procedimientos mediante los cuales se pone en movimiento la actividad judicial, los recursos de que el sujeto lesionado en su derecho puede echar mano para obtener el reconocimiento de ese derecho, las reglas en conformidad a las cuales el Poder Judicial debe prestar el amparo o protecci\u00f3n que se le solicita, he ah\u00ed el campo del Derecho Procesal. Naturalmente que mientras m\u00e1s expeditos y eficaces sean esos procedimientos, mientras menores las trabas para utilizar esos recursos, y mientras mayores sean la eficiencia, la honestidad y la independencia de los hombres encargados de administrar la justicia, mayores ser\u00e1n las garant\u00edas que tendr\u00e1n los ciudadanos de que su vida, su honor y su patrimonio estar\u00e1n debidamente protegidos. Porque no conviene olvidar \u2013y, por el contrario, conviene siempre recordar- que el Poder Judicial es el guardi\u00e1n de la Constituci\u00f3n y de las libertades p\u00fablicas, como quiera que es a \u00e9l a quien toca declarar inaplicabilidad una ley contraria a un precepto constitucional, poner en libertad a quien ha sido privado de ella ilegalmente o por un acto arbitrario de cualquiera autoridad y sancionar y condenar a todo el que atropelle o desconozca los derechos y garant\u00edas constitucionales por altamente colocado que se halle. Se comprende entonces la importancia enorme que hay en organizar el Poder Judicial sobre las bases que le aseguren la independencia y el prestigio necesario para ejercer su augusta misi\u00f3n sin otra mira qu\u00e9 hacer justicia con prescindencia de la fortuna y de la situaci\u00f3n de litigantes y procesados. Por eso, siempre hemos cre\u00eddo \u2013y as\u00ed lo decimos a menudo- que quien domine el Derecho civil podr\u00e1 ser un buen jurista, pero sin conocer bien el Derecho Procesal no podr\u00e1 ser un buen abogado. DISPOSICIONES COMUNES A TODO PROCEDIMIENTO CAP\u00cdTULO I Nociones preliminares sobre las leyes de procedimiento especialmente de procedimiento civil y su aplicaci\u00f3n El C\u00f3digo de Procedimiento Civil Chileno y sus antecedentes hist\u00f3ricos Conceptos fundamentales dentro del procedimiento civil El sistema procesal adoptado por nuestra legislaci\u00f3n De las reformas introducidas por la Ley N\u00b0 7760 y particularmente del procedimiento de conciliaci\u00f3n El principio de la no retroactividad de las leyes en materia procesal CAP\u00cdTULO II Intervenci\u00f3n de las partes en el proceso Desarrollo del proceso civil El concepto de parte De la relaci\u00f3n procesal Intervenci\u00f3n de los terceros De los sustitutos o sustituci\u00f3n procesal Capacidad para actuar en justicia: capacidad de ser parte, capacidad procesal e incapacidades De la comparecencia ante la justicia en sus distintos aspectos y circunstancias.- Personer\u00eda y representaci\u00f3n legal CAP\u00cdTULO III Intervenci\u00f3n de las partes en el proceso (continuaci\u00f3n) Reglas y prohibiciones sobre la comparecencia ante la justicia Del mandato judicial forma y efectos de su constituci\u00f3n Ejecuci\u00f3n del mandato judicial en sus variados aspectos Pluralidad de partes y nombramiento de procurador com\u00fan.- Litis consorcio CAP\u00cdTULO IV Intervenci\u00f3n de las partes en el proceso (continuaci\u00f3n) Pluralidad de acciones y de juicios Acumulaci\u00f3n de autos Naturaleza, distinciones y requisitos de esta acumulaci\u00f3n Tramitaci\u00f3n y reglas acerca de la misma instituci\u00f3n procesal De los terceros Su diferente intervenci\u00f3n en los juicios Referencia a la acci\u00f3n de saneamiento por evicci\u00f3n Requisitos y efectos de las tercer\u00edas De la oposici\u00f3n de terceros CAP\u00cdTULO V Intervenci\u00f3n del juez en el proceso civil Del proceso y de las actuaciones procesales Formaci\u00f3n del proceso, su custodia y comunicaci\u00f3n a las partes Extracci\u00f3n del proceso: sus reglas y sanciones Testimonio de las actuaciones procesales T\u00e9rminos procesales Conocimiento y citaci\u00f3n a las partes de las actuaciones De las rebeld\u00edas Auxilio judicial Exhortos o comunicaciones entre los diversos tribunales, nacionales y extranjeros CAP\u00cdTULO VI De las resoluciones judiciales Las diversas clases de resoluciones Requisitos generales y particulares Ejecutoriedad de la resoluci\u00f3n judicial Modificaci\u00f3n y rectificaci\u00f3n Efectos esenciales De la cosa juzgada Ejecuci\u00f3n de las resoluciones judiciales nacionales y extranjeras CAP\u00cdTULO VII De las notificaciones en general y de las notificaciones judiciales en particular Diversas clases de notificaci\u00f3n judicial Caracteres y formas de cada una de ellas Su aplicaci\u00f3n pr\u00e1ctica y legal Requisitos de las mismas Funcionarios que intervienen en las respectivas diligencias y actuaciones y modo de esta intervenci\u00f3n Comentarios finales DE LAS CUESTIONES DE COMPETENCIA CAP\u00cdTULO VIII De los incidentes Definici\u00f3n y conceptos generales De la oportunidad en la proposici\u00f3n de los incidentes Teor\u00eda de las nulidades procesales Extensi\u00f3n y renovaci\u00f3n de los actos nulos Tramitaci\u00f3n y fallo de los incidentes De las sanciones legales en esta materia Del abandono de la instancia y del desistimiento de la demanda CAP\u00cdTULO IX De las cuestiones de competencia Cuestiones de competencia propiamente dichas; por inhibitoria y por declinatoria Reglas comunes y particulares a que ambas est\u00e1n sometidas Cr\u00edtica y observaciones generales sobre estos procedimientos Renovaci\u00f3n de tales cuestiones De la excepci\u00f3n de falta de jurisdicci\u00f3n de los tribunales Otras cuestiones de competencia LOS RECURSOS PROCESALES CAP\u00cdTULO X Origen, requisitos, rese\u00f1a y clasificaci\u00f3n de los recursos De la reposici\u00f3n La apelaci\u00f3n: su naturaleza y objeto Modalidades y efectos de su concesi\u00f3n Resoluciones apelables e inapelables De la concesi\u00f3n del recurso en sus distintos efectos Del recurso de hecho Significado y condiciones de ejercicio del recurso de apelaci\u00f3n De la deserci\u00f3n y rebeld\u00eda en este recurso Prescripci\u00f3n y desistimiento de la apelaci\u00f3n Adhesi\u00f3n a la apelaci\u00f3n Tramitaci\u00f3n normal y fallo del recurso CAP\u00cdTULO XI Los recursos de casaci\u00f3n en general y del de casaci\u00f3n en el fondo, en particular Antecedentes, pormenores y reglas comunes El recurso de casaci\u00f3n en el fondo: su origen y naturaleza La distinci\u00f3n entre la casaci\u00f3n deforma y la de fondo Procedencia del recurso y causales de fondo Los hechos del pleito ante dicho recurso Admisibilidad, interposici\u00f3n y concesi\u00f3n del recurso<\/p>\n","protected":false},"featured_media":3085,"comment_status":"open","ping_status":"closed","template":"","meta":{"inline_featured_image":false,"_joinchat":[]},"product_brand":[],"product_cat":[60,39],"product_tag":[],"class_list":{"0":"post-3035","1":"product","2":"type-product","3":"status-publish","4":"has-post-thumbnail","6":"product_cat-editorial-el-jurista","7":"product_cat-procesal-civil","8":"product_shipping_class-a-convenir","10":"first","11":"instock","12":"shipping-taxable","13":"purchasable","14":"product-type-simple"},"_links":{"self":[{"href":"https:\/\/bibliotecajuridicavirtual.cl\/index.php\/wp-json\/wp\/v2\/product\/3035","targetHints":{"allow":["GET"]}}],"collection":[{"href":"https:\/\/bibliotecajuridicavirtual.cl\/index.php\/wp-json\/wp\/v2\/product"}],"about":[{"href":"https:\/\/bibliotecajuridicavirtual.cl\/index.php\/wp-json\/wp\/v2\/types\/product"}],"replies":[{"embeddable":true,"href":"https:\/\/bibliotecajuridicavirtual.cl\/index.php\/wp-json\/wp\/v2\/comments?post=3035"}],"wp:featuredmedia":[{"embeddable":true,"href":"https:\/\/bibliotecajuridicavirtual.cl\/index.php\/wp-json\/wp\/v2\/media\/3085"}],"wp:attachment":[{"href":"https:\/\/bibliotecajuridicavirtual.cl\/index.php\/wp-json\/wp\/v2\/media?parent=3035"}],"wp:term":[{"taxonomy":"product_brand","embeddable":true,"href":"https:\/\/bibliotecajuridicavirtual.cl\/index.php\/wp-json\/wp\/v2\/product_brand?post=3035"},{"taxonomy":"product_cat","embeddable":true,"href":"https:\/\/bibliotecajuridicavirtual.cl\/index.php\/wp-json\/wp\/v2\/product_cat?post=3035"},{"taxonomy":"product_tag","embeddable":true,"href":"https:\/\/bibliotecajuridicavirtual.cl\/index.php\/wp-json\/wp\/v2\/product_tag?post=3035"}],"curies":[{"name":"wp","href":"https:\/\/api.w.org\/{rel}","templated":true}]}}