{"id":3068,"date":"2026-02-28T01:08:46","date_gmt":"2026-02-28T04:08:46","guid":{"rendered":"https:\/\/bibliotecajuridicavirtual.cl\/?post_type=product&#038;p=3068"},"modified":"2026-02-28T01:09:17","modified_gmt":"2026-02-28T04:09:17","slug":"arbitraje-entre-la-autonomia-y-el-control-judicial-ano-noviembre-2023-400-pag-autor-eduardo-picand-albonico","status":"publish","type":"product","link":"https:\/\/bibliotecajuridicavirtual.cl\/index.php\/product\/arbitraje-entre-la-autonomia-y-el-control-judicial-ano-noviembre-2023-400-pag-autor-eduardo-picand-albonico\/","title":{"rendered":"Arbitraje &#8211; Entre la Autonom\u00eda y el Control Judicial. A\u00f1o Noviembre 2023\/ 400 P\u00e1g. Autor Eduardo Picand Alb\u00f3nico"},"content":{"rendered":"<p style=\"font-weight: 400;\">La aparici\u00f3n de este libro sobre arbitraje llega dos a\u00f1os despu\u00e9s de la promulgaci\u00f3n por el Centro de Arbitraje y Mediaci\u00f3n de Santiago del Nuevo Reglamento Procesal de Arbitraje Nacional. Este hecho demuestra la creciente importancia que tiene el arbitraje en nuestro pa\u00eds y un reconocimiento a la necesidad de adecuar nuestra normativa y doctrina a las tendencias internacionales defendidas por la doctrina m\u00e1s autorizada en lengua espa\u00f1ola.<\/p>\n<p style=\"font-weight: 400;\">Como evidencia la gran variedad de temas presentados en este libro, el arbitraje pr\u00e1cticamente se ha difundido a las m\u00e1s diversas \u00e1rea y materias, tanto en el sector p\u00fablico como privado. En Efecto, durante el \u00faltimo a\u00f1o hemos sido testigos de diversas iniciativas a nivel acad\u00e9mico y profesional (especialmente el CAM Santiago), en que se incentivan actividades de formaci\u00f3n profesional en el \u00e1rea del arbitraje, a trav\u00e9s de seminarios, congresos cursos especializados y la participaci\u00f3n de prestigiosas universidades chilenas en competencias internacionales sobre arbitraje (MOOT Madrid; Competencia Internacional de Arbitraje; Vis Moot en Viena, entre otros).<\/p>\n<p style=\"font-weight: 400;\">Lo anterior se une a que, con el paso del tiempo, ha crecido el prestigio de Chile como sede para arbitrajes, tanto nacionales como internacionales. El Centro de Arbitraje y Mediaci\u00f3n (CAM Santiago) referente fundamental en Am\u00e9rica Latina ha conocido m\u00e1s de 5.236 casos de arbitraje, involucrando a m\u00e1s de 3.500 empresas y estudios jur\u00eddicos. Al mismo tiempo, el personal del Poder Judicial ha venido especializ\u00e1ndose en el arbitraje y acercando este mecanismo de resoluci\u00f3n de disputas a la ciudadan\u00eda en general.<\/p>\n<p style=\"font-weight: 400;\">El libro contiene estudios de arbitraje elaborados por distinguidos abogados litigantes y \u00e1rbitros internacionales, tanto chilenos como extranjeros.<\/p>\n<p style=\"font-weight: 400;\"><b><strong>ART\u00cdCULOS<\/strong><\/b><\/p>\n<p style=\"font-weight: 400;\"><em>Puesta al d\u00eda del arbitraje y respuestas a sus detractores<\/em><br \/>\nJos\u00e9 Carlos Fern\u00e1ndez Rozas (Espa\u00f1a)<\/p>\n<p style=\"font-weight: 400;\"><em>Contrato de arrendamiento de bienes ra\u00edces urbanos y arbitraje: cuestiones discutidas<\/em><br \/>\nPablo A. Cornejo (Chile)<\/p>\n<p style=\"font-weight: 400;\"><em>Las medidas cautelares en el arbitraje comercial internacional: una extraordinaria evoluci\u00f3n<\/em><br \/>\nRoque J. Caivano y Natalia M. Ceballos R\u00edos (Argentina)<\/p>\n<p style=\"font-weight: 400;\"><em>Las complicaciones de los recursos bajo un sistema dual de arbitraje en Chile<\/em><br \/>\nJavier Maturana Baeza (Chile)<\/p>\n<p style=\"font-weight: 400;\"><em>\u00bfEs posible ejecutar en Uruguay un laudo arbitral anulado o con un recurso de anulaci\u00f3n pendiente en el pa\u00eds sede?<\/em><br \/>\nCecilia Fresnedo de Aguirre (Uruguay)<\/p>\n<p style=\"font-weight: 400;\"><em>El principio de favor arbitrandum en el arbitraje comercial internacional<\/em><br \/>\nSixto A. S\u00e1nchez Lorenzo (Espa\u00f1a)<\/p>\n<p style=\"font-weight: 400;\"><em>Arbitraje y protecci\u00f3n al consumidor: \u00bftertium non datur?<\/em><br \/>\nFrancisco Gonz\u00e1lez de Coss\u00edo (M\u00e9xico)<\/p>\n<p style=\"font-weight: 400;\"><em>Arbitraje del contrato de seguro y derecho mar\u00edtimo en la tendencia moderna del juez activo<\/em><br \/>\nOscar Torres Zagal (Chile)<\/p>\n<p style=\"font-weight: 400;\"><em>Contribuci\u00f3n del arbitraje a la justicia clim\u00e1tica internacional<\/em><br \/>\nAna Fern\u00e1ndez P\u00e9rez (Espa\u00f1a)<\/p>\n<p style=\"font-weight: 400;\"><em>Cl\u00e1usula compromisoria por referencia. Contratos comerciales internacionales y la convenci\u00f3n de Nueva York. Perspectiva internacional y brasile\u00f1a<\/em><br \/>\nSelma Ferreira Lemes (Brasil)<\/p>\n<p style=\"font-weight: 400;\"><em>Contratos inteligentes y arbitraje de \u00faltima oferta: resoluci\u00f3n de disputas contractuales digitales<\/em><br \/>\nAlexis Mu\u00f1oz Fuentes (Chile)<\/p>\n<p style=\"font-weight: 400;\"><em>Comentario a la sentencia de la Excelent\u00edsima Corte Suprema de fecha 11 de julio de 2019, dictada en causa rol N\u00ba 6368\u20102018, sobre liquidaci\u00f3<\/em><em>n de sociedad de responsabilidad limitada<\/em><br \/>\nGuillermo Caballero Germain y Camilo Sald\u00edas Robles (Chile)<\/p>\n<p style=\"font-weight: 400;\"><em>El principio pro\u2010arbitraje y la interpretaci\u00f3n de las cl\u00e1<\/em><em>usulas arbitrales ambiguas en la jurisprudencia chilena<\/em><br \/>\nEduardo Picand Alb\u00f3nico<\/p>\n<p style=\"font-weight: 400;\"><em>Servir a dos se\u00f1ores: el derecho a regular de los estados y la indemnizaci\u00f3n de perjuicios en el arbitraje internacional de inversiones<\/em><br \/>\nJulio Pellegrini Vial y Beltr\u00e1n Flores Urz\u00faa<\/p>\n","protected":false},"excerpt":{"rendered":"<p>La aparici\u00f3n de este libro sobre arbitraje llega dos a\u00f1os despu\u00e9s de la promulgaci\u00f3n por el Centro de Arbitraje y Mediaci\u00f3n de Santiago del Nuevo Reglamento Procesal de Arbitraje Nacional. Este hecho demuestra la creciente importancia que tiene el arbitraje en nuestro pa\u00eds y un reconocimiento a la necesidad de adecuar nuestra normativa y doctrina a las tendencias internacionales defendidas por la doctrina m\u00e1s autorizada en lengua espa\u00f1ola. Como evidencia la gran variedad de temas presentados en este libro, el arbitraje pr\u00e1cticamente se ha difundido a las m\u00e1s diversas \u00e1rea y materias, tanto en el sector p\u00fablico como privado. En Efecto, durante el \u00faltimo a\u00f1o hemos sido testigos de diversas iniciativas a nivel acad\u00e9mico y profesional (especialmente el CAM Santiago), en que se incentivan actividades de formaci\u00f3n profesional en el \u00e1rea del arbitraje, a trav\u00e9s de seminarios, congresos cursos especializados y la participaci\u00f3n de prestigiosas universidades chilenas en competencias internacionales sobre arbitraje (MOOT Madrid; Competencia Internacional de Arbitraje; Vis Moot en Viena, entre otros). Lo anterior se une a que, con el paso del tiempo, ha crecido el prestigio de Chile como sede para arbitrajes, tanto nacionales como internacionales. El Centro de Arbitraje y Mediaci\u00f3n (CAM Santiago) referente fundamental en Am\u00e9rica Latina ha conocido m\u00e1s de 5.236 casos de arbitraje, involucrando a m\u00e1s de 3.500 empresas y estudios jur\u00eddicos. Al mismo tiempo, el personal del Poder Judicial ha venido especializ\u00e1ndose en el arbitraje y acercando este mecanismo de resoluci\u00f3n de disputas a la ciudadan\u00eda en general. El libro contiene estudios de arbitraje elaborados por distinguidos abogados litigantes y \u00e1rbitros internacionales, tanto chilenos como extranjeros. ART\u00cdCULOS Puesta al d\u00eda del arbitraje y respuestas a sus detractores Jos\u00e9 Carlos Fern\u00e1ndez Rozas (Espa\u00f1a) Contrato de arrendamiento de bienes ra\u00edces urbanos y arbitraje: cuestiones discutidas Pablo A. Cornejo (Chile) Las medidas cautelares en el arbitraje comercial internacional: una extraordinaria evoluci\u00f3n Roque J. Caivano y Natalia M. Ceballos R\u00edos (Argentina) Las complicaciones de los recursos bajo un sistema dual de arbitraje en Chile Javier Maturana Baeza (Chile) \u00bfEs posible ejecutar en Uruguay un laudo arbitral anulado o con un recurso de anulaci\u00f3n pendiente en el pa\u00eds sede? Cecilia Fresnedo de Aguirre (Uruguay) El principio de favor arbitrandum en el arbitraje comercial internacional Sixto A. S\u00e1nchez Lorenzo (Espa\u00f1a) Arbitraje y protecci\u00f3n al consumidor: \u00bftertium non datur? Francisco Gonz\u00e1lez de Coss\u00edo (M\u00e9xico) Arbitraje del contrato de seguro y derecho mar\u00edtimo en la tendencia moderna del juez activo Oscar Torres Zagal (Chile) Contribuci\u00f3n del arbitraje a la justicia clim\u00e1tica internacional Ana Fern\u00e1ndez P\u00e9rez (Espa\u00f1a) Cl\u00e1usula compromisoria por referencia. Contratos comerciales internacionales y la convenci\u00f3n de Nueva York. Perspectiva internacional y brasile\u00f1a Selma Ferreira Lemes (Brasil) Contratos inteligentes y arbitraje de \u00faltima oferta: resoluci\u00f3n de disputas contractuales digitales Alexis Mu\u00f1oz Fuentes (Chile) Comentario a la sentencia de la Excelent\u00edsima Corte Suprema de fecha 11 de julio de 2019, dictada en causa rol N\u00ba 6368\u20102018, sobre liquidaci\u00f3n de sociedad de responsabilidad limitada Guillermo Caballero Germain y Camilo Sald\u00edas Robles (Chile) El principio pro\u2010arbitraje y la interpretaci\u00f3n de las cl\u00e1usulas arbitrales ambiguas en la jurisprudencia chilena Eduardo Picand Alb\u00f3nico Servir a dos se\u00f1ores: el derecho a regular de los estados y la indemnizaci\u00f3n de perjuicios en el arbitraje internacional de inversiones Julio Pellegrini Vial y Beltr\u00e1n Flores Urz\u00faa<\/p>\n","protected":false},"featured_media":3109,"comment_status":"open","ping_status":"closed","template":"","meta":{"inline_featured_image":false,"_joinchat":[]},"product_brand":[],"product_cat":[39,42],"product_tag":[],"class_list":{"0":"post-3068","1":"product","2":"type-product","3":"status-publish","4":"has-post-thumbnail","6":"product_cat-procesal-civil","7":"product_cat-thomson-reuters","8":"product_shipping_class-a-convenir","10":"first","11":"instock","12":"shipping-taxable","13":"purchasable","14":"product-type-simple"},"_links":{"self":[{"href":"https:\/\/bibliotecajuridicavirtual.cl\/index.php\/wp-json\/wp\/v2\/product\/3068","targetHints":{"allow":["GET"]}}],"collection":[{"href":"https:\/\/bibliotecajuridicavirtual.cl\/index.php\/wp-json\/wp\/v2\/product"}],"about":[{"href":"https:\/\/bibliotecajuridicavirtual.cl\/index.php\/wp-json\/wp\/v2\/types\/product"}],"replies":[{"embeddable":true,"href":"https:\/\/bibliotecajuridicavirtual.cl\/index.php\/wp-json\/wp\/v2\/comments?post=3068"}],"wp:featuredmedia":[{"embeddable":true,"href":"https:\/\/bibliotecajuridicavirtual.cl\/index.php\/wp-json\/wp\/v2\/media\/3109"}],"wp:attachment":[{"href":"https:\/\/bibliotecajuridicavirtual.cl\/index.php\/wp-json\/wp\/v2\/media?parent=3068"}],"wp:term":[{"taxonomy":"product_brand","embeddable":true,"href":"https:\/\/bibliotecajuridicavirtual.cl\/index.php\/wp-json\/wp\/v2\/product_brand?post=3068"},{"taxonomy":"product_cat","embeddable":true,"href":"https:\/\/bibliotecajuridicavirtual.cl\/index.php\/wp-json\/wp\/v2\/product_cat?post=3068"},{"taxonomy":"product_tag","embeddable":true,"href":"https:\/\/bibliotecajuridicavirtual.cl\/index.php\/wp-json\/wp\/v2\/product_tag?post=3068"}],"curies":[{"name":"wp","href":"https:\/\/api.w.org\/{rel}","templated":true}]}}