{"id":3070,"date":"2026-02-28T01:08:46","date_gmt":"2026-02-28T04:08:46","guid":{"rendered":"https:\/\/bibliotecajuridicavirtual.cl\/?post_type=product&#038;p=3070"},"modified":"2026-02-28T01:09:20","modified_gmt":"2026-02-28T04:09:20","slug":"sistema-registral-y-notarial-chileno-propuestas-de-reformas-legales-para-su-modernizacion-ano-octubre-2023-194-pag-autor-mauricio-astudillo-pizarro","status":"publish","type":"product","link":"https:\/\/bibliotecajuridicavirtual.cl\/index.php\/product\/sistema-registral-y-notarial-chileno-propuestas-de-reformas-legales-para-su-modernizacion-ano-octubre-2023-194-pag-autor-mauricio-astudillo-pizarro\/","title":{"rendered":"Sistema Registral y Notarial Chileno &#8211; Propuestas de Reformas Legales para su Modernizaci\u00f3n. A\u00f1o Octubre 2023\/ 194 P\u00e1g. Autor Mauricio Astudillo Pizarro"},"content":{"rendered":"<p style=\"font-weight: 400;\">La presente obra hace un diagn\u00f3stico del estado institucional y de la funci\u00f3n notarial y registral, para lo cual se analiza la legislaci\u00f3n vigente, as\u00ed como los diversos proyectos de ley sobre la materia, deteni\u00e9ndose en los aspectos que deben ser modificados para un fortalecimiento del sistema y para su necesaria modernizaci\u00f3n. Se aportan datos estad\u00edsticos para tener una visi\u00f3n de la eficacia del sistema con el prop\u00f3sito de centrar la atenci\u00f3n en aquellos aspectos que deben ser intervenidos, sin poner en riesgo lo que funciona correctamente y siempre considerando que este proceso de reforma y modernizaci\u00f3n debe llevarse a efecto con sentido t\u00e9cnico y con cargo a los propios notarios y conservadores, minimizando el gasto p\u00fablico a lo estrictamente indispensable.<\/p>\n<p style=\"font-weight: 400;\">\n<ol>\n<li style=\"font-weight: 400;\"><b><strong> CUESTIONES ORG\u00c1NICAS<\/strong><\/b><\/li>\n<li style=\"font-weight: 400;\"><b><strong> ASPECTOS SUSTANTIVOS<\/strong><\/b><\/li>\n<li style=\"font-weight: 400;\">En relaci\u00f3n al sistema notarial<br \/>\n2. En relaci\u00f3n al sistema registral<\/li>\n<\/ol>\n<p style=\"font-weight: 400;\"><b><strong>III. IMPLEMENTACI\u00d3N OBLIGATORIA DE HERRAMIENTAS INFORM\u00c1TICAS<\/strong><\/b><\/p>\n<p style=\"font-weight: 400;\">Propuestas de reformas legales<\/p>\n<ol>\n<li style=\"font-weight: 400;\">Modificaciones al C\u00f3digo Civil<br \/>\nII. Modificaciones al C\u00f3digo Org\u00e1nico de Tribunales<br \/>\nIII. Modificaciones a otras normas legales<br \/>\nIV. Propuesta de nueva ley del Registro Conservatorio de Bienes Ra\u00edces<br \/>\nV. Art\u00edculos transitorios<\/li>\n<\/ol>\n<p style=\"font-weight: 400;\">Ideas finales<\/p>\n","protected":false},"excerpt":{"rendered":"<p>La presente obra hace un diagn\u00f3stico del estado institucional y de la funci\u00f3n notarial y registral, para lo cual se analiza la legislaci\u00f3n vigente, as\u00ed como los diversos proyectos de ley sobre la materia, deteni\u00e9ndose en los aspectos que deben ser modificados para un fortalecimiento del sistema y para su necesaria modernizaci\u00f3n. Se aportan datos estad\u00edsticos para tener una visi\u00f3n de la eficacia del sistema con el prop\u00f3sito de centrar la atenci\u00f3n en aquellos aspectos que deben ser intervenidos, sin poner en riesgo lo que funciona correctamente y siempre considerando que este proceso de reforma y modernizaci\u00f3n debe llevarse a efecto con sentido t\u00e9cnico y con cargo a los propios notarios y conservadores, minimizando el gasto p\u00fablico a lo estrictamente indispensable. CUESTIONES ORG\u00c1NICAS ASPECTOS SUSTANTIVOS En relaci\u00f3n al sistema notarial 2. En relaci\u00f3n al sistema registral III. IMPLEMENTACI\u00d3N OBLIGATORIA DE HERRAMIENTAS INFORM\u00c1TICAS Propuestas de reformas legales Modificaciones al C\u00f3digo Civil II. Modificaciones al C\u00f3digo Org\u00e1nico de Tribunales III. Modificaciones a otras normas legales IV. Propuesta de nueva ley del Registro Conservatorio de Bienes Ra\u00edces V. Art\u00edculos transitorios Ideas finales<\/p>\n","protected":false},"featured_media":3111,"comment_status":"open","ping_status":"closed","template":"","meta":{"inline_featured_image":false,"_joinchat":[]},"product_brand":[],"product_cat":[27,58],"product_tag":[],"class_list":{"0":"post-3070","1":"product","2":"type-product","3":"status-publish","4":"has-post-thumbnail","6":"product_cat-civil","7":"product_cat-editorial-rubicon","8":"product_shipping_class-a-convenir","10":"first","11":"instock","12":"shipping-taxable","13":"purchasable","14":"product-type-simple"},"_links":{"self":[{"href":"https:\/\/bibliotecajuridicavirtual.cl\/index.php\/wp-json\/wp\/v2\/product\/3070","targetHints":{"allow":["GET"]}}],"collection":[{"href":"https:\/\/bibliotecajuridicavirtual.cl\/index.php\/wp-json\/wp\/v2\/product"}],"about":[{"href":"https:\/\/bibliotecajuridicavirtual.cl\/index.php\/wp-json\/wp\/v2\/types\/product"}],"replies":[{"embeddable":true,"href":"https:\/\/bibliotecajuridicavirtual.cl\/index.php\/wp-json\/wp\/v2\/comments?post=3070"}],"wp:featuredmedia":[{"embeddable":true,"href":"https:\/\/bibliotecajuridicavirtual.cl\/index.php\/wp-json\/wp\/v2\/media\/3111"}],"wp:attachment":[{"href":"https:\/\/bibliotecajuridicavirtual.cl\/index.php\/wp-json\/wp\/v2\/media?parent=3070"}],"wp:term":[{"taxonomy":"product_brand","embeddable":true,"href":"https:\/\/bibliotecajuridicavirtual.cl\/index.php\/wp-json\/wp\/v2\/product_brand?post=3070"},{"taxonomy":"product_cat","embeddable":true,"href":"https:\/\/bibliotecajuridicavirtual.cl\/index.php\/wp-json\/wp\/v2\/product_cat?post=3070"},{"taxonomy":"product_tag","embeddable":true,"href":"https:\/\/bibliotecajuridicavirtual.cl\/index.php\/wp-json\/wp\/v2\/product_tag?post=3070"}],"curies":[{"name":"wp","href":"https:\/\/api.w.org\/{rel}","templated":true}]}}