{"id":3076,"date":"2026-02-28T01:08:47","date_gmt":"2026-02-28T04:08:47","guid":{"rendered":"https:\/\/bibliotecajuridicavirtual.cl\/?post_type=product&#038;p=3076"},"modified":"2026-02-28T01:09:27","modified_gmt":"2026-02-28T04:09:27","slug":"delitos-sexuales-problemas-contemporaneos-de-las-ciencias-penales-ano-2023-420-pag-autor-manuel-angel-gonzalez-jara-y-rene-larroucau-toro","status":"publish","type":"product","link":"https:\/\/bibliotecajuridicavirtual.cl\/index.php\/product\/delitos-sexuales-problemas-contemporaneos-de-las-ciencias-penales-ano-2023-420-pag-autor-manuel-angel-gonzalez-jara-y-rene-larroucau-toro\/","title":{"rendered":"Delitos Sexuales &#8211; Problemas Contempor\u00e1neos de las Ciencias Penales. A\u00f1o 2023\/420 P\u00e1g. Autor Manuel \u00c1ngel Gonz\u00e1lez Jara y Ren\u00e9 Larroucau Toro"},"content":{"rendered":"<p>Presentaci\u00f3n . . . . . . . . . . . . . . . . . . . . . . . . . . . . . . . . . . . . . . . . . . . . . 9<br \/>\nABUSO SEXUAL BASADO EN IM\u00c1GENES:<br \/>\nUN EXCURSO NECESARIO (sextorsi\u00f3n) (161 a y 161 c)<br \/>\nLuis Rodr\u00edguez &#8211; Agustina Alvarado . . . . . . . . . . . . . . . . . . . . . . 13<br \/>\nEL ACOSO SEXUAL EN ESPACIOS P\u00daBLICOS<br \/>\n(ART. 161-C C\u00d3DIGO PENAL)<br \/>\nRodrigo Paredes . . . . . . . . . . . . . . . . . . . . . . . . . . . . . . . . . . . . . . . . 35<br \/>\nEL ABUSO SEXUAL AGRAVADO (365 bis)<br \/>\nJorge Montero . . . . . . . . . . . . . . . . . . . . . . . . . . . . . . . . . . . . . . . . . 77<br \/>\nEL DELITO DE ABUSO SEXUAL (366, 366 bis y 367 ter)<br \/>\nKarina Saavedra . . . . . . . . . . . . . . . . . . . . . . . . . . . . . . . . . . . . . . . . 111<br \/>\nEL DELITO DEL ART. 366 QU\u00c1TER:<br \/>\nCAMBIOS RELEVANTES A PARTIR DE LA LEY N\u00ba 21.522<br \/>\nChristian Scheechler . . . . . . . . . . . . . . . . . . . . . . . . . . . . . . . . . . . 151<br \/>\nEXPLOTACI\u00d3N SEXUAL. ART\u00cdCULO 367 DEL C\u00d3DIGO PENAL<br \/>\nManuel \u00c1ngel Gonz\u00e1lez (I) . . . . . . . . . . . . . . . . . . . . . . . . . . . . . . 165<br \/>\nREVISI\u00d3N DESDE LA PR\u00c1CTICA AL NUEVO INCISO PRIMERO<br \/>\nDEL ART\u00cdCULO 367 QU\u00c1TER DEL C\u00d3DIGO PENAL CHILENO<br \/>\nMarcela Estrella Tapia Leiva . . . . . . . . . . . . . . . . . . . . . . . . . . . . 181<br \/>\nEL CONSUMO DE MATERIAL PORNOGR\u00c1FICO INFANTOJUVENIL EN CHILE<\/p>\n<p>(ART. 367 QU\u00c1TER INC. 3\u00ba)<br \/>\nPaulina Guti\u00e9rrez . . . . . . . . . . . . . . . . . . . . . . . . . . . . . . . . . . . . . . 215<\/p>\n<p>REGLAS ESPECIALES DE DETERMINACI\u00d3N DE PENA DE LOS<br \/>\nART\u00cdCULOS 368 Y 368 BIS DEL C\u00d3DIGO PENAL<br \/>\nLisbeth Cartes . . . . . . . . . . . . . . . . . . . . . . . . . . . . . . . . . . . . . . . . . . 235<br \/>\nUNA SANCI\u00d3N ADMINISTRATIVA EN EL MARCO DEL DELITO<br \/>\nPENAL. UNA EVENTUAL INCONSTITUCIONALIDAD (368 ter)<br \/>\nOsvaldo Garay . . . . . . . . . . . . . . . . . . . . . . . . . . . . . . . . . . . . . . . . . 263<br \/>\nDEL AN\u00c1LISIS DEL ART\u00cdCULO 369 DEL C\u00d3DIGO PENAL CHILENO<br \/>\nCamila Astudillo . . . . . . . . . . . . . . . . . . . . . . . . . . . . . . . . . . . . . . . 271<br \/>\nART. 369 TER DEL C\u00d3DIGO PENAL. MEDIDAS INTRUSIVAS Y<br \/>\nT\u00c9CNICAS ESPECIALES EN LOS DELITOS SEXUALES<br \/>\nRoberto Contreras . . . . . . . . . . . . . . . . . . . . . . . . . . . . . . . . . . . . . 291<br \/>\nART\u00cdCULO 369 QUINQUIES DEL C\u00d3DIGO PENAL<br \/>\nJavier Escobar . . . . . . . . . . . . . . . . . . . . . . . . . . . . . . . . . . . . . . . . . . 321<br \/>\nDELITO DE VIOLACI\u00d3N CON HOMICIDIO.<br \/>\nART\u00cdCULO 372 BIS<br \/>\nDEL C\u00d3DIGO PENAL<br \/>\nJavier Escobar . . . . . . . . . . . . . . . . . . . . . . . . . . . . . . . . . . . . . . . . . . 333<br \/>\nDE LOS ULTRAJES P\u00daBLICOS A LAS BUENAS COSTUMBRES<br \/>\n(373 y 374)<br \/>\nEnrique Aldunate &#8211; Mar\u00eda Cristina Barrientos . . . . . . . . . . . . 349<br \/>\nEL DELITO DE INCESTO (375)<br \/>\nRoberto N\u00e1quira . . . . . . . . . . . . . . . . . . . . . . . . . . . . . . . . . . . . . . . 367<br \/>\nTR\u00c1FICO DE PERSONAS PARA EL EJERCICIO DE LA PROSTITUCI\u00d3N. ART\u00cdCULO 411 TER DEL C\u00d3DIGO PENAL<br \/>\nManuel \u00c1ngel Gonz\u00e1lez (II) . . . . . . . . . . . . . . . . . . . . . . . . . . . . . 381<br \/>\nSobre los autores . . . . . . . . . . . . . . . . . . . . . . . . . . . . . . . . . . . . . . . . . . 405<br \/>\nSobre la coordinadora . . . . . . . . . . . . . . . . . . . . . . . . . . . . . . . . . . . . . . 417<\/p>\n<p>&nbsp;<\/p>\n","protected":false},"excerpt":{"rendered":"<p>Presentaci\u00f3n . . . . . . . . . . . . . . . . . . . . . . . . . . . . . . . . . . . . . . . . . . . . . 9 ABUSO SEXUAL BASADO EN IM\u00c1GENES: UN EXCURSO NECESARIO (sextorsi\u00f3n) (161 a y 161 c) Luis Rodr\u00edguez &#8211; Agustina Alvarado . . . . . . . . . . . . . . . . . . . . . . 13 EL ACOSO SEXUAL EN ESPACIOS P\u00daBLICOS (ART. 161-C C\u00d3DIGO PENAL) Rodrigo Paredes . . . . . . . . . . . . . . . . . . . . . . . . . . . . . . . . . . . . . . . . 35 EL ABUSO SEXUAL AGRAVADO (365 bis) Jorge Montero . . . . . . . . . . . . . . . . . . . . . . . . . . . . . . . . . . . . . . . . . 77 EL DELITO DE ABUSO SEXUAL (366, 366 bis y 367 ter) Karina Saavedra . . . . . . . . . . . . . . . . . . . . . . . . . . . . . . . . . . . . . . . . 111 EL DELITO DEL ART. 366 QU\u00c1TER: CAMBIOS RELEVANTES A PARTIR DE LA LEY N\u00ba 21.522 Christian Scheechler . . . . . . . . . . . . . . . . . . . . . . . . . . . . . . . . . . . 151 EXPLOTACI\u00d3N SEXUAL. ART\u00cdCULO 367 DEL C\u00d3DIGO PENAL Manuel \u00c1ngel Gonz\u00e1lez (I) . . . . . . . . . . . . . . . . . . . . . . . . . . . . . . 165 REVISI\u00d3N DESDE LA PR\u00c1CTICA AL NUEVO INCISO PRIMERO DEL ART\u00cdCULO 367 QU\u00c1TER DEL C\u00d3DIGO PENAL CHILENO Marcela Estrella Tapia Leiva . . . . . . . . . . . . . . . . . . . . . . . . . . . . 181 EL CONSUMO DE MATERIAL PORNOGR\u00c1FICO INFANTOJUVENIL EN CHILE (ART. 367 QU\u00c1TER INC. 3\u00ba) Paulina Guti\u00e9rrez . . . . . . . . . . . . . . . . . . . . . . . . . . . . . . . . . . . . . . 215 REGLAS ESPECIALES DE DETERMINACI\u00d3N DE PENA DE LOS ART\u00cdCULOS 368 Y 368 BIS DEL C\u00d3DIGO PENAL Lisbeth Cartes . . . . . . . . . . . . . . . . . . . . . . . . . . . . . . . . . . . . . . . . . . 235 UNA SANCI\u00d3N ADMINISTRATIVA EN EL MARCO DEL DELITO PENAL. UNA EVENTUAL INCONSTITUCIONALIDAD (368 ter) Osvaldo Garay . . . . . . . . . . . . . . . . . . . . . . . . . . . . . . . . . . . . . . . . . 263 DEL AN\u00c1LISIS DEL ART\u00cdCULO 369 DEL C\u00d3DIGO PENAL CHILENO Camila Astudillo . . . . . . . . . . . . . . . . . . . . . . . . . . . . . . . . . . . . . . . 271 ART. 369 TER DEL C\u00d3DIGO PENAL. MEDIDAS INTRUSIVAS Y T\u00c9CNICAS ESPECIALES EN LOS DELITOS SEXUALES Roberto Contreras . . . . . . . . . . . . . . . . . . . . . . . . . . . . . . . . . . . . . 291 ART\u00cdCULO 369 QUINQUIES DEL C\u00d3DIGO PENAL Javier Escobar . . . . . . . . . . . . . . . . . . . . . . . . . . . . . . . . . . . . . . . . . . 321 DELITO DE VIOLACI\u00d3N CON HOMICIDIO. ART\u00cdCULO 372 BIS DEL C\u00d3DIGO PENAL Javier Escobar . . . . . . . . . . . . . . . . . . . . . . . . . . . . . . . . . . . . . . . . . . 333 DE LOS ULTRAJES P\u00daBLICOS A LAS BUENAS COSTUMBRES (373 y 374) Enrique Aldunate &#8211; Mar\u00eda Cristina Barrientos . . . . . . . . . . . . 349 EL DELITO DE INCESTO (375) Roberto N\u00e1quira . . . . . . . . . . . . . . . . . . . . . . . . . . . . . . . . . . . . . . . 367 TR\u00c1FICO DE PERSONAS PARA EL EJERCICIO DE LA PROSTITUCI\u00d3N. ART\u00cdCULO 411 TER DEL C\u00d3DIGO PENAL Manuel \u00c1ngel Gonz\u00e1lez (II) . . . . . . . . . . . . . . . . . . . . . . . . . . . . . 381 Sobre los autores . . . . . . . . . . . . . . . . . . . . . . . . . . . . . . . . . . . . . . . . . . 405 Sobre la coordinadora . . . . . . . . . . . . . . . . . . . . . . . . . . . . . . . . . . . . . . 417 &nbsp;<\/p>\n","protected":false},"featured_media":3117,"comment_status":"open","ping_status":"closed","template":"","meta":{"inline_featured_image":false,"_joinchat":[]},"product_brand":[],"product_cat":[57,29,30],"product_tag":[],"class_list":{"0":"post-3076","1":"product","2":"type-product","3":"status-publish","4":"has-post-thumbnail","6":"product_cat-editorial-juridica-de-chile","7":"product_cat-familia-y-del-menor","8":"product_cat-penal","9":"product_shipping_class-a-convenir","11":"first","12":"instock","13":"shipping-taxable","14":"purchasable","15":"product-type-simple"},"_links":{"self":[{"href":"https:\/\/bibliotecajuridicavirtual.cl\/index.php\/wp-json\/wp\/v2\/product\/3076","targetHints":{"allow":["GET"]}}],"collection":[{"href":"https:\/\/bibliotecajuridicavirtual.cl\/index.php\/wp-json\/wp\/v2\/product"}],"about":[{"href":"https:\/\/bibliotecajuridicavirtual.cl\/index.php\/wp-json\/wp\/v2\/types\/product"}],"replies":[{"embeddable":true,"href":"https:\/\/bibliotecajuridicavirtual.cl\/index.php\/wp-json\/wp\/v2\/comments?post=3076"}],"wp:featuredmedia":[{"embeddable":true,"href":"https:\/\/bibliotecajuridicavirtual.cl\/index.php\/wp-json\/wp\/v2\/media\/3117"}],"wp:attachment":[{"href":"https:\/\/bibliotecajuridicavirtual.cl\/index.php\/wp-json\/wp\/v2\/media?parent=3076"}],"wp:term":[{"taxonomy":"product_brand","embeddable":true,"href":"https:\/\/bibliotecajuridicavirtual.cl\/index.php\/wp-json\/wp\/v2\/product_brand?post=3076"},{"taxonomy":"product_cat","embeddable":true,"href":"https:\/\/bibliotecajuridicavirtual.cl\/index.php\/wp-json\/wp\/v2\/product_cat?post=3076"},{"taxonomy":"product_tag","embeddable":true,"href":"https:\/\/bibliotecajuridicavirtual.cl\/index.php\/wp-json\/wp\/v2\/product_tag?post=3076"}],"curies":[{"name":"wp","href":"https:\/\/api.w.org\/{rel}","templated":true}]}}