{"id":3123,"date":"2026-02-28T01:09:30","date_gmt":"2026-02-28T04:09:30","guid":{"rendered":"https:\/\/bibliotecajuridicavirtual.cl\/?post_type=product&#038;p=3123"},"modified":"2026-02-28T01:09:56","modified_gmt":"2026-02-28T04:09:56","slug":"el-sistema-de-evaluacion-de-impacto-ambiental-y-la-desviacion-de-poder-en-la-calificacion-de-proyectos-ano-abril-2019-166-pag-autor-sebastian-luengo-troncoso","status":"publish","type":"product","link":"https:\/\/bibliotecajuridicavirtual.cl\/index.php\/product\/el-sistema-de-evaluacion-de-impacto-ambiental-y-la-desviacion-de-poder-en-la-calificacion-de-proyectos-ano-abril-2019-166-pag-autor-sebastian-luengo-troncoso\/","title":{"rendered":"El Sistema de Evaluaci\u00f3n De Impacto Ambiental y La Desviaci\u00f3n de Poder en la  Calificaci\u00f3n de Proyectos. A\u00f1o Abril 2019\/ 166 P\u00e1g. Autor Sebasti\u00e1n Luengo Troncoso"},"content":{"rendered":"<p>Con la \u00faltima reforma a la institucionalidad ambiental chilena se han integrado una serie de \u00f3rganos e instancias al SEIA, tales como las Comisiones Regionales de Evaluaci\u00f3n y el Comit\u00e9 de Ministros. Dichas instituciones han puesto de manifiesto el portentoso vuelco administrativo-discrecional que han tomado las decisiones en la aprobaci\u00f3n de proyectos.<\/p>\n<p>En este sentido el presente libro propone l\u00edmites institucionales y funcionales a la calificaci\u00f3n ambiental de proyectos, para luego centrar el an\u00e1lisis en el fen\u00f3meno jur\u00eddico de la desviaci\u00f3n de poder, en espec\u00edfico a prop\u00f3sito de la calificaci\u00f3n ambiental de proyectos. As\u00ed, espera contribuir a la reflexi\u00f3n de los diversos operadores del SEIA, sobre los l\u00edmites a la discrecionalidad en las instancias de calificaci\u00f3n de proyectos.<\/p>\n<p>La estructura de esta obra, en cada una de sus secciones, ha tratado de considerar la m\u00e1s reciente doctrina y jurisprudencia, con una especial aproximaci\u00f3n a los aspectos normativos y pr\u00e1cticos de la materia; aspirando a entregar un texto que contribuya a la discusi\u00f3n sobre la discrecionalidad de la Administraci\u00f3n en la calificaci\u00f3n ambiental de proyectos y su desviaci\u00f3n de poder.<\/p>\n","protected":false},"excerpt":{"rendered":"<p>Con la \u00faltima reforma a la institucionalidad ambiental chilena se han integrado una serie de \u00f3rganos e instancias al SEIA, tales como las Comisiones Regionales de Evaluaci\u00f3n y el Comit\u00e9 de Ministros. Dichas instituciones han puesto de manifiesto el portentoso vuelco administrativo-discrecional que han tomado las decisiones en la aprobaci\u00f3n de proyectos. En este sentido el presente libro propone l\u00edmites institucionales y funcionales a la calificaci\u00f3n ambiental de proyectos, para luego centrar el an\u00e1lisis en el fen\u00f3meno jur\u00eddico de la desviaci\u00f3n de poder, en espec\u00edfico a prop\u00f3sito de la calificaci\u00f3n ambiental de proyectos. As\u00ed, espera contribuir a la reflexi\u00f3n de los diversos operadores del SEIA, sobre los l\u00edmites a la discrecionalidad en las instancias de calificaci\u00f3n de proyectos. La estructura de esta obra, en cada una de sus secciones, ha tratado de considerar la m\u00e1s reciente doctrina y jurisprudencia, con una especial aproximaci\u00f3n a los aspectos normativos y pr\u00e1cticos de la materia; aspirando a entregar un texto que contribuya a la discusi\u00f3n sobre la discrecionalidad de la Administraci\u00f3n en la calificaci\u00f3n ambiental de proyectos y su desviaci\u00f3n de poder.<\/p>\n","protected":false},"featured_media":3167,"comment_status":"open","ping_status":"closed","template":"","meta":{"inline_featured_image":false,"_joinchat":[]},"product_brand":[],"product_cat":[31],"product_tag":[],"class_list":{"0":"post-3123","1":"product","2":"type-product","3":"status-publish","4":"has-post-thumbnail","6":"product_cat-derecho-ambiental","7":"product_shipping_class-a-convenir","9":"first","10":"instock","11":"shipping-taxable","12":"purchasable","13":"product-type-simple"},"_links":{"self":[{"href":"https:\/\/bibliotecajuridicavirtual.cl\/index.php\/wp-json\/wp\/v2\/product\/3123","targetHints":{"allow":["GET"]}}],"collection":[{"href":"https:\/\/bibliotecajuridicavirtual.cl\/index.php\/wp-json\/wp\/v2\/product"}],"about":[{"href":"https:\/\/bibliotecajuridicavirtual.cl\/index.php\/wp-json\/wp\/v2\/types\/product"}],"replies":[{"embeddable":true,"href":"https:\/\/bibliotecajuridicavirtual.cl\/index.php\/wp-json\/wp\/v2\/comments?post=3123"}],"wp:featuredmedia":[{"embeddable":true,"href":"https:\/\/bibliotecajuridicavirtual.cl\/index.php\/wp-json\/wp\/v2\/media\/3167"}],"wp:attachment":[{"href":"https:\/\/bibliotecajuridicavirtual.cl\/index.php\/wp-json\/wp\/v2\/media?parent=3123"}],"wp:term":[{"taxonomy":"product_brand","embeddable":true,"href":"https:\/\/bibliotecajuridicavirtual.cl\/index.php\/wp-json\/wp\/v2\/product_brand?post=3123"},{"taxonomy":"product_cat","embeddable":true,"href":"https:\/\/bibliotecajuridicavirtual.cl\/index.php\/wp-json\/wp\/v2\/product_cat?post=3123"},{"taxonomy":"product_tag","embeddable":true,"href":"https:\/\/bibliotecajuridicavirtual.cl\/index.php\/wp-json\/wp\/v2\/product_tag?post=3123"}],"curies":[{"name":"wp","href":"https:\/\/api.w.org\/{rel}","templated":true}]}}