{"id":3162,"date":"2026-02-28T01:09:51","date_gmt":"2026-02-28T04:09:51","guid":{"rendered":"https:\/\/bibliotecajuridicavirtual.cl\/?post_type=product&#038;p=3162"},"modified":"2026-02-28T01:10:38","modified_gmt":"2026-02-28T04:10:38","slug":"el-derecho-de-los-ninos-ninas-y-adolescentes-a-vivir-en-familia-ano-mayo-2019-238-pag-autor-belen-lama-galvez","status":"publish","type":"product","link":"https:\/\/bibliotecajuridicavirtual.cl\/index.php\/product\/el-derecho-de-los-ninos-ninas-y-adolescentes-a-vivir-en-familia-ano-mayo-2019-238-pag-autor-belen-lama-galvez\/","title":{"rendered":"El Derecho de los Ni\u00f1os, Ni\u00f1as y Adolescentes a Vivir en Familia. A\u00f1o Mayo 2019\/238 P\u00e1g. Autor Bel\u00e9n Lama G\u00e1lvez"},"content":{"rendered":"<p>En el presente trabajo se analiza el derecho de los ni\u00f1os, ni\u00f1as y adolescentes a vivir en familia, su reconocimiento en la legislaci\u00f3n nacional y extranjera, y su aplicaci\u00f3n por la jurisprudencia chilena internacional.<\/p>\n<p>La bibliograf\u00eda existente sobre los derechos de la infancia enumerados en la Convenci\u00f3n sobre los Derechos del Ni\u00f1o es cuantitativa y cualitativamente muy significativa; no obstante, ning\u00fan libro se ocupa, en su totalidad, del derecho de los ni\u00f1os, ni\u00f1as y adolescentes \u201ca vivir en familia\u201d.<\/p>\n<p>La necesidad de reflexionar sobre este derecho surge a partir del Informe emitido por el Comit\u00e9 de los Derechos del Ni\u00f1o basado, entre otros medios de prueba, en la visita de dos expertos a una serie de centros residenciales de Chile donde verificaron la existencia de viejas y nuevas violaciones a la Convenci\u00f3n. Las referencias proporcionadas por la autora relativas a la sobrepoblaci\u00f3n, servicios de salud y de educaci\u00f3n, separaci\u00f3n de hermanos, etc. de los ni\u00f1os institucionalizados, que seguramente no difieren en demas\u00eda de las de otros pa\u00edses latinoamericanos, son muy poco alentadoras: el 69.1% de los ni\u00f1os internados tiene trastornos mentales y el Sename cuenta con s\u00f3lo un psiquiatra cada 470 ni\u00f1os internados.<\/p>\n<p>La Autora se compromete con el tema y propone al Estado de su pa\u00eds medidas tendientes a desarrollar prioritariamente pol\u00edticas de prevenci\u00f3n, apoyo a las familias, desarrollo de alternativas a los cuidados de tipo residencial, etc.<\/p>\n<p>A ese fin, el libro se estructura en cinco cap\u00edtulos. Los dos primeros dan el marco te\u00f3rico, hist\u00f3rico y sociol\u00f3gico del derecho en an\u00e1lisis. En los cinco, y fundamentalmente en el \u00faltimo, a trav\u00e9s del estudio de sentencias de los Tribunales Superiores de Justicia chilenos y de 24 de la CIDH y Tribunal Europeo de Derechos Humanos, el lector encontrar\u00e1 los aportes que el Poder Judicial chileno y las Cortes regionales de Derechos Humanos (la Interamericana y la Europea) han hecho en la construcci\u00f3n de este camino, lleno de dificultades.<\/p>\n<p><strong>Cap\u00edtulo I<br \/>\nEvoluci\u00f3n internacional de los mecanismos de protecci\u00f3n de los derechos de los ni\u00f1os, ni\u00f1as y adolescentes<\/strong><br \/>\n1.1. \u00c9poca previa a la Declaraci\u00f3n de Ginebra<br \/>\n1.2. Declaraci\u00f3n de Ginebra de 1924<br \/>\n1.3. Declaraci\u00f3n de los Derechos del Ni\u00f1o de 1959<br \/>\n1.4. Entrada en vigor y seguimiento de la Convenci\u00f3n sobre los Derechos del Ni\u00f1o<br \/>\n1.5. Contenido de la Convenci\u00f3n sobre los Derechos del Ni\u00f1o<br \/>\n1.6. Del cumplimiento de la Convenci\u00f3n sobre los Derechos del Ni\u00f1o<\/p>\n<p><strong>Cap\u00edtulo II<br \/>\nProtecci\u00f3n de los derechos de los ni\u00f1os, ni\u00f1as y adolescentes en Chile<\/strong><br \/>\n2.1. El comienzo de las iniciativas protectoras del menor<br \/>\n2.2. El surgimiento de la legislaci\u00f3n especializada de menores<br \/>\n2.2.1. La Ley N\u00ba 4.447 sobre Protecci\u00f3n de Menores<br \/>\n2.2.2. El paradigma de la situaci\u00f3n irregular en las leyes de menores<br \/>\n2.3. La ratificaci\u00f3n de la Convenci\u00f3n sobre los Derechos del Ni\u00f1o: Adecuaci\u00f3n de la legislaci\u00f3n chilena a los est\u00e1ndares internacionales de protecci\u00f3n de la infancia<br \/>\n2.3.1. De la doctrina de la Situaci\u00f3n Irregular a la Protecci\u00f3n Integral<br \/>\n2.3.2. Adecuaci\u00f3n de la legislaci\u00f3n chilena a la Convenci\u00f3n sobre los Derechos del Ni\u00f1o<br \/>\n2.3.3. La Ley que crea los Tribunales de Familia o Ley N\u00ba 19.968<br \/>\n2.4. Falencias de la protecci\u00f3n especial de derechos de los ni\u00f1os, ni\u00f1as y adolescentes en Chile<\/p>\n<p><strong>Cap\u00edtulo III<br \/>\nEl derecho del ni\u00f1o, ni\u00f1a y adolescente a vivir en familia<\/strong><br \/>\n3.1. Los derechos de los ni\u00f1os, ni\u00f1as y adolescentes<br \/>\n3.2. El derecho del ni\u00f1o, ni\u00f1a y adolescente a vivir en familia<br \/>\n3.2.1. La familia<br \/>\n3.2.1.1. Concepto<br \/>\n3.2.1.2. Protecci\u00f3n e importancia<br \/>\n3.2.2. La protecci\u00f3n de la vida familiar del ni\u00f1o, ni\u00f1a y adolescente como un derecho<br \/>\n3.2.2.1. Relaciones familiares como necesidad b\u00e1sica de la infancia<br \/>\n3.2.2.2. Protecci\u00f3n del derecho del ni\u00f1o, ni\u00f1a y adolescente a la vida familiar en el ordenamiento jur\u00eddico interno<br \/>\n3.2.2.3. Reconocimiento del derecho del ni\u00f1o, ni\u00f1a y adolescente a la vida familiar en el ordenamiento jur\u00eddico comparado<br \/>\n3.2.2.4. Protecci\u00f3n del derecho del ni\u00f1o, ni\u00f1a y adolescente a la vida familiar en el Derecho Internacional<br \/>\n3.2.2.5. Derecho del ni\u00f1o, ni\u00f1a y adolescente a la vida familiar en la jurisprudencia nacional<br \/>\n3.2.2.6. Derecho del ni\u00f1o, ni\u00f1a y adolescente a la vida familiar en la jurisprudencia internacional<\/p>\n<p><strong>Cap\u00edtulo IV<br \/>\nSeparaci\u00f3n de los ni\u00f1os, ni\u00f1as y adolescentes de su familia de origen<\/strong><br \/>\n4.1. Causas de separaci\u00f3n del ni\u00f1o, ni\u00f1a o adolescente de su familia<br \/>\nA. Situaci\u00f3n socioecon\u00f3mica<br \/>\nB. Violencia<br \/>\nC. Abandono<br \/>\n4.2. Principios para la aplicaci\u00f3n de medidas de protecci\u00f3n que impliquen separaci\u00f3n de la familia<br \/>\nA. Principios de excepcionalidad y temporalidad<br \/>\nB. Principios de legalidad y legitimidad<br \/>\nC. Principios de necesidad e idoneidad<br \/>\nD. Principio de diligencia excepcional<br \/>\nE. Principios de especialidad y profesionalizaci\u00f3n<br \/>\nF. Diferenciaci\u00f3n respecto de las intervenciones sancionadoras<br \/>\nG. Garant\u00edas del procedimiento y la protecci\u00f3n judicial<br \/>\n4.3. An\u00e1lisis de los fallos de los Tribunales de Familia en Chile<br \/>\n4.4. Cuidado alternativo<br \/>\nA. Familia extensa y familia de acogida<br \/>\nB. Adopci\u00f3n<br \/>\nC. Acogimiento residencial<\/p>\n<p><strong>Cap\u00edtulo V<br \/>\nDerecho del ni\u00f1o, ni\u00f1a y adolescente a vivir en familia en la jurisprudencia<\/strong><br \/>\n5.1. Protecci\u00f3n y aplicaci\u00f3n del derecho del ni\u00f1o, ni\u00f1a y adolescente a la vida familiar en la jurisprudencia chilena<br \/>\n5.2. Protecci\u00f3n y aplicaci\u00f3n del derecho del ni\u00f1o, ni\u00f1a y adolescente a la vida familiar en la jurisprudencia internacional<br \/>\nConclusi\u00f3n<\/p>\n<p><strong>Bibliograf\u00eda<\/strong><br \/>\nA. Libros<br \/>\nB. Art\u00edculos en revistas y publicaciones peri\u00f3dicas<br \/>\nC. Informes de comisiones<br \/>\nD. Textos legales nacionales<br \/>\nE. Legislaci\u00f3n internacional<br \/>\nF. Instrumentos internacionales de derechos humanos<br \/>\nG. Corte Interamericana de Derechos Humanos<br \/>\nH. Comit\u00e9 de los Derechos del Ni\u00f1o<br \/>\nI. Sitios de internet<br \/>\nJ. Jurisprudencia<br \/>\n1) Sentencias en que se acoge la declaraci\u00f3n de susceptibilidad<br \/>\n2) Sentencias en que se rechaza la declaraci\u00f3n de susceptibilidad<br \/>\n3) Sentencias en que se aplica el derecho a la vida familiar en la relaci\u00f3n directa y regular<br \/>\n4) Sentencias en que se aplica el derecho a la reagrupaci\u00f3n familiar de inmigrantes<br \/>\n5) Reconocimiento del derecho de los ni\u00f1os, ni\u00f1as y adolescentes a la vida familiar<br \/>\n6) Corte Interamericana de Derechos Humanos<br \/>\n7) Tribunal Europeo de Derechos Humanos<\/p>\n","protected":false},"excerpt":{"rendered":"<p>En el presente trabajo se analiza el derecho de los ni\u00f1os, ni\u00f1as y adolescentes a vivir en familia, su reconocimiento en la legislaci\u00f3n nacional y extranjera, y su aplicaci\u00f3n por la jurisprudencia chilena internacional. La bibliograf\u00eda existente sobre los derechos de la infancia enumerados en la Convenci\u00f3n sobre los Derechos del Ni\u00f1o es cuantitativa y cualitativamente muy significativa; no obstante, ning\u00fan libro se ocupa, en su totalidad, del derecho de los ni\u00f1os, ni\u00f1as y adolescentes \u201ca vivir en familia\u201d. La necesidad de reflexionar sobre este derecho surge a partir del Informe emitido por el Comit\u00e9 de los Derechos del Ni\u00f1o basado, entre otros medios de prueba, en la visita de dos expertos a una serie de centros residenciales de Chile donde verificaron la existencia de viejas y nuevas violaciones a la Convenci\u00f3n. Las referencias proporcionadas por la autora relativas a la sobrepoblaci\u00f3n, servicios de salud y de educaci\u00f3n, separaci\u00f3n de hermanos, etc. de los ni\u00f1os institucionalizados, que seguramente no difieren en demas\u00eda de las de otros pa\u00edses latinoamericanos, son muy poco alentadoras: el 69.1% de los ni\u00f1os internados tiene trastornos mentales y el Sename cuenta con s\u00f3lo un psiquiatra cada 470 ni\u00f1os internados. La Autora se compromete con el tema y propone al Estado de su pa\u00eds medidas tendientes a desarrollar prioritariamente pol\u00edticas de prevenci\u00f3n, apoyo a las familias, desarrollo de alternativas a los cuidados de tipo residencial, etc. A ese fin, el libro se estructura en cinco cap\u00edtulos. Los dos primeros dan el marco te\u00f3rico, hist\u00f3rico y sociol\u00f3gico del derecho en an\u00e1lisis. En los cinco, y fundamentalmente en el \u00faltimo, a trav\u00e9s del estudio de sentencias de los Tribunales Superiores de Justicia chilenos y de 24 de la CIDH y Tribunal Europeo de Derechos Humanos, el lector encontrar\u00e1 los aportes que el Poder Judicial chileno y las Cortes regionales de Derechos Humanos (la Interamericana y la Europea) han hecho en la construcci\u00f3n de este camino, lleno de dificultades. Cap\u00edtulo I Evoluci\u00f3n internacional de los mecanismos de protecci\u00f3n de los derechos de los ni\u00f1os, ni\u00f1as y adolescentes 1.1. \u00c9poca previa a la Declaraci\u00f3n de Ginebra 1.2. Declaraci\u00f3n de Ginebra de 1924 1.3. Declaraci\u00f3n de los Derechos del Ni\u00f1o de 1959 1.4. Entrada en vigor y seguimiento de la Convenci\u00f3n sobre los Derechos del Ni\u00f1o 1.5. Contenido de la Convenci\u00f3n sobre los Derechos del Ni\u00f1o 1.6. Del cumplimiento de la Convenci\u00f3n sobre los Derechos del Ni\u00f1o Cap\u00edtulo II Protecci\u00f3n de los derechos de los ni\u00f1os, ni\u00f1as y adolescentes en Chile 2.1. El comienzo de las iniciativas protectoras del menor 2.2. El surgimiento de la legislaci\u00f3n especializada de menores 2.2.1. La Ley N\u00ba 4.447 sobre Protecci\u00f3n de Menores 2.2.2. El paradigma de la situaci\u00f3n irregular en las leyes de menores 2.3. La ratificaci\u00f3n de la Convenci\u00f3n sobre los Derechos del Ni\u00f1o: Adecuaci\u00f3n de la legislaci\u00f3n chilena a los est\u00e1ndares internacionales de protecci\u00f3n de la infancia 2.3.1. De la doctrina de la Situaci\u00f3n Irregular a la Protecci\u00f3n Integral 2.3.2. Adecuaci\u00f3n de la legislaci\u00f3n chilena a la Convenci\u00f3n sobre los Derechos del Ni\u00f1o 2.3.3. La Ley que crea los Tribunales de Familia o Ley N\u00ba 19.968 2.4. Falencias de la protecci\u00f3n especial de derechos de los ni\u00f1os, ni\u00f1as y adolescentes en Chile Cap\u00edtulo III El derecho del ni\u00f1o, ni\u00f1a y adolescente a vivir en familia 3.1. Los derechos de los ni\u00f1os, ni\u00f1as y adolescentes 3.2. El derecho del ni\u00f1o, ni\u00f1a y adolescente a vivir en familia 3.2.1. La familia 3.2.1.1. Concepto 3.2.1.2. Protecci\u00f3n e importancia 3.2.2. La protecci\u00f3n de la vida familiar del ni\u00f1o, ni\u00f1a y adolescente como un derecho 3.2.2.1. Relaciones familiares como necesidad b\u00e1sica de la infancia 3.2.2.2. Protecci\u00f3n del derecho del ni\u00f1o, ni\u00f1a y adolescente a la vida familiar en el ordenamiento jur\u00eddico interno 3.2.2.3. Reconocimiento del derecho del ni\u00f1o, ni\u00f1a y adolescente a la vida familiar en el ordenamiento jur\u00eddico comparado 3.2.2.4. Protecci\u00f3n del derecho del ni\u00f1o, ni\u00f1a y adolescente a la vida familiar en el Derecho Internacional 3.2.2.5. Derecho del ni\u00f1o, ni\u00f1a y adolescente a la vida familiar en la jurisprudencia nacional 3.2.2.6. Derecho del ni\u00f1o, ni\u00f1a y adolescente a la vida familiar en la jurisprudencia internacional Cap\u00edtulo IV Separaci\u00f3n de los ni\u00f1os, ni\u00f1as y adolescentes de su familia de origen 4.1. Causas de separaci\u00f3n del ni\u00f1o, ni\u00f1a o adolescente de su familia A. Situaci\u00f3n socioecon\u00f3mica B. Violencia C. Abandono 4.2. Principios para la aplicaci\u00f3n de medidas de protecci\u00f3n que impliquen separaci\u00f3n de la familia A. Principios de excepcionalidad y temporalidad B. Principios de legalidad y legitimidad C. Principios de necesidad e idoneidad D. Principio de diligencia excepcional E. Principios de especialidad y profesionalizaci\u00f3n F. Diferenciaci\u00f3n respecto de las intervenciones sancionadoras G. Garant\u00edas del procedimiento y la protecci\u00f3n judicial 4.3. An\u00e1lisis de los fallos de los Tribunales de Familia en Chile 4.4. Cuidado alternativo A. Familia extensa y familia de acogida B. Adopci\u00f3n C. Acogimiento residencial Cap\u00edtulo V Derecho del ni\u00f1o, ni\u00f1a y adolescente a vivir en familia en la jurisprudencia 5.1. Protecci\u00f3n y aplicaci\u00f3n del derecho del ni\u00f1o, ni\u00f1a y adolescente a la vida familiar en la jurisprudencia chilena 5.2. Protecci\u00f3n y aplicaci\u00f3n del derecho del ni\u00f1o, ni\u00f1a y adolescente a la vida familiar en la jurisprudencia internacional Conclusi\u00f3n Bibliograf\u00eda A. Libros B. Art\u00edculos en revistas y publicaciones peri\u00f3dicas C. Informes de comisiones D. Textos legales nacionales E. Legislaci\u00f3n internacional F. Instrumentos internacionales de derechos humanos G. Corte Interamericana de Derechos Humanos H. Comit\u00e9 de los Derechos del Ni\u00f1o I. Sitios de internet J. Jurisprudencia 1) Sentencias en que se acoge la declaraci\u00f3n de susceptibilidad 2) Sentencias en que se rechaza la declaraci\u00f3n de susceptibilidad 3) Sentencias en que se aplica el derecho a la vida familiar en la relaci\u00f3n directa y regular 4) Sentencias en que se aplica el derecho a la reagrupaci\u00f3n familiar de inmigrantes 5) Reconocimiento del derecho de los ni\u00f1os, ni\u00f1as y adolescentes a la vida familiar 6) Corte Interamericana de Derechos Humanos 7) Tribunal Europeo de Derechos Humanos<\/p>\n","protected":false},"featured_media":3219,"comment_status":"open","ping_status":"closed","template":"","meta":{"inline_featured_image":false,"_joinchat":[]},"product_brand":[],"product_cat":[29,42],"product_tag":[],"class_list":{"0":"post-3162","1":"product","2":"type-product","3":"status-publish","4":"has-post-thumbnail","6":"product_cat-familia-y-del-menor","7":"product_cat-thomson-reuters","8":"product_shipping_class-a-convenir","10":"first","11":"instock","12":"shipping-taxable","13":"purchasable","14":"product-type-simple"},"_links":{"self":[{"href":"https:\/\/bibliotecajuridicavirtual.cl\/index.php\/wp-json\/wp\/v2\/product\/3162","targetHints":{"allow":["GET"]}}],"collection":[{"href":"https:\/\/bibliotecajuridicavirtual.cl\/index.php\/wp-json\/wp\/v2\/product"}],"about":[{"href":"https:\/\/bibliotecajuridicavirtual.cl\/index.php\/wp-json\/wp\/v2\/types\/product"}],"replies":[{"embeddable":true,"href":"https:\/\/bibliotecajuridicavirtual.cl\/index.php\/wp-json\/wp\/v2\/comments?post=3162"}],"wp:featuredmedia":[{"embeddable":true,"href":"https:\/\/bibliotecajuridicavirtual.cl\/index.php\/wp-json\/wp\/v2\/media\/3219"}],"wp:attachment":[{"href":"https:\/\/bibliotecajuridicavirtual.cl\/index.php\/wp-json\/wp\/v2\/media?parent=3162"}],"wp:term":[{"taxonomy":"product_brand","embeddable":true,"href":"https:\/\/bibliotecajuridicavirtual.cl\/index.php\/wp-json\/wp\/v2\/product_brand?post=3162"},{"taxonomy":"product_cat","embeddable":true,"href":"https:\/\/bibliotecajuridicavirtual.cl\/index.php\/wp-json\/wp\/v2\/product_cat?post=3162"},{"taxonomy":"product_tag","embeddable":true,"href":"https:\/\/bibliotecajuridicavirtual.cl\/index.php\/wp-json\/wp\/v2\/product_tag?post=3162"}],"curies":[{"name":"wp","href":"https:\/\/api.w.org\/{rel}","templated":true}]}}