{"id":3176,"date":"2026-02-28T01:10:13","date_gmt":"2026-02-28T04:10:13","guid":{"rendered":"https:\/\/bibliotecajuridicavirtual.cl\/?post_type=product&#038;p=3176"},"modified":"2026-02-28T01:10:43","modified_gmt":"2026-02-28T04:10:43","slug":"derecho-procesal-organico-y-funcional-decima-edicion-ano-2023-autor-eric-andres-chavez-chavez","status":"publish","type":"product","link":"https:\/\/bibliotecajuridicavirtual.cl\/index.php\/product\/derecho-procesal-organico-y-funcional-decima-edicion-ano-2023-autor-eric-andres-chavez-chavez\/","title":{"rendered":"Derecho Procesal Org\u00e1nico y Funcional, Decima Edici\u00f3n. A\u00f1o 2023. Autor Eric Andr\u00e9s Ch\u00e1vez Ch\u00e1vez"},"content":{"rendered":"<p style=\"font-weight: 400;\">Editorial Jur\u00eddica \u201cTOFULEX\u201d, viene en presentar la 10\u00aa Edici\u00f3n, 2023 del texto \u201cDerecho Procesal Org\u00e1nico y Funcional\u201d del abogado Eric Andr\u00e9s Ch\u00e1vez Ch\u00e1vez, en el convencimiento de satisfacer la necesidad de los usuarios, tanto en el \u00e1mbito docente como profesional.<\/p>\n<p style=\"font-weight: 400;\">\n<p style=\"font-weight: 400;\">\u00a0Se consideran en el texto las \u00faltimas las modificaciones y concordancias al C\u00f3digo de Procedimiento Civil, C\u00f3digo Org\u00e1nico de Tribunales, y concordancias de rigor del C\u00f3digo Procesal Penal, C\u00f3digo del Trabajo y Procesal de Familia, para estar al d\u00eda con la normativa en esta materia, que ha tenido m\u00faltiples adecuaciones.<\/p>\n<p style=\"font-weight: 400;\">\n<p style=\"font-weight: 400;\">\u00a0Tambi\u00e9n se hace presente que como varias de estas leyes tienen vigencia diferida se han introducido en el texto actual, todo ello para darle la integridad \u00fanica al libro, en sus diferentes cap\u00edtulos.<\/p>\n<p style=\"font-weight: 400;\">\n<p style=\"font-weight: 400;\">\u00a0El autor, adem\u00e1s, ha agregado nuevas citas y dividido la obra en nuevos cap\u00edtulos para hacer el estudio m\u00e1s r\u00e1pido, y que la consulta sea a su vez m\u00e1s eficaz para los usuarios del libro en sus quehaceres diarios.<\/p>\n<p style=\"font-weight: 400;\">\n<p style=\"font-weight: 400;\">\u00a0Esperando que el presente texto, siga cumpliendo con el estudio del Derecho Procesal Org\u00e1nico y Funcional, en forma di\u00e1fana y \u00fatil para sus diversos usuarios.<\/p>\n","protected":false},"excerpt":{"rendered":"<p>Editorial Jur\u00eddica \u201cTOFULEX\u201d, viene en presentar la 10\u00aa Edici\u00f3n, 2023 del texto \u201cDerecho Procesal Org\u00e1nico y Funcional\u201d del abogado Eric Andr\u00e9s Ch\u00e1vez Ch\u00e1vez, en el convencimiento de satisfacer la necesidad de los usuarios, tanto en el \u00e1mbito docente como profesional. \u00a0Se consideran en el texto las \u00faltimas las modificaciones y concordancias al C\u00f3digo de Procedimiento Civil, C\u00f3digo Org\u00e1nico de Tribunales, y concordancias de rigor del C\u00f3digo Procesal Penal, C\u00f3digo del Trabajo y Procesal de Familia, para estar al d\u00eda con la normativa en esta materia, que ha tenido m\u00faltiples adecuaciones. \u00a0Tambi\u00e9n se hace presente que como varias de estas leyes tienen vigencia diferida se han introducido en el texto actual, todo ello para darle la integridad \u00fanica al libro, en sus diferentes cap\u00edtulos. \u00a0El autor, adem\u00e1s, ha agregado nuevas citas y dividido la obra en nuevos cap\u00edtulos para hacer el estudio m\u00e1s r\u00e1pido, y que la consulta sea a su vez m\u00e1s eficaz para los usuarios del libro en sus quehaceres diarios. \u00a0Esperando que el presente texto, siga cumpliendo con el estudio del Derecho Procesal Org\u00e1nico y Funcional, en forma di\u00e1fana y \u00fatil para sus diversos usuarios.<\/p>\n","protected":false},"featured_media":3224,"comment_status":"open","ping_status":"closed","template":"","meta":{"inline_featured_image":false,"_joinchat":[]},"product_brand":[],"product_cat":[59,39],"product_tag":[],"class_list":{"0":"post-3176","1":"product","2":"type-product","3":"status-publish","4":"has-post-thumbnail","6":"product_cat-editorial-tofulex-ediciones-juridicas","7":"product_cat-procesal-civil","8":"product_shipping_class-a-convenir","10":"first","11":"instock","12":"shipping-taxable","13":"purchasable","14":"product-type-simple"},"_links":{"self":[{"href":"https:\/\/bibliotecajuridicavirtual.cl\/index.php\/wp-json\/wp\/v2\/product\/3176","targetHints":{"allow":["GET"]}}],"collection":[{"href":"https:\/\/bibliotecajuridicavirtual.cl\/index.php\/wp-json\/wp\/v2\/product"}],"about":[{"href":"https:\/\/bibliotecajuridicavirtual.cl\/index.php\/wp-json\/wp\/v2\/types\/product"}],"replies":[{"embeddable":true,"href":"https:\/\/bibliotecajuridicavirtual.cl\/index.php\/wp-json\/wp\/v2\/comments?post=3176"}],"wp:featuredmedia":[{"embeddable":true,"href":"https:\/\/bibliotecajuridicavirtual.cl\/index.php\/wp-json\/wp\/v2\/media\/3224"}],"wp:attachment":[{"href":"https:\/\/bibliotecajuridicavirtual.cl\/index.php\/wp-json\/wp\/v2\/media?parent=3176"}],"wp:term":[{"taxonomy":"product_brand","embeddable":true,"href":"https:\/\/bibliotecajuridicavirtual.cl\/index.php\/wp-json\/wp\/v2\/product_brand?post=3176"},{"taxonomy":"product_cat","embeddable":true,"href":"https:\/\/bibliotecajuridicavirtual.cl\/index.php\/wp-json\/wp\/v2\/product_cat?post=3176"},{"taxonomy":"product_tag","embeddable":true,"href":"https:\/\/bibliotecajuridicavirtual.cl\/index.php\/wp-json\/wp\/v2\/product_tag?post=3176"}],"curies":[{"name":"wp","href":"https:\/\/api.w.org\/{rel}","templated":true}]}}