{"id":3214,"date":"2026-02-28T01:10:36","date_gmt":"2026-02-28T04:10:36","guid":{"rendered":"https:\/\/bibliotecajuridicavirtual.cl\/?post_type=product&#038;p=3214"},"modified":"2026-02-28T01:11:15","modified_gmt":"2026-02-28T04:11:15","slug":"el-contrato-de-arrendamiento-de-cosas-en-el-codigo-civil-estudios-sobre-su-regimen-incumplimiento-y-remedios-contractuales-ano-enero-2024-570-pag-autor-alvaro-vidal-olivares-y-natanael-pena-ca","status":"publish","type":"product","link":"https:\/\/bibliotecajuridicavirtual.cl\/index.php\/product\/el-contrato-de-arrendamiento-de-cosas-en-el-codigo-civil-estudios-sobre-su-regimen-incumplimiento-y-remedios-contractuales-ano-enero-2024-570-pag-autor-alvaro-vidal-olivares-y-natanael-pena-ca\/","title":{"rendered":"El Contrato de Arrendamiento de cosas en el C\u00f3digo Civil &#8211;  Estudios sobre su Regimen , incumplimiento y remedios contractuales. A\u00f1o Enero 2024\/ 570 P\u00e1g. Autor \u00c1lvaro Vidal Olivares y Natanael Pe\u00f1a Calderon"},"content":{"rendered":"<p style=\"font-weight: 400;\">El contrato de arrendamiento de cosas es, sin lugar a discusi\u00f3n, de los contratos t\u00edpicos de mayor aplicaci\u00f3n pr\u00e1ctica en el tr\u00e1fico jur\u00eddico, cuyo estatuto legal y problemas pr\u00e1cticos son cada vez de mayor trascendencia jur\u00eddica. Es esto lo que motiva la publicaci\u00f3n de esta obra, que compila una serie de art\u00edculos que abordan los aspectos m\u00e1s importantes de la actual comprensi\u00f3n, desde el derecho de los contratos hasta la normativa del contrato de arrendamiento de cosas, centr\u00e1ndose principalmente en la disciplina que prodiga el C\u00f3digo Civil.<\/p>\n<p style=\"font-weight: 400;\">Esta obra, as\u00ed, se divide en cuatro partes. La primera se destina a la noci\u00f3n y r\u00e9gimen aplicable al contrato de arrendamiento. La segunda se ocupa del incumplimiento contractual y los remedios a los que se da lugar en el arrendamiento de cosas. La tercera analiza las cuestiones en torno a la terminaci\u00f3n del arrendamiento y sus consecuencias. Finalmente, en la cuarta y \u00faltima parte, se pone atenci\u00f3n a la situaci\u00f3n de los arrendamientos ante circunstancias imprevistas en los ordenamientos chileno y de la regi\u00f3n.<\/p>\n<p style=\"font-weight: 400;\"><b><strong>PRIMERA PARTE<\/strong><\/b><br \/>\n<b><strong>CUESTIONES EN TORNO A LA NOCI\u00d3N Y R\u00c9GIMEN DEL ARRENDAMIENTO DE COSAS<\/strong><\/b><\/p>\n<p><em>\u00c1mbito de aplicaci\u00f3n de las leyes de arrendamiento inmobiliarias en Chile<\/em><br \/>\nJuan Ignacio Contardo Gonz\u00e1lez<\/p>\n<p style=\"font-weight: 400;\"><em>El arrendamiento de cosas muebles y la protecci\u00f3n al consumidor<\/em><br \/>\nJaviera Durand Gonz\u00e1lez<\/p>\n<p style=\"font-weight: 400;\"><em>Una visi\u00f3n panor\u00e1mica del contrato de arrendamiento de cosas en el C\u00f3digo Civil: fortalezas y debilidades<\/em><br \/>\nPatricia Ver\u00f3nica L\u00f3pez D\u00edaz<\/p>\n<p style=\"font-weight: 400;\"><em>El contrato de arrendamiento como contrato relacional<\/em><br \/>\nEsteban Pereira Fredes<\/p>\n<p style=\"font-weight: 400;\"><b><strong>SEGUNDA PARTE<\/strong><\/b><br \/>\n<b><strong>INCUMPLIMIENTO Y DA\u00d1OS EN EL ARRENDAMIENTO DE COSAS<\/strong><\/b><\/p>\n<p style=\"font-weight: 400;\"><em>La noci\u00f3n de incumplimiento neutro y objetivo frente al arrendamiento. Un balance desde la contractualizaci\u00f3n del Derecho de obligaciones<\/em><br \/>\nCristian Aedo Barrena<\/p>\n<p><em>La colaboraci\u00f3n de las partes en el contrato de arrendamiento<\/em><br \/>\nMar\u00eda Graciela Brantt Zumar\u00e1n<\/p>\n<p style=\"font-weight: 400;\"><em>La presunci\u00f3n de culpa en el contrato de arrendamiento. Notas sobre el art\u00edculo 1947 inciso final del C\u00f3digo Civil<\/em><br \/>\nAndr\u00e9s Erbetta Mattig<\/p>\n<p style=\"font-weight: 400;\"><em>Lex contractus e incendio: disciplina contractual del riesgo en el arrendamiento de cosas en el derecho romano<\/em><br \/>\nPatricio Lazo<\/p>\n<p><em>El incumplimiento de los deberes de colaboraci\u00f3n en el contrato de arrendamiento de cosas: la mora creditoris como causal de exoneraci\u00f3n de responsabilidad civil<\/em><br \/>\nPamela Prado L\u00f3pez<\/p>\n<p style=\"font-weight: 400;\"><b><strong><br \/>\nTERCERA PARTE<\/strong><\/b><br \/>\n<b><strong>CUESTIONES EN TORNO A LA TERMINACI\u00d3N DEL ARRENDAMIENTO DE COSAS Y SUS CONSECUENCIAS<\/strong><\/b><\/p>\n<p style=\"font-weight: 400;\"><em>Lo indeseable de una aplicaci\u00f3n estricta del art\u00edculo 1945 del C\u00f3digo Civil<\/em><br \/>\n\u00cd\u00f1igo de la Maza Gazmuri &#8211; Lis Paula San Miguel Pradera<\/p>\n<p style=\"font-weight: 400;\"><em>El art\u00edculo 6\u00ba inciso primero de la Ley N\u00ba 18.101 y la terminaci\u00f3n del arrendamiento por incumplimiento del arrendatario<\/em><br \/>\nGeraldine Pe\u00f1a Pallauta<\/p>\n<p style=\"font-weight: 400;\"><em>La Ley N\u00ba 21.461: r\u00e9quiem para la cl\u00e1usula resolutoria en el contrato de arrendamiento de predios urbanos<\/em><br \/>\nCarlos Pizarro Wilson<\/p>\n<p style=\"font-weight: 400;\"><em>La restituci\u00f3n de mejoras \u00fatiles por terminaci\u00f3n de contrato de arrendamiento de inmuebles<\/em><br \/>\nAlberto Pino Emhart<\/p>\n<p style=\"font-weight: 400;\"><em>Dos cuestiones en torno a la extinci\u00f3n del contrato de arrendamiento. El uso de la voz \u201cterminaci\u00f3n\u201d y el alcance de la regla \u201cel arrendamiento de cosas expira de los mismos modos que los otros contratos\u201d<\/em><br \/>\nGonzalo Severin Fuster<\/p>\n<p><b><strong>CUARTA PARTE<\/strong><\/b><br \/>\n<b><strong>ARRENDAMIENTOS COMERCIALES EN CIRCUNSTANCIAS EXCEPCIONALES: EXPERIENCIA CHILENA Y COMPARADA FRENTE A LA PANDEMIA POR COVID-19<\/strong><\/b><\/p>\n<p style=\"font-weight: 400;\"><em>Fuerza mayor, exhortaciones gubernamentales y COVID en Uruguay<\/em><br \/>\nGerardo Caffera &#8211; Javier Berdaguer &#8211; Alfredo Frigerio<\/p>\n<p style=\"font-weight: 400;\"><em>El caso fortuito y el incumplimiento del arrendador de un inmueble para fines comerciales: la opini\u00f3n de tribunales superiores<\/em><br \/>\nFrancisca Alejandra Chueca Soza<\/p>\n<p style=\"font-weight: 400;\"><em>Pandemia, caso fortuito y arrendamiento de locales comerciales<\/em><br \/>\n\u00cd\u00f1igo de la Maza Gazmuri &#8211; \u00c1lvaro Vidal Olivares<\/p>\n<p style=\"font-weight: 400;\"><em>Arrendamientos comerciales, pandemia de COVID-19 y frustraci\u00f3n del contrato. Algunas reflexiones preliminares<\/em><br \/>\nRodrigo Momberg<\/p>\n<p style=\"font-weight: 400;\"><em>El incumplimiento de la obligaci\u00f3n del arrendador de local comercial de mantener al arrendatario en el uso del bien durante el plazo del contrato y a conservarlo para el fin del arrendamiento. Apuntes desde el Derecho peruano<\/em><br \/>\nDaniel Ugarte Mostajo<\/p>\n<p><em>El contrato de arrendamiento comercial y el caso fortuito de la limitaci\u00f3n de actividades econ\u00f3micas por autoridad (caso pandemia por COVID-19): \u00bfUn riesgo del arrendador?<\/em><br \/>\nIsu\u00e9 Natalia Vargas Brand<\/p>\n","protected":false},"excerpt":{"rendered":"<p>El contrato de arrendamiento de cosas es, sin lugar a discusi\u00f3n, de los contratos t\u00edpicos de mayor aplicaci\u00f3n pr\u00e1ctica en el tr\u00e1fico jur\u00eddico, cuyo estatuto legal y problemas pr\u00e1cticos son cada vez de mayor trascendencia jur\u00eddica. Es esto lo que motiva la publicaci\u00f3n de esta obra, que compila una serie de art\u00edculos que abordan los aspectos m\u00e1s importantes de la actual comprensi\u00f3n, desde el derecho de los contratos hasta la normativa del contrato de arrendamiento de cosas, centr\u00e1ndose principalmente en la disciplina que prodiga el C\u00f3digo Civil. Esta obra, as\u00ed, se divide en cuatro partes. La primera se destina a la noci\u00f3n y r\u00e9gimen aplicable al contrato de arrendamiento. La segunda se ocupa del incumplimiento contractual y los remedios a los que se da lugar en el arrendamiento de cosas. La tercera analiza las cuestiones en torno a la terminaci\u00f3n del arrendamiento y sus consecuencias. Finalmente, en la cuarta y \u00faltima parte, se pone atenci\u00f3n a la situaci\u00f3n de los arrendamientos ante circunstancias imprevistas en los ordenamientos chileno y de la regi\u00f3n. PRIMERA PARTE CUESTIONES EN TORNO A LA NOCI\u00d3N Y R\u00c9GIMEN DEL ARRENDAMIENTO DE COSAS \u00c1mbito de aplicaci\u00f3n de las leyes de arrendamiento inmobiliarias en Chile Juan Ignacio Contardo Gonz\u00e1lez El arrendamiento de cosas muebles y la protecci\u00f3n al consumidor Javiera Durand Gonz\u00e1lez Una visi\u00f3n panor\u00e1mica del contrato de arrendamiento de cosas en el C\u00f3digo Civil: fortalezas y debilidades Patricia Ver\u00f3nica L\u00f3pez D\u00edaz El contrato de arrendamiento como contrato relacional Esteban Pereira Fredes SEGUNDA PARTE INCUMPLIMIENTO Y DA\u00d1OS EN EL ARRENDAMIENTO DE COSAS La noci\u00f3n de incumplimiento neutro y objetivo frente al arrendamiento. Un balance desde la contractualizaci\u00f3n del Derecho de obligaciones Cristian Aedo Barrena La colaboraci\u00f3n de las partes en el contrato de arrendamiento Mar\u00eda Graciela Brantt Zumar\u00e1n La presunci\u00f3n de culpa en el contrato de arrendamiento. Notas sobre el art\u00edculo 1947 inciso final del C\u00f3digo Civil Andr\u00e9s Erbetta Mattig Lex contractus e incendio: disciplina contractual del riesgo en el arrendamiento de cosas en el derecho romano Patricio Lazo El incumplimiento de los deberes de colaboraci\u00f3n en el contrato de arrendamiento de cosas: la mora creditoris como causal de exoneraci\u00f3n de responsabilidad civil Pamela Prado L\u00f3pez TERCERA PARTE CUESTIONES EN TORNO A LA TERMINACI\u00d3N DEL ARRENDAMIENTO DE COSAS Y SUS CONSECUENCIAS Lo indeseable de una aplicaci\u00f3n estricta del art\u00edculo 1945 del C\u00f3digo Civil \u00cd\u00f1igo de la Maza Gazmuri &#8211; Lis Paula San Miguel Pradera El art\u00edculo 6\u00ba inciso primero de la Ley N\u00ba 18.101 y la terminaci\u00f3n del arrendamiento por incumplimiento del arrendatario Geraldine Pe\u00f1a Pallauta La Ley N\u00ba 21.461: r\u00e9quiem para la cl\u00e1usula resolutoria en el contrato de arrendamiento de predios urbanos Carlos Pizarro Wilson La restituci\u00f3n de mejoras \u00fatiles por terminaci\u00f3n de contrato de arrendamiento de inmuebles Alberto Pino Emhart Dos cuestiones en torno a la extinci\u00f3n del contrato de arrendamiento. El uso de la voz \u201cterminaci\u00f3n\u201d y el alcance de la regla \u201cel arrendamiento de cosas expira de los mismos modos que los otros contratos\u201d Gonzalo Severin Fuster CUARTA PARTE ARRENDAMIENTOS COMERCIALES EN CIRCUNSTANCIAS EXCEPCIONALES: EXPERIENCIA CHILENA Y COMPARADA FRENTE A LA PANDEMIA POR COVID-19 Fuerza mayor, exhortaciones gubernamentales y COVID en Uruguay Gerardo Caffera &#8211; Javier Berdaguer &#8211; Alfredo Frigerio El caso fortuito y el incumplimiento del arrendador de un inmueble para fines comerciales: la opini\u00f3n de tribunales superiores Francisca Alejandra Chueca Soza Pandemia, caso fortuito y arrendamiento de locales comerciales \u00cd\u00f1igo de la Maza Gazmuri &#8211; \u00c1lvaro Vidal Olivares Arrendamientos comerciales, pandemia de COVID-19 y frustraci\u00f3n del contrato. Algunas reflexiones preliminares Rodrigo Momberg El incumplimiento de la obligaci\u00f3n del arrendador de local comercial de mantener al arrendatario en el uso del bien durante el plazo del contrato y a conservarlo para el fin del arrendamiento. Apuntes desde el Derecho peruano Daniel Ugarte Mostajo El contrato de arrendamiento comercial y el caso fortuito de la limitaci\u00f3n de actividades econ\u00f3micas por autoridad (caso pandemia por COVID-19): \u00bfUn riesgo del arrendador? Isu\u00e9 Natalia Vargas Brand<\/p>\n","protected":false},"featured_media":3257,"comment_status":"open","ping_status":"closed","template":"","meta":{"inline_featured_image":false,"_joinchat":[]},"product_brand":[],"product_cat":[27,42],"product_tag":[],"class_list":{"0":"post-3214","1":"product","2":"type-product","3":"status-publish","4":"has-post-thumbnail","6":"product_cat-civil","7":"product_cat-thomson-reuters","8":"product_shipping_class-a-convenir","10":"first","11":"instock","12":"shipping-taxable","13":"purchasable","14":"product-type-simple"},"_links":{"self":[{"href":"https:\/\/bibliotecajuridicavirtual.cl\/index.php\/wp-json\/wp\/v2\/product\/3214","targetHints":{"allow":["GET"]}}],"collection":[{"href":"https:\/\/bibliotecajuridicavirtual.cl\/index.php\/wp-json\/wp\/v2\/product"}],"about":[{"href":"https:\/\/bibliotecajuridicavirtual.cl\/index.php\/wp-json\/wp\/v2\/types\/product"}],"replies":[{"embeddable":true,"href":"https:\/\/bibliotecajuridicavirtual.cl\/index.php\/wp-json\/wp\/v2\/comments?post=3214"}],"wp:featuredmedia":[{"embeddable":true,"href":"https:\/\/bibliotecajuridicavirtual.cl\/index.php\/wp-json\/wp\/v2\/media\/3257"}],"wp:attachment":[{"href":"https:\/\/bibliotecajuridicavirtual.cl\/index.php\/wp-json\/wp\/v2\/media?parent=3214"}],"wp:term":[{"taxonomy":"product_brand","embeddable":true,"href":"https:\/\/bibliotecajuridicavirtual.cl\/index.php\/wp-json\/wp\/v2\/product_brand?post=3214"},{"taxonomy":"product_cat","embeddable":true,"href":"https:\/\/bibliotecajuridicavirtual.cl\/index.php\/wp-json\/wp\/v2\/product_cat?post=3214"},{"taxonomy":"product_tag","embeddable":true,"href":"https:\/\/bibliotecajuridicavirtual.cl\/index.php\/wp-json\/wp\/v2\/product_tag?post=3214"}],"curies":[{"name":"wp","href":"https:\/\/api.w.org\/{rel}","templated":true}]}}