{"id":3216,"date":"2026-02-28T01:10:36","date_gmt":"2026-02-28T04:10:36","guid":{"rendered":"https:\/\/bibliotecajuridicavirtual.cl\/?post_type=product&#038;p=3216"},"modified":"2026-02-28T01:11:17","modified_gmt":"2026-02-28T04:11:17","slug":"vision-jurisprudencial-delitos-de-receptacion-ano-enero-2024-184-pag-autor-editorial-hammurabi","status":"publish","type":"product","link":"https:\/\/bibliotecajuridicavirtual.cl\/index.php\/product\/vision-jurisprudencial-delitos-de-receptacion-ano-enero-2024-184-pag-autor-editorial-hammurabi\/","title":{"rendered":"Visi\u00f3n Jurisprudencial &#8211; Delitos de Receptaci\u00f3n. A\u00f1o Enero 2024\/184 P\u00e1g. Autor Editorial Hammurabi"},"content":{"rendered":"<ol>\n<li style=\"font-weight: 400;\"><b><strong> FICHAS DE DELITOS DE RECEPTACI\u00d3N<\/strong><\/b><\/li>\n<\/ol>\n<p style=\"font-weight: 400;\">FICHA N\u00ba 1: DELITO DE RECEPTACI\u00d3N. DELITO DE HURTO DE ESPECIES.<\/p>\n<p style=\"font-weight: 400;\">An\u00e1lisis de la pretensi\u00f3n y defensa<br \/>\n1. S\u00edntesis del fallo<br \/>\n2. Conclusi\u00f3n<\/p>\n<p style=\"font-weight: 400;\">FICHA N\u00ba 2: DELITO CONSUMADO DE RECEPTACI\u00d3N. RECURSO DE NULIDAD ACOGIDO. COPIA DE LA SENTENCIA.<\/p>\n<p style=\"font-weight: 400;\">An\u00e1lisis de la pretensi\u00f3n y defensa<br \/>\n1. S\u00edntesis del fallo<br \/>\n2. Conclusi\u00f3n<\/p>\n<p style=\"font-weight: 400;\">FICHA N\u00ba 3: DELITO DE RECEPTACI\u00d3N DE ESPECIE. RECURSO DE NULIDAD RECHAZADO. CONTROL DE IDENTIDAD.<\/p>\n<p style=\"font-weight: 400;\">An\u00e1lisis de la pretensi\u00f3n y defensa<br \/>\n1. S\u00edntesis del fallo<br \/>\n2. Conclusi\u00f3n<\/p>\n<p style=\"font-weight: 400;\">FICHA N\u00ba 4: DELITO DE RECEPTACI\u00d3N EN GRADO DE CONSUMADO. RECURSO DE NULIDAD RECHAZADO. CONTROL DE IDENTIDAD. FLAGRANCIA.<\/p>\n<p style=\"font-weight: 400;\">An\u00e1lisis de la pretensi\u00f3n y defensa<br \/>\n1. S\u00edntesis del fallo<br \/>\n2. Conclusi\u00f3n<\/p>\n<p style=\"font-weight: 400;\">FICHA N\u00ba 5: DELITO DE RECEPTACI\u00d3N DE VEH\u00cdCULO MOTORIZADO. RECURSO DE NULIDAD RECHAZADO. DERECHOS DE LA ACUSADA.<\/p>\n<p>An\u00e1lisis de la pretensi\u00f3n y defensa<br \/>\n1. S\u00edntesis del fallo<br \/>\n2. Conclusi\u00f3n<\/p>\n<p style=\"font-weight: 400;\">FICHA N\u00ba 6: DELITO DE RECEPTACI\u00d3N DE ARMA DE FUEGO. DELITO DE TR\u00c1FICO IL\u00cdCITO DE SUSTANCIAS ESTUPEFACIENTES O PSICOTR\u00d3PICAS. DELITO DE TENENCIA ILEGAL DE ARMA DE FUEGO.<\/p>\n<p style=\"font-weight: 400;\">An\u00e1lisis de la pretensi\u00f3n y defensa<br \/>\n1. S\u00edntesis del fallo<br \/>\n2. Conclusi\u00f3n<\/p>\n<p style=\"font-weight: 400;\">FICHA N\u00ba 7: DELITO DE RECEPTACI\u00d3N. SUSTRACCI\u00d3N DE DINERO. ACTUACI\u00d3N POLICIAL.<\/p>\n<p style=\"font-weight: 400;\">An\u00e1lisis de la pretensi\u00f3n y defensa<br \/>\n1. S\u00edntesis del fallo<br \/>\n2. Conclusi\u00f3n<\/p>\n<p style=\"font-weight: 400;\">FICHA N\u00ba 8: DELITO DE RECEPTACI\u00d3N DE VEH\u00cdCULO MOTORIZADO. RECURSO DE NULIDAD RECHAZADO. FLAGRANCIA.<\/p>\n<p>An\u00e1lisis de la pretensi\u00f3n y defensa<br \/>\n1. S\u00edntesis del fallo<br \/>\n2. Conclusi\u00f3n<\/p>\n<ol>\n<li style=\"font-weight: 400;\"><b><strong> FICHAS DE LAS CORTES DE APELACIONES \u2013 DELITOS DE RECEPTACI\u00d3N<\/strong><\/b><\/li>\n<\/ol>\n<p style=\"font-weight: 400;\">FICHA N\u00ba 9: DELITO CONSUMADO DE RECEPTACI\u00d3N DE VEH\u00cdCULO MOTORIZADO. RECURSOS DE NULIDAD RECHAZADOS.<\/p>\n<p>An\u00e1lisis de la pretensi\u00f3n y defensa<br \/>\n1. S\u00edntesis del fallo<br \/>\n2. Conclusi\u00f3n<\/p>\n<p style=\"font-weight: 400;\">FICHA N\u00ba 10: DELITO CONSUMADO DE RECEPTACI\u00d3N DE VEH\u00cdCULO MOTORIZADO. RECURSO DE NULIDAD RECHAZADO.<\/p>\n<p style=\"font-weight: 400;\">An\u00e1lisis de la pretensi\u00f3n y defensa<br \/>\n1. S\u00edntesis del fallo<br \/>\n2. Conclusi\u00f3n<\/p>\n<p style=\"font-weight: 400;\">FICHA N\u00ba 11: DELITO CONSUMADO DE RECEPTACI\u00d3N. RECURSO DE NULIDAD RECHAZADO. HURTO.<\/p>\n<p style=\"font-weight: 400;\">An\u00e1lisis de la pretensi\u00f3n y defensa<br \/>\n1. S\u00edntesis del fallo<br \/>\n2. Conclusi\u00f3n<\/p>\n<p style=\"font-weight: 400;\">FICHA N\u00ba 12: DELITO DE RECEPTACI\u00d3N DE VEH\u00cdCULO MOTORIZADO. RECURSO DE NULIDAD RECHAZADO. HURTO O ROBO.<\/p>\n<p style=\"font-weight: 400;\">An\u00e1lisis de la pretensi\u00f3n y defensa<br \/>\n1. S\u00edntesis del fallo<br \/>\n2. Conclusi\u00f3n<\/p>\n<p style=\"font-weight: 400;\">FICHA N\u00ba 13: DELITOS CONSUMADOS DE RECEPTACI\u00d3N DE VEH\u00cdCULO MOTORIZADO, DELITO CONSUMADO DE POSESI\u00d3N O TENENCIA ARMA DE FUEGO PROHIBIDA Y DELITO DE RECEPTACI\u00d3N DE ESPECIES. RECURSO DE NULIDAD.<\/p>\n<p style=\"font-weight: 400;\">An\u00e1lisis de la pretensi\u00f3n y defensa<br \/>\n1. S\u00edntesis del fallo<br \/>\n2. Conclusi\u00f3n<\/p>\n<p style=\"font-weight: 400;\">FICHA N\u00ba 14: DELITO DE RECEPTACI\u00d3N DE VEH\u00cdCULO MOTORIZADO. REPARAR CON CELO EL MAL CAUSADO<\/p>\n<p style=\"font-weight: 400;\">An\u00e1lisis de la pretensi\u00f3n y defensa<br \/>\n1. S\u00edntesis del fallo<br \/>\n2. Conclusi\u00f3n<\/p>\n<p style=\"font-weight: 400;\">FICHA N\u00ba 15: DELITO DE RECEPTACI\u00d3N DE VEH\u00cdCULO MOTORIZADO. RECURSO DE NULIDAD RECHAZADO<\/p>\n<p style=\"font-weight: 400;\">An\u00e1lisis de la pretensi\u00f3n y defensa<br \/>\n1. S\u00edntesis del fallo<br \/>\n2. Conclusi\u00f3n<\/p>\n<p style=\"font-weight: 400;\"><b><strong>III. SENTENCIAS DE LA CORTE SUPREMA \u2013 DELITOS DE RECEPTACI\u00d3N<\/strong><\/b><\/p>\n<p style=\"font-weight: 400;\">Sentencia 1<br \/>\nSentencia 2<br \/>\nSentencia 3<br \/>\nSentencia 4<br \/>\nSentencia 5<br \/>\nSentencia 6<br \/>\nSentencia 7<br \/>\nSentencia 8<\/p>\n<p><b><strong>IV. SENTENCIAS DE DELITOS DE RECEPTACI\u00d3N \u2013 CORTES DE APELACIONES<\/strong><\/b><\/p>\n<p>Sentencia 9<br \/>\nSentencia 10<br \/>\nSentencia 11<br \/>\nSentencia 12<br \/>\nSentencia 13<br \/>\nSentencia 14<br \/>\nSentencia 15<\/p>\n","protected":false},"excerpt":{"rendered":"<p>FICHAS DE DELITOS DE RECEPTACI\u00d3N FICHA N\u00ba 1: DELITO DE RECEPTACI\u00d3N. DELITO DE HURTO DE ESPECIES. An\u00e1lisis de la pretensi\u00f3n y defensa 1. S\u00edntesis del fallo 2. Conclusi\u00f3n FICHA N\u00ba 2: DELITO CONSUMADO DE RECEPTACI\u00d3N. RECURSO DE NULIDAD ACOGIDO. COPIA DE LA SENTENCIA. An\u00e1lisis de la pretensi\u00f3n y defensa 1. S\u00edntesis del fallo 2. Conclusi\u00f3n FICHA N\u00ba 3: DELITO DE RECEPTACI\u00d3N DE ESPECIE. RECURSO DE NULIDAD RECHAZADO. CONTROL DE IDENTIDAD. An\u00e1lisis de la pretensi\u00f3n y defensa 1. S\u00edntesis del fallo 2. Conclusi\u00f3n FICHA N\u00ba 4: DELITO DE RECEPTACI\u00d3N EN GRADO DE CONSUMADO. RECURSO DE NULIDAD RECHAZADO. CONTROL DE IDENTIDAD. FLAGRANCIA. An\u00e1lisis de la pretensi\u00f3n y defensa 1. S\u00edntesis del fallo 2. Conclusi\u00f3n FICHA N\u00ba 5: DELITO DE RECEPTACI\u00d3N DE VEH\u00cdCULO MOTORIZADO. RECURSO DE NULIDAD RECHAZADO. DERECHOS DE LA ACUSADA. An\u00e1lisis de la pretensi\u00f3n y defensa 1. S\u00edntesis del fallo 2. Conclusi\u00f3n FICHA N\u00ba 6: DELITO DE RECEPTACI\u00d3N DE ARMA DE FUEGO. DELITO DE TR\u00c1FICO IL\u00cdCITO DE SUSTANCIAS ESTUPEFACIENTES O PSICOTR\u00d3PICAS. DELITO DE TENENCIA ILEGAL DE ARMA DE FUEGO. An\u00e1lisis de la pretensi\u00f3n y defensa 1. S\u00edntesis del fallo 2. Conclusi\u00f3n FICHA N\u00ba 7: DELITO DE RECEPTACI\u00d3N. SUSTRACCI\u00d3N DE DINERO. ACTUACI\u00d3N POLICIAL. An\u00e1lisis de la pretensi\u00f3n y defensa 1. S\u00edntesis del fallo 2. Conclusi\u00f3n FICHA N\u00ba 8: DELITO DE RECEPTACI\u00d3N DE VEH\u00cdCULO MOTORIZADO. RECURSO DE NULIDAD RECHAZADO. FLAGRANCIA. An\u00e1lisis de la pretensi\u00f3n y defensa 1. S\u00edntesis del fallo 2. Conclusi\u00f3n FICHAS DE LAS CORTES DE APELACIONES \u2013 DELITOS DE RECEPTACI\u00d3N FICHA N\u00ba 9: DELITO CONSUMADO DE RECEPTACI\u00d3N DE VEH\u00cdCULO MOTORIZADO. RECURSOS DE NULIDAD RECHAZADOS. An\u00e1lisis de la pretensi\u00f3n y defensa 1. S\u00edntesis del fallo 2. Conclusi\u00f3n FICHA N\u00ba 10: DELITO CONSUMADO DE RECEPTACI\u00d3N DE VEH\u00cdCULO MOTORIZADO. RECURSO DE NULIDAD RECHAZADO. An\u00e1lisis de la pretensi\u00f3n y defensa 1. S\u00edntesis del fallo 2. Conclusi\u00f3n FICHA N\u00ba 11: DELITO CONSUMADO DE RECEPTACI\u00d3N. RECURSO DE NULIDAD RECHAZADO. HURTO. An\u00e1lisis de la pretensi\u00f3n y defensa 1. S\u00edntesis del fallo 2. Conclusi\u00f3n FICHA N\u00ba 12: DELITO DE RECEPTACI\u00d3N DE VEH\u00cdCULO MOTORIZADO. RECURSO DE NULIDAD RECHAZADO. HURTO O ROBO. An\u00e1lisis de la pretensi\u00f3n y defensa 1. S\u00edntesis del fallo 2. Conclusi\u00f3n FICHA N\u00ba 13: DELITOS CONSUMADOS DE RECEPTACI\u00d3N DE VEH\u00cdCULO MOTORIZADO, DELITO CONSUMADO DE POSESI\u00d3N O TENENCIA ARMA DE FUEGO PROHIBIDA Y DELITO DE RECEPTACI\u00d3N DE ESPECIES. RECURSO DE NULIDAD. An\u00e1lisis de la pretensi\u00f3n y defensa 1. S\u00edntesis del fallo 2. Conclusi\u00f3n FICHA N\u00ba 14: DELITO DE RECEPTACI\u00d3N DE VEH\u00cdCULO MOTORIZADO. REPARAR CON CELO EL MAL CAUSADO An\u00e1lisis de la pretensi\u00f3n y defensa 1. S\u00edntesis del fallo 2. Conclusi\u00f3n FICHA N\u00ba 15: DELITO DE RECEPTACI\u00d3N DE VEH\u00cdCULO MOTORIZADO. RECURSO DE NULIDAD RECHAZADO An\u00e1lisis de la pretensi\u00f3n y defensa 1. S\u00edntesis del fallo 2. Conclusi\u00f3n III. SENTENCIAS DE LA CORTE SUPREMA \u2013 DELITOS DE RECEPTACI\u00d3N Sentencia 1 Sentencia 2 Sentencia 3 Sentencia 4 Sentencia 5 Sentencia 6 Sentencia 7 Sentencia 8 IV. SENTENCIAS DE DELITOS DE RECEPTACI\u00d3N \u2013 CORTES DE APELACIONES Sentencia 9 Sentencia 10 Sentencia 11 Sentencia 12 Sentencia 13 Sentencia 14 Sentencia 15<\/p>\n","protected":false},"featured_media":3259,"comment_status":"open","ping_status":"closed","template":"","meta":{"inline_featured_image":false,"_joinchat":[]},"product_brand":[],"product_cat":[30],"product_tag":[],"class_list":{"0":"post-3216","1":"product","2":"type-product","3":"status-publish","4":"has-post-thumbnail","6":"product_cat-penal","7":"product_shipping_class-a-convenir","9":"first","10":"instock","11":"shipping-taxable","12":"purchasable","13":"product-type-simple"},"_links":{"self":[{"href":"https:\/\/bibliotecajuridicavirtual.cl\/index.php\/wp-json\/wp\/v2\/product\/3216","targetHints":{"allow":["GET"]}}],"collection":[{"href":"https:\/\/bibliotecajuridicavirtual.cl\/index.php\/wp-json\/wp\/v2\/product"}],"about":[{"href":"https:\/\/bibliotecajuridicavirtual.cl\/index.php\/wp-json\/wp\/v2\/types\/product"}],"replies":[{"embeddable":true,"href":"https:\/\/bibliotecajuridicavirtual.cl\/index.php\/wp-json\/wp\/v2\/comments?post=3216"}],"wp:featuredmedia":[{"embeddable":true,"href":"https:\/\/bibliotecajuridicavirtual.cl\/index.php\/wp-json\/wp\/v2\/media\/3259"}],"wp:attachment":[{"href":"https:\/\/bibliotecajuridicavirtual.cl\/index.php\/wp-json\/wp\/v2\/media?parent=3216"}],"wp:term":[{"taxonomy":"product_brand","embeddable":true,"href":"https:\/\/bibliotecajuridicavirtual.cl\/index.php\/wp-json\/wp\/v2\/product_brand?post=3216"},{"taxonomy":"product_cat","embeddable":true,"href":"https:\/\/bibliotecajuridicavirtual.cl\/index.php\/wp-json\/wp\/v2\/product_cat?post=3216"},{"taxonomy":"product_tag","embeddable":true,"href":"https:\/\/bibliotecajuridicavirtual.cl\/index.php\/wp-json\/wp\/v2\/product_tag?post=3216"}],"curies":[{"name":"wp","href":"https:\/\/api.w.org\/{rel}","templated":true}]}}