{"id":3232,"date":"2026-02-28T01:10:57","date_gmt":"2026-02-28T04:10:57","guid":{"rendered":"https:\/\/bibliotecajuridicavirtual.cl\/?post_type=product&#038;p=3232"},"modified":"2026-02-28T01:11:23","modified_gmt":"2026-02-28T04:11:23","slug":"investigacion-penal-y-criminalidad-organizada-ano-septiembre-2023-212-pag-autor-ana-rodriguez-alvarez-y-jeffry-j-mora-sanchez","status":"publish","type":"product","link":"https:\/\/bibliotecajuridicavirtual.cl\/index.php\/product\/investigacion-penal-y-criminalidad-organizada-ano-septiembre-2023-212-pag-autor-ana-rodriguez-alvarez-y-jeffry-j-mora-sanchez\/","title":{"rendered":"Investigaci\u00f3n  Penal y Criminalidad Organizada. A\u00f1o Septiembre 2023\/212 P\u00e1g. Autor Ana Rodr\u00edguez \u00c1lvarez y Jeffry J. Mora S\u00e1nchez"},"content":{"rendered":"<p style=\"font-weight: 400;\">La idea de este libro se gest\u00f3 en diferentes universidades, bibliotecas y caf\u00e9s de Girona, Santiago de Compostela, Ciudad de M\u00e9xico, Veracruz y San Jos\u00e9 de Costa Rica, durante el bienio 2022-2023, pero refleja inquietudes acumuladas durante much\u00edsimos a\u00f1os. Nuestra intenci\u00f3n no era otra que compilar una serie de trabajos, abortando cualquier pretensi\u00f3n de exhaustividad, sobre aquello que normalmente se denomina criminalidad organizada, pero desde un enfoque pluralista -en cuanto a la representaci\u00f3n de diversos sistemas jur\u00eddicos y dis\u00edmiles fen\u00f3menos criminales- y particularmente cr\u00edtico, en contraposici\u00f3n a los textos esencialmente reproductivos de lege lata, que con normalidad nutren la bibliograf\u00eda especializada.<\/p>\n<p style=\"font-weight: 400;\">Desde nuestra perspectiva, las normas program\u00e1ticas internacionales en materia de criminalidad organizada, pese a generar cierta homogeneidad en el tratamiento local de estas manifestaciones delictivas, quiz\u00e1 han contribuido a la atrofia patol\u00f3gica de los sistemas judiciales en la actualidad, y esto por razones que, preliminarmente, parecen contradictorias, al corresponderse con un tratamiento penal poderosamente supra e infra inclusivo.<\/p>\n<p style=\"font-weight: 400;\">Por un lado, al tratarse de un concepto et\u00e9reo o una categor\u00eda frustrada, como la denomina Zaffaroni, cuando se habla de criminalidad organizada se incurre inevitablemente en un peligroso reduccionismo que descarta una multiplicidad de conductas severamente da\u00f1inas que no se han previsto en los textos legales y, por tanto, resultan impunes, m\u00e1xime cuando el refinamiento de la actividad criminal de estructura empresarial, parece ir a un paso demasiado acelerado como para ser alcanzado por sistemas punitivos ralentizados, enfermos de corrupci\u00f3n y atados por la burocracia.<\/p>\n<p style=\"font-weight: 400;\">Esa misma deficiencia del concepto, delimitado a partir de un pu\u00f1ado de caracter\u00edsticas que se estiman consustanciales al fen\u00f3meno, contribuye a lo que Vaz Ferreira llam\u00f3 falsa precisi\u00f3n, falacia que \u201coculta hechos, desfigura o falsea interpretaciones, detiene la investigaci\u00f3n, inhibe la profundizaci\u00f3n\u201d. Esta suerte de vis clasificatoria generalmente encuentra buena acogida, pues se trata de una estrategia usual de simplificaci\u00f3n que funciona como una poderosa arma ret\u00f3rica que, como problema adicional, permite incorporar conductas que distan de lo que se quer\u00eda regular inicialmente bajo la nomenclatura de criminalidad organizada, es decir, se convierte en un sistema altamente sobre inclusivo, afectando, como es f\u00e1cil prever, a los m\u00e1s d\u00e9biles y no a los poderosos, instituy\u00e9ndose una suerte de derecho penal del amigo.<\/p>\n<p style=\"font-weight: 400;\">Las personas lectoras de este libro tendr\u00e1n la \u00faltima palabra sobre el cumplimiento del objetivo trazado al inicio, al que ahora, luego de revisar con cautela las diversas investigaciones que se integran a la obra, se suma uno m\u00e1s: Pretendemos que el libro que usted estimado y estimada lectora tiene en sus manos no le deje indiferente, que le lleve al cuestionamiento del propio texto y de los sistemas jur\u00eddicos de su entorno, que le motive a plantearse alternativas distintas a las que ya han probado su rotundo fracaso pero, de forma incomprensible, contin\u00faan recet\u00e1ndose en los panfletos pol\u00edticos de turno. Queremos, en fin, que usted repare en la multiplicidad de manifestaciones que puede tener lo que usualmente se etiqueta como crimen organizado y, a la vez, observe la complejidad de las estructuras sociales modernas, que nos enrostran nuevos retos y nos permiten pensar en respuestas tambi\u00e9n novedosas. Por muy rom\u00e1ntica que esta pretensi\u00f3n parezca, la creemos imprescindible y, si en alguna medida la conseguimos, estaremos profundamente satisfechos.<\/p>\n<p style=\"font-weight: 400;\">Concluimos con la historia que da inicio al libro Fari\u00f1a, y que da cuenta de la necesidad de avizorar nuevas alternativas cuando los resultados de cualquier iniciativa resultan injustos o deficientes. El relato dice as\u00ed: \u201cUn vecino mayor cruzaba a diario la frontera entre Galicia y Portugal en bicicleta, cargando siempre un saco al hombro. Cada vez que atravesaba a raia, la Guardia Civil le daba el alto y le preguntaba qu\u00e9 llevaba en el saco. El hombre, paciente y educado, mostraba siempre el contenido: \u00abes solo carb\u00f3n\u00bb, explicaba. Y los agentes, mosqueados, lo dejaban pasar. En el otro lado se repet\u00eda la escena: la Guardia de Finanzas portuguesa (conocidos por los vecinos como guardinhas) tambi\u00e9n registraba el saco del hombre y lo dejaban seguir pedaleando. La misma escena se repiti\u00f3 durante a\u00f1os ante el malestar creciente de los guardias fronterizos. No solo eran incapaces de encontrarle material de contrabando, sino que en cada nueva pesquisa se manchaban el uniforme de carb\u00f3n. Como en el cuento de Poe, en el que la Polic\u00eda registra minuciosamente una casa en busca de una carta que ha estado todo ese tiempo en primer plano, el secreto del hombre de a raia estuvo todos esos a\u00f1os a la vista. Era un contrabandista de bicicletas\u201d.<\/p>\n<p style=\"font-weight: 400;\">Los directores.<\/p>\n<ul>\n<li style=\"font-weight: 400;\">La utilizaci\u00f3n de la circulaci\u00f3n o entrega vigilada y el agente encubierto como mecanismos procesales de investigaci\u00f3n policial en la lucha contra el crimen organizado en el sistema penal espa\u00f1ol.<\/li>\n<li style=\"font-weight: 400;\">La intervenci\u00f3n de las comunicaciones telef\u00f3nicas y telem\u00e1ticas en el ordenamiento jur\u00eddico espa\u00f1ol: Un an\u00e1lisis cr\u00edtico de sus disposiciones generales.<\/li>\n<li style=\"font-weight: 400;\">Delincuencia organizada en materia ambiental. Los problemas en torno a la investigaci\u00f3n de los delitos.<\/li>\n<li style=\"font-weight: 400;\">Criminalidad organizada y el \u201cefecto l\u00e1zaro\u201d de la ley procesal: Cr\u00f3nica de una imprudencia legislativa.<\/li>\n<li style=\"font-weight: 400;\">\u00bfC\u00f3mo vaciar de contenido el principio constitucional de inviolabilidad de los documentos privados?: Dir\u00edjase la interpelaci\u00f3n a la Sala Constitucional costarricense.<\/li>\n<li style=\"font-weight: 400;\">Avances y desaf\u00edos de la cooperaci\u00f3n judicial penal europea en la lucha contra la delincuencia organizada.<\/li>\n<li style=\"font-weight: 400;\">Instrumentos para la lucha contra la difusi\u00f3n de contenidos terroristas en el ciberespacio de la uni\u00f3n europea.<\/li>\n<li style=\"font-weight: 400;\">Corresponsabilidad penal como criterio de aplicaci\u00f3n del principio de oportunidad en Colombia. Marginalidad: An\u00e1lisis desde la teor\u00eda de la culpabilidad por vulnerabilidad.<\/li>\n<li style=\"font-weight: 400;\">A investiga\u00e7\u00e3o criminal da criminalidade organizada (uma vis\u00e3o a partir do ordenamento jur\u00eddico portugu\u00eas).<\/li>\n<li style=\"font-weight: 400;\">La tutela dei diritti fondamentali nei procedimenti di criminalit\u00e0 organizzata.<\/li>\n<li style=\"font-weight: 400;\">La tutela de los derechos fundamentales en los procesos de criminalidad organizada.<\/li>\n<\/ul>\n","protected":false},"excerpt":{"rendered":"<p>La idea de este libro se gest\u00f3 en diferentes universidades, bibliotecas y caf\u00e9s de Girona, Santiago de Compostela, Ciudad de M\u00e9xico, Veracruz y San Jos\u00e9 de Costa Rica, durante el bienio 2022-2023, pero refleja inquietudes acumuladas durante much\u00edsimos a\u00f1os. Nuestra intenci\u00f3n no era otra que compilar una serie de trabajos, abortando cualquier pretensi\u00f3n de exhaustividad, sobre aquello que normalmente se denomina criminalidad organizada, pero desde un enfoque pluralista -en cuanto a la representaci\u00f3n de diversos sistemas jur\u00eddicos y dis\u00edmiles fen\u00f3menos criminales- y particularmente cr\u00edtico, en contraposici\u00f3n a los textos esencialmente reproductivos de lege lata, que con normalidad nutren la bibliograf\u00eda especializada. Desde nuestra perspectiva, las normas program\u00e1ticas internacionales en materia de criminalidad organizada, pese a generar cierta homogeneidad en el tratamiento local de estas manifestaciones delictivas, quiz\u00e1 han contribuido a la atrofia patol\u00f3gica de los sistemas judiciales en la actualidad, y esto por razones que, preliminarmente, parecen contradictorias, al corresponderse con un tratamiento penal poderosamente supra e infra inclusivo. Por un lado, al tratarse de un concepto et\u00e9reo o una categor\u00eda frustrada, como la denomina Zaffaroni, cuando se habla de criminalidad organizada se incurre inevitablemente en un peligroso reduccionismo que descarta una multiplicidad de conductas severamente da\u00f1inas que no se han previsto en los textos legales y, por tanto, resultan impunes, m\u00e1xime cuando el refinamiento de la actividad criminal de estructura empresarial, parece ir a un paso demasiado acelerado como para ser alcanzado por sistemas punitivos ralentizados, enfermos de corrupci\u00f3n y atados por la burocracia. Esa misma deficiencia del concepto, delimitado a partir de un pu\u00f1ado de caracter\u00edsticas que se estiman consustanciales al fen\u00f3meno, contribuye a lo que Vaz Ferreira llam\u00f3 falsa precisi\u00f3n, falacia que \u201coculta hechos, desfigura o falsea interpretaciones, detiene la investigaci\u00f3n, inhibe la profundizaci\u00f3n\u201d. Esta suerte de vis clasificatoria generalmente encuentra buena acogida, pues se trata de una estrategia usual de simplificaci\u00f3n que funciona como una poderosa arma ret\u00f3rica que, como problema adicional, permite incorporar conductas que distan de lo que se quer\u00eda regular inicialmente bajo la nomenclatura de criminalidad organizada, es decir, se convierte en un sistema altamente sobre inclusivo, afectando, como es f\u00e1cil prever, a los m\u00e1s d\u00e9biles y no a los poderosos, instituy\u00e9ndose una suerte de derecho penal del amigo. Las personas lectoras de este libro tendr\u00e1n la \u00faltima palabra sobre el cumplimiento del objetivo trazado al inicio, al que ahora, luego de revisar con cautela las diversas investigaciones que se integran a la obra, se suma uno m\u00e1s: Pretendemos que el libro que usted estimado y estimada lectora tiene en sus manos no le deje indiferente, que le lleve al cuestionamiento del propio texto y de los sistemas jur\u00eddicos de su entorno, que le motive a plantearse alternativas distintas a las que ya han probado su rotundo fracaso pero, de forma incomprensible, contin\u00faan recet\u00e1ndose en los panfletos pol\u00edticos de turno. Queremos, en fin, que usted repare en la multiplicidad de manifestaciones que puede tener lo que usualmente se etiqueta como crimen organizado y, a la vez, observe la complejidad de las estructuras sociales modernas, que nos enrostran nuevos retos y nos permiten pensar en respuestas tambi\u00e9n novedosas. Por muy rom\u00e1ntica que esta pretensi\u00f3n parezca, la creemos imprescindible y, si en alguna medida la conseguimos, estaremos profundamente satisfechos. Concluimos con la historia que da inicio al libro Fari\u00f1a, y que da cuenta de la necesidad de avizorar nuevas alternativas cuando los resultados de cualquier iniciativa resultan injustos o deficientes. El relato dice as\u00ed: \u201cUn vecino mayor cruzaba a diario la frontera entre Galicia y Portugal en bicicleta, cargando siempre un saco al hombro. Cada vez que atravesaba a raia, la Guardia Civil le daba el alto y le preguntaba qu\u00e9 llevaba en el saco. El hombre, paciente y educado, mostraba siempre el contenido: \u00abes solo carb\u00f3n\u00bb, explicaba. Y los agentes, mosqueados, lo dejaban pasar. En el otro lado se repet\u00eda la escena: la Guardia de Finanzas portuguesa (conocidos por los vecinos como guardinhas) tambi\u00e9n registraba el saco del hombre y lo dejaban seguir pedaleando. La misma escena se repiti\u00f3 durante a\u00f1os ante el malestar creciente de los guardias fronterizos. No solo eran incapaces de encontrarle material de contrabando, sino que en cada nueva pesquisa se manchaban el uniforme de carb\u00f3n. Como en el cuento de Poe, en el que la Polic\u00eda registra minuciosamente una casa en busca de una carta que ha estado todo ese tiempo en primer plano, el secreto del hombre de a raia estuvo todos esos a\u00f1os a la vista. Era un contrabandista de bicicletas\u201d. Los directores. La utilizaci\u00f3n de la circulaci\u00f3n o entrega vigilada y el agente encubierto como mecanismos procesales de investigaci\u00f3n policial en la lucha contra el crimen organizado en el sistema penal espa\u00f1ol. La intervenci\u00f3n de las comunicaciones telef\u00f3nicas y telem\u00e1ticas en el ordenamiento jur\u00eddico espa\u00f1ol: Un an\u00e1lisis cr\u00edtico de sus disposiciones generales. Delincuencia organizada en materia ambiental. Los problemas en torno a la investigaci\u00f3n de los delitos. Criminalidad organizada y el \u201cefecto l\u00e1zaro\u201d de la ley procesal: Cr\u00f3nica de una imprudencia legislativa. \u00bfC\u00f3mo vaciar de contenido el principio constitucional de inviolabilidad de los documentos privados?: Dir\u00edjase la interpelaci\u00f3n a la Sala Constitucional costarricense. Avances y desaf\u00edos de la cooperaci\u00f3n judicial penal europea en la lucha contra la delincuencia organizada. Instrumentos para la lucha contra la difusi\u00f3n de contenidos terroristas en el ciberespacio de la uni\u00f3n europea. Corresponsabilidad penal como criterio de aplicaci\u00f3n del principio de oportunidad en Colombia. Marginalidad: An\u00e1lisis desde la teor\u00eda de la culpabilidad por vulnerabilidad. A investiga\u00e7\u00e3o criminal da criminalidade organizada (uma vis\u00e3o a partir do ordenamento jur\u00eddico portugu\u00eas). La tutela dei diritti fondamentali nei procedimenti di criminalit\u00e0 organizzata. La tutela de los derechos fundamentales en los procesos de criminalidad organizada.<\/p>\n","protected":false},"featured_media":3277,"comment_status":"open","ping_status":"closed","template":"","meta":{"inline_featured_image":false,"_joinchat":[]},"product_brand":[],"product_cat":[30],"product_tag":[],"class_list":{"0":"post-3232","1":"product","2":"type-product","3":"status-publish","4":"has-post-thumbnail","6":"product_cat-penal","7":"product_shipping_class-a-convenir","9":"first","10":"instock","11":"shipping-taxable","12":"purchasable","13":"product-type-simple"},"_links":{"self":[{"href":"https:\/\/bibliotecajuridicavirtual.cl\/index.php\/wp-json\/wp\/v2\/product\/3232","targetHints":{"allow":["GET"]}}],"collection":[{"href":"https:\/\/bibliotecajuridicavirtual.cl\/index.php\/wp-json\/wp\/v2\/product"}],"about":[{"href":"https:\/\/bibliotecajuridicavirtual.cl\/index.php\/wp-json\/wp\/v2\/types\/product"}],"replies":[{"embeddable":true,"href":"https:\/\/bibliotecajuridicavirtual.cl\/index.php\/wp-json\/wp\/v2\/comments?post=3232"}],"wp:featuredmedia":[{"embeddable":true,"href":"https:\/\/bibliotecajuridicavirtual.cl\/index.php\/wp-json\/wp\/v2\/media\/3277"}],"wp:attachment":[{"href":"https:\/\/bibliotecajuridicavirtual.cl\/index.php\/wp-json\/wp\/v2\/media?parent=3232"}],"wp:term":[{"taxonomy":"product_brand","embeddable":true,"href":"https:\/\/bibliotecajuridicavirtual.cl\/index.php\/wp-json\/wp\/v2\/product_brand?post=3232"},{"taxonomy":"product_cat","embeddable":true,"href":"https:\/\/bibliotecajuridicavirtual.cl\/index.php\/wp-json\/wp\/v2\/product_cat?post=3232"},{"taxonomy":"product_tag","embeddable":true,"href":"https:\/\/bibliotecajuridicavirtual.cl\/index.php\/wp-json\/wp\/v2\/product_tag?post=3232"}],"curies":[{"name":"wp","href":"https:\/\/api.w.org\/{rel}","templated":true}]}}

Investigación  Penal y Criminalidad Organizada. Año Septiembre 2023/212 Pág. Autor Ana Rodríguez Álvarez y Jeffry J. Mora Sánchez

<p style="font-weight: 400;">La idea de este libro se gestó en diferentes universidades, bibliotecas y cafés de Girona, Santiago de Compostela, Ciudad de México, Veracruz y San José de Costa Rica, durante el bienio 2022-2023, pero refleja inquietudes acumuladas durante muchísimos años. Nuestra intención no era otra que compilar una serie de trabajos, abortando cualquier pretensión de exhaustividad, sobre aquello que normalmente se denomina criminalidad organizada, pero desde un enfoque pluralista -en cuanto a la representación de diversos sistemas jurídicos y disímiles fenómenos criminales- y particularmente crítico, en contraposición a los textos esencialmente reproductivos de lege lata, que con normalidad nutren la bibliografía especializada.</p>
<p style="font-weight: 400;">Desde nuestra perspectiva, las normas programáticas internacionales en materia de criminalidad organizada, pese a generar cierta homogeneidad en el tratamiento local de estas manifestaciones delictivas, quizá han contribuido a la atrofia patológica de los sistemas judiciales en la actualidad, y esto por razones que, preliminarmente, parecen contradictorias, al corresponderse con un tratamiento penal poderosamente supra e infra inclusivo.</p>
<p style="font-weight: 400;">Por un lado, al tratarse de un concepto etéreo o una categoría frustrada, como la denomina Zaffaroni, cuando se habla de criminalidad organizada se incurre inevitablemente en un peligroso reduccionismo que descarta una multiplicidad de conductas severamente dañinas que no se han previsto en los textos legales y, por tanto, resultan impunes, máxime cuando el refinamiento de la actividad criminal de estructura empresarial, parece ir a un paso demasiado acelerado como para ser alcanzado por sistemas punitivos ralentizados, enfermos de corrupción y atados por la burocracia.</p>
<p style="font-weight: 400;">Esa misma deficiencia del concepto, delimitado a partir de un puñado de características que se estiman consustanciales al fenómeno, contribuye a lo que Vaz Ferreira llamó falsa precisión, falacia que “oculta hechos, desfigura o falsea interpretaciones, detiene la investigación, inhibe la profundización”. Esta suerte de vis clasificatoria generalmente encuentra buena acogida, pues se trata de una estrategia usual de simplificación que funciona como una poderosa arma retórica que, como problema adicional, permite incorporar conductas que distan de lo que se quería regular inicialmente bajo la nomenclatura de criminalidad organizada, es decir, se convierte en un sistema altamente sobre inclusivo, afectando, como es fácil prever, a los más débiles y no a los poderosos, instituyéndose una suerte de derecho penal del amigo.</p>
<p style="font-weight: 400;">Las personas lectoras de este libro tendrán la última palabra sobre el cumplimiento del objetivo trazado al inicio, al que ahora, luego de revisar con cautela las diversas investigaciones que se integran a la obra, se suma uno más: Pretendemos que el libro que usted estimado y estimada lectora tiene en sus manos no le deje indiferente, que le lleve al cuestionamiento del propio texto y de los sistemas jurídicos de su entorno, que le motive a plantearse alternativas distintas a las que ya han probado su rotundo fracaso pero, de forma incomprensible, continúan recetándose en los panfletos políticos de turno. Queremos, en fin, que usted repare en la multiplicidad de manifestaciones que puede tener lo que usualmente se etiqueta como crimen organizado y, a la vez, observe la complejidad de las estructuras sociales modernas, que nos enrostran nuevos retos y nos permiten pensar en respuestas también novedosas. Por muy romántica que esta pretensión parezca, la creemos imprescindible y, si en alguna medida la conseguimos, estaremos profundamente satisfechos.</p>
<p style="font-weight: 400;">Concluimos con la historia que da inicio al libro Fariña, y que da cuenta de la necesidad de avizorar nuevas alternativas cuando los resultados de cualquier iniciativa resultan injustos o deficientes. El relato dice así: “Un vecino mayor cruzaba a diario la frontera entre Galicia y Portugal en bicicleta, cargando siempre un saco al hombro. Cada vez que atravesaba a raia, la Guardia Civil le daba el alto y le preguntaba qué llevaba en el saco. El hombre, paciente y educado, mostraba siempre el contenido: «es solo carbón», explicaba. Y los agentes, mosqueados, lo dejaban pasar. En el otro lado se repetía la escena: la Guardia de Finanzas portuguesa (conocidos por los vecinos como guardinhas) también registraba el saco del hombre y lo dejaban seguir pedaleando. La misma escena se repitió durante años ante el malestar creciente de los guardias fronterizos. No solo eran incapaces de encontrarle material de contrabando, sino que en cada nueva pesquisa se manchaban el uniforme de carbón. Como en el cuento de Poe, en el que la Policía registra minuciosamente una casa en busca de una carta que ha estado todo ese tiempo en primer plano, el secreto del hombre de a raia estuvo todos esos años a la vista. Era un contrabandista de bicicletas”.</p>
<p style="font-weight: 400;">Los directores.</p>
<ul>
<li style="font-weight: 400;">La utilización de la circulación o entrega vigilada y el agente encubierto como mecanismos procesales de investigación policial en la lucha contra el crimen organizado en el sistema penal español.</li>
<li style="font-weight: 400;">La intervención de las comunicaciones telefónicas y telemáticas en el ordenamiento jurídico español: Un análisis crítico de sus disposiciones generales.</li>
<li style="font-weight: 400;">Delincuencia organizada en materia ambiental. Los problemas en torno a la investigación de los delitos.</li>
<li style="font-weight: 400;">Criminalidad organizada y el “efecto lázaro” de la ley procesal: Crónica de una imprudencia legislativa.</li>
<li style="font-weight: 400;">¿Cómo vaciar de contenido el principio constitucional de inviolabilidad de los documentos privados?: Diríjase la interpelación a la Sala Constitucional costarricense.</li>
<li style="font-weight: 400;">Avances y desafíos de la cooperación judicial penal europea en la lucha contra la delincuencia organizada.</li>
<li style="font-weight: 400;">Instrumentos para la lucha contra la difusión de contenidos terroristas en el ciberespacio de la unión europea.</li>
<li style="font-weight: 400;">Corresponsabilidad penal como criterio de aplicación del principio de oportunidad en Colombia. Marginalidad: Análisis desde la teoría de la culpabilidad por vulnerabilidad.</li>
<li style="font-weight: 400;">A investigação criminal da criminalidade organizada (uma visão a partir do ordenamento jurídico português).</li>
<li style="font-weight: 400;">La tutela dei diritti fondamentali nei procedimenti di criminalità organizzata.</li>
<li style="font-weight: 400;">La tutela de los derechos fundamentales en los procesos de criminalidad organizada.</li>
</ul>

<p>La idea de este libro se gestó en diferentes universidades, bibliotecas y cafés de Girona, Santiago de Compostela, Ciudad de México, Veracruz y San José de Costa Rica, durante el bienio 2022-2023, pero refleja inquietudes acumuladas durante muchísimos años. Nuestra intención no era otra que compilar una serie de trabajos, abortando cualquier pretensión de exhaustividad, sobre aquello que normalmente se denomina criminalidad organizada, pero desde un enfoque pluralista -en cuanto a la representación de diversos sistemas jurídicos y disímiles fenómenos criminales- y particularmente crítico, en contraposición a los textos esencialmente reproductivos de lege lata, que con normalidad nutren la bibliografía especializada. Desde nuestra perspectiva, las normas programáticas internacionales en materia de criminalidad organizada, pese a generar cierta homogeneidad en el tratamiento local de estas manifestaciones delictivas, quizá han contribuido a la atrofia patológica de los sistemas judiciales en la actualidad, y esto por razones que, preliminarmente, parecen contradictorias, al corresponderse con un tratamiento penal poderosamente supra e infra inclusivo. Por un lado, al tratarse de un concepto etéreo o una categoría frustrada, como la denomina Zaffaroni, cuando se habla de criminalidad organizada se incurre inevitablemente en un peligroso reduccionismo que descarta una multiplicidad de conductas severamente dañinas que no se han previsto en los textos legales y, por tanto, resultan impunes, máxime cuando el refinamiento de la actividad criminal de estructura empresarial, parece ir a un paso demasiado acelerado como para ser alcanzado por sistemas punitivos ralentizados, enfermos de corrupción y atados por la burocracia. Esa misma deficiencia del concepto, delimitado a partir de un puñado de características que se estiman consustanciales al fenómeno, contribuye a lo que Vaz Ferreira llamó falsa precisión, falacia que “oculta hechos, desfigura o falsea interpretaciones, detiene la investigación, inhibe la profundización”. Esta suerte de vis clasificatoria generalmente encuentra buena acogida, pues se trata de una estrategia usual de simplificación que funciona como una poderosa arma retórica que, como problema adicional, permite incorporar conductas que distan de lo que se quería regular inicialmente bajo la nomenclatura de criminalidad organizada, es decir, se convierte en un sistema altamente sobre inclusivo, afectando, como es fácil prever, a los más débiles y no a los poderosos, instituyéndose una suerte de derecho penal del amigo. Las personas lectoras de este libro tendrán la última palabra sobre el cumplimiento del objetivo trazado al inicio, al que ahora, luego de revisar con cautela las diversas investigaciones que se integran a la obra, se suma uno más: Pretendemos que el libro que usted estimado y estimada lectora tiene en sus manos no le deje indiferente, que le lleve al cuestionamiento del propio texto y de los sistemas jurídicos de su entorno, que le motive a plantearse alternativas distintas a las que ya han probado su rotundo fracaso pero, de forma incomprensible, continúan recetándose en los panfletos políticos de turno. Queremos, en fin, que usted repare en la multiplicidad de manifestaciones que puede tener lo que usualmente se etiqueta como crimen organizado y, a la vez, observe la complejidad de las estructuras sociales modernas, que nos enrostran nuevos retos y nos permiten pensar en respuestas también novedosas. Por muy romántica que esta pretensión parezca, la creemos imprescindible y, si en alguna medida la conseguimos, estaremos profundamente satisfechos. Concluimos con la historia que da inicio al libro Fariña, y que da cuenta de la necesidad de avizorar nuevas alternativas cuando los resultados de cualquier iniciativa resultan injustos o deficientes. El relato dice así: “Un vecino mayor cruzaba a diario la frontera entre Galicia y Portugal en bicicleta, cargando siempre un saco al hombro. Cada vez que atravesaba a raia, la Guardia Civil le daba el alto y le preguntaba qué llevaba en el saco. El hombre, paciente y educado, mostraba siempre el contenido: «es solo carbón», explicaba. Y los agentes, mosqueados, lo dejaban pasar. En el otro lado se repetía la escena: la Guardia de Finanzas portuguesa (conocidos por los vecinos como guardinhas) también registraba el saco del hombre y lo dejaban seguir pedaleando. La misma escena se repitió durante años ante el malestar creciente de los guardias fronterizos. No solo eran incapaces de encontrarle material de contrabando, sino que en cada nueva pesquisa se manchaban el uniforme de carbón. Como en el cuento de Poe, en el que la Policía registra minuciosamente una casa en busca de una carta que ha estado todo ese tiempo en primer plano, el secreto del hombre de a raia estuvo todos esos años a la vista. Era un contrabandista de bicicletas”. Los directores. La utilización de la circulación o entrega vigilada y el agente encubierto como mecanismos procesales de investigación policial en la lucha contra el crimen organizado en el sistema penal español. La intervención de las comunicaciones telefónicas y telemáticas en el ordenamiento jurídico español: Un análisis crítico de sus disposiciones generales. Delincuencia organizada en materia ambiental. Los problemas en torno a la investigación de los delitos. Criminalidad organizada y el “efecto lázaro” de la ley procesal: Crónica de una imprudencia legislativa. ¿Cómo vaciar de contenido el principio constitucional de inviolabilidad de los documentos privados?: Diríjase la interpelación a la Sala Constitucional costarricense. Avances y desafíos de la cooperación judicial penal europea en la lucha contra la delincuencia organizada. Instrumentos para la lucha contra la difusión de contenidos terroristas en el ciberespacio de la unión europea. Corresponsabilidad penal como criterio de aplicación del principio de oportunidad en Colombia. Marginalidad: Análisis desde la teoría de la culpabilidad por vulnerabilidad. A investigação criminal da criminalidade organizada (uma visão a partir do ordenamento jurídico português). La tutela dei diritti fondamentali nei procedimenti di criminalità organizzata. La tutela de los derechos fundamentales en los procesos de criminalidad organizada.</p>
