{"id":3238,"date":"2026-02-28T01:10:57","date_gmt":"2026-02-28T04:10:57","guid":{"rendered":"https:\/\/bibliotecajuridicavirtual.cl\/?post_type=product&#038;p=3238"},"modified":"2026-02-28T01:11:31","modified_gmt":"2026-02-28T04:11:31","slug":"constitucion-politica-de-la-republica-de-chile-vigesima-cuarta-edicion-ano-2024-1-340-pag-autor-alan-bronfman-vargas-jose-ignacio-martinez-estay","status":"publish","type":"product","link":"https:\/\/bibliotecajuridicavirtual.cl\/index.php\/product\/constitucion-politica-de-la-republica-de-chile-vigesima-cuarta-edicion-ano-2024-1-340-pag-autor-alan-bronfman-vargas-jose-ignacio-martinez-estay\/","title":{"rendered":"Constituci\u00f3n Pol\u00edtica de la Rep\u00fablica de Chile- Vig\u00e9sima Cuarta Edici\u00f3n. A\u00f1o 2024\/1.340 P\u00e1g. Autor  Alan Bronfman Vargas &#8211; Jos\u00e9 Ignacio Mart\u00ednez Estay"},"content":{"rendered":"<p style=\"font-weight: 400;\"><b><strong>Actualizado al 3 de enero de 2024.<\/strong><\/b><\/p>\n<p>El equipo de Thomson Reuters lleva d\u00e9cadas realizando este trabajo de actualizaci\u00f3n, con un nivel de excelencia dif\u00edcil de igualar y ampliamente reconocido por los profesionales del derecho.<\/p>\n<p style=\"font-weight: 400;\">Todo el valor diferencial de la edici\u00f3n impresa tambi\u00e9n la tienes en su versi\u00f3n digital, a trav\u00e9s de Proview.<\/p>\n<p style=\"font-weight: 400;\"><u><br \/>\nCaracter\u00edsticas<\/u><\/p>\n<p style=\"font-weight: 400;\"><b><strong>&#8211;\u00a0Respaldo de un Director<\/strong><\/b><br \/>\nCada c\u00f3digo cuenta con la supervisi\u00f3n de un abogado destacado en la materia, encargado de revisar anualmente las normas que componen el ap\u00e9ndice, concordancias, t\u00edtulos de art\u00edculos e \u00edndice tem\u00e1tico.<br \/>\n<b><strong><br \/>\n&#8211;\u00a0Ap\u00e9ndice normativo<\/strong><\/b><br \/>\nCompilaci\u00f3n y sistematizaci\u00f3n de normas complementarias al c\u00f3digo, indispensables para el ejercicio profesional.<\/p>\n<p style=\"font-weight: 400;\"><b><strong>&#8211;\u00a0T\u00edtulos en art\u00edculos del c\u00f3digo y del ap\u00e9ndice<\/strong><\/b><br \/>\nEn cada art\u00edculo del c\u00f3digo y en las normas del ap\u00e9ndice, se presenta una breve descripci\u00f3n de su contenido.<\/p>\n<p><b><strong>&#8211;\u00a0Concordancias<\/strong><\/b><br \/>\nMuestra la relaci\u00f3n entre art\u00edculos del mismo c\u00f3digo o con otras normas, cuando tratan sobre materias similares.<br \/>\n<b><strong><br \/>\n&#8211;\u00a0\u00cdndice tem\u00e1tico<\/strong><\/b><br \/>\nEsta secci\u00f3n, ubicada al final de cada c\u00f3digo, incluye diversos t\u00e9rminos jur\u00eddicos, contenidos en el mismo cuerpo legal, con referencia al n\u00famero del art\u00edculo en que se encuentra tratado el concepto.<br \/>\n<b><strong><br \/>\n&#8211;\u00a0Articulado y ap\u00e9ndice actualizados<\/strong><\/b><br \/>\nTodos los art\u00edculos est\u00e1n actualizados hasta la fecha de cierre de la edici\u00f3n de este c\u00f3digo.<\/p>\n<p style=\"font-weight: 400;\"><u><br \/>\nContenido<\/u><\/p>\n<p style=\"font-weight: 400;\"><b><strong>&#8211; CONSTITUCI\u00d3N POL\u00cdTICA DE LA REP\u00daBLICA<\/strong><\/b><\/p>\n<p style=\"font-weight: 400;\"><b><strong>&#8211; AP\u00c9NDICE CON LAS SIGUIENTES LEYES:<\/strong><\/b><\/p>\n<p style=\"font-weight: 400;\">\u2013 Ley N\u00ba 18.918. Ley Org\u00e1nica Constitucional del Congreso Nacional (D.O. de 5 de febrero de 1990)<\/p>\n<p style=\"font-weight: 400;\">\u2013 Decreto con Fuerza de Ley N\u00ba 5. Fija el texto refundido, coordinado y sistematizado de la Ley N\u00ba 17.997, Org\u00e1nica Constitucional del Tribunal Constitucional (D.O. de 10 de agosto de 2010)<\/p>\n<p style=\"font-weight: 400;\">\u2013 Ley N\u00ba 18.838. Crea el Consejo Nacional de Televisi\u00f3n (D.O. de 30 de septiembre de 1989)<\/p>\n<p style=\"font-weight: 400;\">\u2013 Ley N\u00ba 18.460. Ley Org\u00e1nica Constitucional sobre el Tribunal Calificador de Elecciones (D.O. de 15 de noviembre de 1985)<\/p>\n<p style=\"font-weight: 400;\">\u2013 Decreto con Fuerza de Ley N\u00ba 5. Fija el texto refundido, coordinado y sistematizado de la Ley N\u00ba 18.556, Org\u00e1nica Constitucional sobre Sistema de Inscripciones Electorales y Servicio Electoral (D.O. de 6 de septiembre de 2017)<\/p>\n<p style=\"font-weight: 400;\">\u2013 Decreto con Fuerza de Ley N\u00ba 4. Fija el texto refundido, coordinado y sistematizado de la Ley N\u00ba 18.603, Org\u00e1nica Constitucional de los Partidos Pol\u00edticos (D.O. de 6 de septiembre de 2017)<\/p>\n<p style=\"font-weight: 400;\">\u2013 Decreto con Fuerza de Ley N\u00ba 2. Fija el texto refundido, coordinado y sistematizado de la Ley N\u00ba 18.700, Org\u00e1nica Constitucional sobre Votaciones Populares y Escrutinios (D.O. de 6 de septiembre de 2017)<\/p>\n<p style=\"font-weight: 400;\">\u2013 Ley N\u00ba 20.556. Facilita el proceso de Inscripci\u00f3n Electoral Autom\u00e1tica (D.O. de 14 de diciembre de 2011)<\/p>\n<p style=\"font-weight: 400;\">\u2013 Ley N\u00ba 18.593. Ley de los Tribunales Electorales Regionales (D.O. de 9 de enero de 1987)<\/p>\n<p style=\"font-weight: 400;\">\u2013 Decreto con Fuerza de Ley N\u00ba 3. Fija el texto refundido, coordinado y sistematizado de la Ley N\u00ba 19.884, Org\u00e1nica Constitucional sobre transparencia, l\u00edmite y control del gasto electoral (D.O. de 6 de septiembre de 2017)<\/p>\n<p style=\"font-weight: 400;\">\u2013 Decreto con Fuerza de Ley N\u00ba 1-19.653. Fija texto refundido, coordinado y sistematizado de la Ley N\u00ba 18.575, Org\u00e1nica Constitucional de Bases Generales de la Administraci\u00f3n del Estado (D.O. de 17 de noviembre de 2001)<\/p>\n<p style=\"font-weight: 400;\">\u2013 Decreto con Fuerza de Ley N\u00ba 1-19.175. Fija el texto refundido, coordinado, sistematizado y actualizado de la Ley N\u00ba 19.175, Org\u00e1nica Constitucional sobre Gobierno y Administraci\u00f3n Regional (D.O. de 8 de noviembre de 2005)<\/p>\n<p style=\"font-weight: 400;\">\u2013 Decreto con Fuerza de Ley N\u00ba 1. Fija texto refundido, coordinado y sistematizado de la Ley N\u00ba 18.695, Org\u00e1nica Constitucional de Municipalidades (D.O. de 26 de julio de 2006)<\/p>\n<p style=\"font-weight: 400;\">\u2013 Ley N\u00ba 18.415. Ley Org\u00e1nica Constitucional de los estados de excepci\u00f3n (D.O. de 14 de junio de 1985)<\/p>\n<p style=\"font-weight: 400;\">\u2013 Ley N\u00ba 18.948. Ley Org\u00e1nica Constitucional de las Fuerzas Armadas (D.O. de 27 de febrero de 1990)<\/p>\n<p style=\"font-weight: 400;\">\u2013 Ley N\u00ba 18.961. Ley Org\u00e1nica Constitucional de Carabineros de Chile (D.O. de 7 de marzo de 1990)<\/p>\n<p style=\"font-weight: 400;\">\u2013 Decreto Supremo N\u00ba 1.086. Reuniones p\u00fablicas (D.O. de 16 de septiembre de 1983)<\/p>\n<p style=\"font-weight: 400;\">\u2013 Ley de 6 de julio de 1878. Determina c\u00f3mo deben computarse las fracciones en votaciones o qu\u00f3rum de corporaciones sea para tomar acuerdos o celebrar sesiones (D.O. de 6 de julio de 1878)<\/p>\n<p style=\"font-weight: 400;\">\u2013 Ley N\u00ba 19.733. Sobre libertades de opini\u00f3n e informaci\u00f3n y ejercicio del periodismo (D.O. de 4 de junio de 2001)<\/p>\n<p style=\"font-weight: 400;\">\u2013 Ley N\u00ba 19.628. Sobre Protecci\u00f3n de la Vida Privada (D.O. de 28 de agosto de 1999)<\/p>\n<p style=\"font-weight: 400;\">\u2013 Ley N\u00ba 19.638. Establece Normas sobre la Constituci\u00f3n Jur\u00eddica de las Iglesias y Organizaciones Religiosas (D.O. de 14 de octubre de 1999)<\/p>\n<p style=\"font-weight: 400;\">\u2013 Decreto con Fuerza de Ley N\u00ba 2. Fija texto refundido, coordinado y sistematizado de la Ley N\u00ba 20.370 con las Normas no derogadas del Decreto con Fuerza de Ley N\u00ba 1, de 2005 (D.O. de 2 de julio de 2010)<\/p>\n<p style=\"font-weight: 400;\">\u2013 Decreto Supremo N\u00ba 5.142. Fija el texto refundido de las disposiciones sobre nacionalizaci\u00f3n de extranjeros (D.O. de 29 de octubre de 1960)<\/p>\n<p style=\"font-weight: 400;\">\u2013 Texto Refundido del Auto Acordado sobre Tramitaci\u00f3n y Fallo del Recurso de Protecci\u00f3n de las Garant\u00edas Constitucionales (D.O. de 28 de agosto de 2015)<\/p>\n<p style=\"font-weight: 400;\">\u2013 Auto Acordado que reglamenta el procedimiento para obtener la declaraci\u00f3n previa al ejercicio de la acci\u00f3n indemnizatoria que concede la letra i) del N\u00ba 7 del art\u00edculo 19 de la Constituci\u00f3n Pol\u00edtica de la Rep\u00fablica (D.O. de 24 de mayo de 1996)<\/p>\n<p style=\"font-weight: 400;\">\u2013 Ley N\u00ba 18.971. Establece recurso especial que indica (D.O. de 10 de marzo de 1990)<\/p>\n<p style=\"font-weight: 400;\">\u2013 Ley N\u00ba 19.300. Aprueba Ley sobre Bases Generales del Medio Ambiente (D.O. de 9 de marzo de 1994)<\/p>\n<p style=\"font-weight: 400;\">\u2013 Decreto N\u00ba 778. Promulga el Pacto Internacional de Derechos Civiles y Pol\u00edticos adoptado por la Asamblea General de la Organizaci\u00f3n de las Naciones Unidas por Resoluci\u00f3n N\u00ba 2.200, el 16 de diciembre de 1966 y suscrito por Chile en esa misma fecha (D.O. de 29 de abril de 1989)<\/p>\n<p style=\"font-weight: 400;\">\u2013 Decreto N\u00ba 326. Promulga el Pacto Internacional de Derechos Econ\u00f3micos, Sociales y Culturales adoptado por la Asamblea General de la Organizaci\u00f3n de las Naciones Unidas el 19 de diciembre de 1966, suscrito por Chile el 16 de septiembre de 1969 (D.O. de 27 de mayo de 1989)<\/p>\n<p style=\"font-weight: 400;\">\u2013 Decreto N\u00ba 873. Aprueba Convenci\u00f3n Americana sobre Derechos Humanos, denominada \u201cPacto de San Jos\u00e9 de Costa Rica\u201d (D.O. de 5 de enero de 1991)<\/p>\n<p style=\"font-weight: 400;\">\u2013 Decreto N\u00ba 830. Promulga Convenci\u00f3n sobre los Derechos del Ni\u00f1o (D.O. de 27 de septiembre de 1990)<\/p>\n<p style=\"font-weight: 400;\">\u2013 Decreto N\u00ba 162. Promulga la Convenci\u00f3n Interamericana sobre la Protecci\u00f3n de los Derechos Humanos de las Personas Mayores (D.O. de 7 de octubre de 2017)<\/p>\n<p style=\"font-weight: 400;\">\u2013 Decreto N\u00ba 201. Promulga la Convenci\u00f3n de las Naciones Unidas sobre los derechos de las personas con discapacidad y su protocolo facultativo (D.O. de 17 de septiembre de 2008)<\/p>\n<p style=\"font-weight: 400;\">\u2013 Decreto N\u00ba 99. Promulga la Convenci\u00f3n Interamericana para la eliminaci\u00f3n de todas las formas de discriminaci\u00f3n contra las personas con discapacidad (D.O. de 20 de junio de 2002)<\/p>\n<p style=\"font-weight: 400;\">\u2013 Ley N\u00ba 19.880. Establece Base de los Procedimientos Administrativos que rigen los actos de los \u00f3rganos de la Administraci\u00f3n del Estado (D.O. de 29 de mayo de 2003)<\/p>\n<p style=\"font-weight: 400;\">\u2013 Ley N\u00ba 21.325. Ley de Migraci\u00f3n y Extranjer\u00eda (D.O. de 20 de abril de 2021)<\/p>\n<p style=\"font-weight: 400;\">Lista de Tratados Internacionales<\/p>\n<p style=\"font-weight: 400;\">\n<p><b><strong>MODIFICACIONES INCORPORADAS A ESTA EDICI\u00d3N<\/strong><\/b><\/p>\n<p style=\"font-weight: 400;\">Modificaciones introducidas a esta edici\u00f3n en el per\u00edodo comprendido entre el 1 de enero de 2002 y el 3 de enero de 2024:<\/p>\n<p style=\"font-weight: 400;\">\u2013 El art\u00edculo 2\u00b0 de la Ley N\u00ba 21.638, publicada en el Diario Oficial de 26 de diciembre de 2023, modifica el art\u00edculo 2\u00b0 quinquies de la Ley N\u00ba 18.961, Org\u00e1nica Constitucional de Carabineros de Chile.<\/p>\n<p style=\"font-weight: 400;\">\u2013 El art\u00edculo octavo de la Ley N\u00ba 21.634, publicada en el Diario Oficial de 11 de diciembre de 2023, modifica los art\u00edculos 35, 65 y 66, del D.F.L. N\u00ba 1, que Fija el texto refundido, coordinado, sistematizado de la Ley N\u00ba 18.695, Org\u00e1nica Constitucional de Municipalidades.<\/p>\n<p style=\"font-weight: 400;\">\u2013 El art\u00edculo \u00fanico de la Ley N\u00ba 21.626, publicada en el Diario Oficial de 7 de noviembre de 2023, modifica el art\u00edculo 159 de la Constituci\u00f3n Pol\u00edtica de la Rep\u00fablica.<\/p>\n<p style=\"font-weight: 400;\">\u2013 El art\u00edculo \u00fanico de la Ley N\u00ba 21.619, publicada en el Diario Oficial de 19 de octubre de 2023, modifica el art\u00edculo 18 de la Ley N\u00ba 18.838, que Crea el Consejo Nacional de Televisi\u00f3n.<\/p>\n<p style=\"font-weight: 400;\">\u2013 El art\u00edculo \u00fanico de la Ley N\u00ba 21.615, publicada en el Diario Oficial de 13 de octubre de 2023, modifica el art\u00edculo 185 del Decreto con Fuerza de Ley N\u00ba 2, que Fija el texto refundido, coordinado y sistematizado de la Ley N\u00ba 18.700, Org\u00e1nica Constitucional sobre Votaciones Populares y Escrutinios.<\/p>\n<p style=\"font-weight: 400;\">\u2013 El art\u00edculo 2\u00ba de la Ley N\u00ba 21.610, publicada en el Diario Oficial de 22 de septiembre de 2023, modifica el art\u00edculo 100 de la Ley N\u00ba 21.325, de Migraci\u00f3n y Extranjer\u00eda.<\/p>\n<p style=\"font-weight: 400;\">\u2013 El art\u00edculo 1\u00ba de la Ley N\u00ba 21.602, publicada en el Diario Oficial de 7 de septiembre de 2023, modifica los art\u00edculos 2\u00ba ter y 16 de la Ley N\u00ba 18.961, Org\u00e1nica Constitucional de Carabineros de Chile.<\/p>\n<p style=\"font-weight: 400;\">\u2013 El art\u00edculo 144 de la Ley N\u00ba 21.600, publicada en el Diario Oficial de 6 de septiembre de 2023, modifica los art\u00edculos 10, 34, 35, 37.42, 64, 70 y 71 de la Ley N\u00ba 19.300, sobre Bases Generales del Medio Ambiente.<\/p>\n<p style=\"font-weight: 400;\">\u2013 El art\u00edculo \u00fanico de la Ley N\u00ba 21.589, publicada en el Diario oficial de 18 de agosto de 2023, modifica los art\u00edculos 5\u00ba, 132, 132 bis, 147 y 166 de la Ley N\u00ba 21.325, de Migraci\u00f3n y Extranjer\u00eda.<\/p>\n<p style=\"font-weight: 400;\">\u2013 El art\u00edculo 16 de la Ley N\u00ba 21.591, publicada en el Diario Oficial de 10 de agosto de 2023, modifica el art\u00edculo 14 del Decreto con Fuerza de Ley N\u00ba 1, que Fija el texto refundido, coordinado, sistematizado de la Ley N\u00ba 18.695, Org\u00e1nica Constitucional de Municipalidades.<\/p>\n<p style=\"font-weight: 400;\">\u2013 El art\u00edculo \u00fanico de la Ley N\u00ba 21.590, publicada en el Diario Oficial de 7 de agosto de 2023, modifica el art\u00edculo 134 de la Ley N\u00ba 21.325, de Migraci\u00f3n y Extranjer\u00eda.<\/p>\n<p style=\"font-weight: 400;\">\u2013 El art\u00edculo 14 de la Ley N\u00ba 21.582, publicada en el Diario Oficial de 7 de julio de 2023, modifica el art\u00edculo 13 de la Ley N\u00ba 19.880, que Establece Bases de los procedimientos administrativos que rigen los actos de los \u00f3rganos de la Administraci\u00f3n del Estado.<\/p>\n<p style=\"font-weight: 400;\">\u2013 El art\u00edculo 15 de la Ley N\u00ba 21.582, publicada en el Diario Oficial de 7 de julio de 2023, modifica el art\u00edculo 169 del Decreto con Fuerza de Ley N\u00ba 2, que Fija el texto refundido, coordinado y sistematizado de la Ley N\u00ba 18.700, Org\u00e1nica Constitucional sobre Votaciones Populares y Escrutinios.<\/p>\n<p style=\"font-weight: 400;\">\u2013 El art\u00edculo \u00fanico de la Ley N\u00ba 21.562, publicada en el Diario oficial de 29 de mayo de 2023, modifica los art\u00edculos 2\u00ba, 11, 16, 43, 43 bis, 44 y 46, de la Ley N\u00ba 19.300, sobre Bases Generales del Medio Ambiente.<\/p>\n<p style=\"font-weight: 400;\">\u2013 El art\u00edculo \u00fanico de la Ley N\u00ba 21.574, publicada en el Diario Oficial de 4 de mayo de 2023, modifica el art\u00edculo 144 de la Constituci\u00f3n Pol\u00edtica de la Rep\u00fablica.<\/p>\n<p style=\"font-weight: 400;\">\u2013 El art\u00edculo \u00fanico de la Ley N\u00ba 21.568, publicada en el Diario Oficial de 3 de mayo de 2023, modifica el art\u00edculo 19 de la Constituci\u00f3n Pol\u00edtica de la Rep\u00fablica.<\/p>\n<p style=\"font-weight: 400;\">\u2013 El art\u00edculo 8\u00ba de la Ley N\u00ba 21.560, publicada en el Diario Oficial de 10 de abril de 2023, modifica los art\u00edculos 35 bis y 84 bis, de la Ley N\u00ba 18.961, Org\u00e1nica Constitucional de Carabineros de Chile.<\/p>\n<p style=\"font-weight: 400;\">\u2013 El art\u00edculo 10\u00ba de la Ley N\u00ba 21.544, publicada en el Diario Oficial de 9 de febrero de 2023, modifica los art\u00edculos 11, 13 y 23 del Decreto con Fuerza de Ley N\u00ba 2, que Fija el texto refundido, coordinado y sistematizado de la Ley N\u00ba 20.370 con las normas no derogadas del Decreto con Fuerza de Ley N\u00ba 1 de 2005.<\/p>\n<p style=\"font-weight: 400;\">\u2013 El art\u00edculo primero de la Ley N\u00ba 21.542, publicada en el Diario Oficial de 3 de febrero de 2023, modifica el art\u00edculo 32 de la Constituci\u00f3n Pol\u00edtica de la Rep\u00fablica.<\/p>\n<p style=\"font-weight: 400;\">\u2013 El art\u00edculo segundo de la Ley N\u00ba 21.542, publicada en el Diario Oficial de 3 de febrero de 2023, agrega la disposici\u00f3n quincuag\u00e9sima tercera transitoria a la Constituci\u00f3n Pol\u00edtica de la Rep\u00fablica.<\/p>\n<p style=\"font-weight: 400;\">\u2013 El art\u00edculo 1\u00ba de la Ley N\u00ba 21.534, publicada en el Diario Oficial de 31 de enero de 2023, modifica el art\u00edculo 37 del Decreto con Fuerza de Ley N\u00ba 1, que Fija el texto refundido, coordinado y sistematizado de la Ley N\u00ba 19.175, Org\u00e1nica Constitucional sobre Gobierno y Administraci\u00f3n Regional.<\/p>\n<p style=\"font-weight: 400;\">\u2013 El art\u00edculo 2\u00ba de la Ley N\u00ba 21.534, publicada en el Diario Oficial de 31 de enero de 2023, modifica el art\u00edculo 84 del Decreto con Fuerza de Ley N\u00ba 1, que Fija el texto refundido, coordinado y sistematizado de la Ley N\u00ba 18.695, Org\u00e1nica Constitucional de Municipalidades.<\/p>\n<p style=\"font-weight: 400;\">\u2013 El art\u00edculo \u00fanico de la Ley N\u00ba 21.535, publicada en el Diario Oficial de 27 de enero de 2023, modifica el art\u00edculo 66 de la Constituci\u00f3n Pol\u00edtica de la Rep\u00fablica.<\/p>\n<p style=\"font-weight: 400;\">\u2013 El art\u00edculo \u00fanico de la Ley N\u00ba 21.533, publicada en el Diario Oficial de 17 de enero de 2023, agrega los art\u00edculos 144 a 161 y la disposici\u00f3n quincuag\u00e9sima segunda transitoria a la Constituci\u00f3n Pol\u00edtica de la Rep\u00fablica.<\/p>\n","protected":false},"excerpt":{"rendered":"<p>Actualizado al 3 de enero de 2024. El equipo de Thomson Reuters lleva d\u00e9cadas realizando este trabajo de actualizaci\u00f3n, con un nivel de excelencia dif\u00edcil de igualar y ampliamente reconocido por los profesionales del derecho. Todo el valor diferencial de la edici\u00f3n impresa tambi\u00e9n la tienes en su versi\u00f3n digital, a trav\u00e9s de Proview. Caracter\u00edsticas &#8211;\u00a0Respaldo de un Director Cada c\u00f3digo cuenta con la supervisi\u00f3n de un abogado destacado en la materia, encargado de revisar anualmente las normas que componen el ap\u00e9ndice, concordancias, t\u00edtulos de art\u00edculos e \u00edndice tem\u00e1tico. &#8211;\u00a0Ap\u00e9ndice normativo Compilaci\u00f3n y sistematizaci\u00f3n de normas complementarias al c\u00f3digo, indispensables para el ejercicio profesional. &#8211;\u00a0T\u00edtulos en art\u00edculos del c\u00f3digo y del ap\u00e9ndice En cada art\u00edculo del c\u00f3digo y en las normas del ap\u00e9ndice, se presenta una breve descripci\u00f3n de su contenido. &#8211;\u00a0Concordancias Muestra la relaci\u00f3n entre art\u00edculos del mismo c\u00f3digo o con otras normas, cuando tratan sobre materias similares. &#8211;\u00a0\u00cdndice tem\u00e1tico Esta secci\u00f3n, ubicada al final de cada c\u00f3digo, incluye diversos t\u00e9rminos jur\u00eddicos, contenidos en el mismo cuerpo legal, con referencia al n\u00famero del art\u00edculo en que se encuentra tratado el concepto. &#8211;\u00a0Articulado y ap\u00e9ndice actualizados Todos los art\u00edculos est\u00e1n actualizados hasta la fecha de cierre de la edici\u00f3n de este c\u00f3digo. Contenido &#8211; CONSTITUCI\u00d3N POL\u00cdTICA DE LA REP\u00daBLICA &#8211; AP\u00c9NDICE CON LAS SIGUIENTES LEYES: \u2013 Ley N\u00ba 18.918. Ley Org\u00e1nica Constitucional del Congreso Nacional (D.O. de 5 de febrero de 1990) \u2013 Decreto con Fuerza de Ley N\u00ba 5. Fija el texto refundido, coordinado y sistematizado de la Ley N\u00ba 17.997, Org\u00e1nica Constitucional del Tribunal Constitucional (D.O. de 10 de agosto de 2010) \u2013 Ley N\u00ba 18.838. Crea el Consejo Nacional de Televisi\u00f3n (D.O. de 30 de septiembre de 1989) \u2013 Ley N\u00ba 18.460. Ley Org\u00e1nica Constitucional sobre el Tribunal Calificador de Elecciones (D.O. de 15 de noviembre de 1985) \u2013 Decreto con Fuerza de Ley N\u00ba 5. Fija el texto refundido, coordinado y sistematizado de la Ley N\u00ba 18.556, Org\u00e1nica Constitucional sobre Sistema de Inscripciones Electorales y Servicio Electoral (D.O. de 6 de septiembre de 2017) \u2013 Decreto con Fuerza de Ley N\u00ba 4. Fija el texto refundido, coordinado y sistematizado de la Ley N\u00ba 18.603, Org\u00e1nica Constitucional de los Partidos Pol\u00edticos (D.O. de 6 de septiembre de 2017) \u2013 Decreto con Fuerza de Ley N\u00ba 2. Fija el texto refundido, coordinado y sistematizado de la Ley N\u00ba 18.700, Org\u00e1nica Constitucional sobre Votaciones Populares y Escrutinios (D.O. de 6 de septiembre de 2017) \u2013 Ley N\u00ba 20.556. Facilita el proceso de Inscripci\u00f3n Electoral Autom\u00e1tica (D.O. de 14 de diciembre de 2011) \u2013 Ley N\u00ba 18.593. Ley de los Tribunales Electorales Regionales (D.O. de 9 de enero de 1987) \u2013 Decreto con Fuerza de Ley N\u00ba 3. Fija el texto refundido, coordinado y sistematizado de la Ley N\u00ba 19.884, Org\u00e1nica Constitucional sobre transparencia, l\u00edmite y control del gasto electoral (D.O. de 6 de septiembre de 2017) \u2013 Decreto con Fuerza de Ley N\u00ba 1-19.653. Fija texto refundido, coordinado y sistematizado de la Ley N\u00ba 18.575, Org\u00e1nica Constitucional de Bases Generales de la Administraci\u00f3n del Estado (D.O. de 17 de noviembre de 2001) \u2013 Decreto con Fuerza de Ley N\u00ba 1-19.175. Fija el texto refundido, coordinado, sistematizado y actualizado de la Ley N\u00ba 19.175, Org\u00e1nica Constitucional sobre Gobierno y Administraci\u00f3n Regional (D.O. de 8 de noviembre de 2005) \u2013 Decreto con Fuerza de Ley N\u00ba 1. Fija texto refundido, coordinado y sistematizado de la Ley N\u00ba 18.695, Org\u00e1nica Constitucional de Municipalidades (D.O. de 26 de julio de 2006) \u2013 Ley N\u00ba 18.415. Ley Org\u00e1nica Constitucional de los estados de excepci\u00f3n (D.O. de 14 de junio de 1985) \u2013 Ley N\u00ba 18.948. Ley Org\u00e1nica Constitucional de las Fuerzas Armadas (D.O. de 27 de febrero de 1990) \u2013 Ley N\u00ba 18.961. Ley Org\u00e1nica Constitucional de Carabineros de Chile (D.O. de 7 de marzo de 1990) \u2013 Decreto Supremo N\u00ba 1.086. Reuniones p\u00fablicas (D.O. de 16 de septiembre de 1983) \u2013 Ley de 6 de julio de 1878. Determina c\u00f3mo deben computarse las fracciones en votaciones o qu\u00f3rum de corporaciones sea para tomar acuerdos o celebrar sesiones (D.O. de 6 de julio de 1878) \u2013 Ley N\u00ba 19.733. Sobre libertades de opini\u00f3n e informaci\u00f3n y ejercicio del periodismo (D.O. de 4 de junio de 2001) \u2013 Ley N\u00ba 19.628. Sobre Protecci\u00f3n de la Vida Privada (D.O. de 28 de agosto de 1999) \u2013 Ley N\u00ba 19.638. Establece Normas sobre la Constituci\u00f3n Jur\u00eddica de las Iglesias y Organizaciones Religiosas (D.O. de 14 de octubre de 1999) \u2013 Decreto con Fuerza de Ley N\u00ba 2. Fija texto refundido, coordinado y sistematizado de la Ley N\u00ba 20.370 con las Normas no derogadas del Decreto con Fuerza de Ley N\u00ba 1, de 2005 (D.O. de 2 de julio de 2010) \u2013 Decreto Supremo N\u00ba 5.142. Fija el texto refundido de las disposiciones sobre nacionalizaci\u00f3n de extranjeros (D.O. de 29 de octubre de 1960) \u2013 Texto Refundido del Auto Acordado sobre Tramitaci\u00f3n y Fallo del Recurso de Protecci\u00f3n de las Garant\u00edas Constitucionales (D.O. de 28 de agosto de 2015) \u2013 Auto Acordado que reglamenta el procedimiento para obtener la declaraci\u00f3n previa al ejercicio de la acci\u00f3n indemnizatoria que concede la letra i) del N\u00ba 7 del art\u00edculo 19 de la Constituci\u00f3n Pol\u00edtica de la Rep\u00fablica (D.O. de 24 de mayo de 1996) \u2013 Ley N\u00ba 18.971. Establece recurso especial que indica (D.O. de 10 de marzo de 1990) \u2013 Ley N\u00ba 19.300. Aprueba Ley sobre Bases Generales del Medio Ambiente (D.O. de 9 de marzo de 1994) \u2013 Decreto N\u00ba 778. Promulga el Pacto Internacional de Derechos Civiles y Pol\u00edticos adoptado por la Asamblea General de la Organizaci\u00f3n de las Naciones Unidas por Resoluci\u00f3n N\u00ba 2.200, el 16 de diciembre de 1966 y suscrito por Chile en esa misma fecha (D.O. de 29 de abril de 1989) \u2013 Decreto N\u00ba 326. Promulga el Pacto Internacional de Derechos Econ\u00f3micos, Sociales y Culturales adoptado por la Asamblea General de la Organizaci\u00f3n de las Naciones Unidas el 19 de diciembre de 1966, suscrito por Chile el 16 de septiembre de<\/p>\n","protected":false},"featured_media":3283,"comment_status":"open","ping_status":"closed","template":"","meta":{"inline_featured_image":false,"_joinchat":[]},"product_brand":[],"product_cat":[33,42],"product_tag":[],"class_list":{"0":"post-3238","1":"product","2":"type-product","3":"status-publish","4":"has-post-thumbnail","6":"product_cat-constitucional","7":"product_cat-thomson-reuters","8":"product_shipping_class-a-convenir","10":"first","11":"instock","12":"shipping-taxable","13":"purchasable","14":"product-type-simple"},"_links":{"self":[{"href":"https:\/\/bibliotecajuridicavirtual.cl\/index.php\/wp-json\/wp\/v2\/product\/3238","targetHints":{"allow":["GET"]}}],"collection":[{"href":"https:\/\/bibliotecajuridicavirtual.cl\/index.php\/wp-json\/wp\/v2\/product"}],"about":[{"href":"https:\/\/bibliotecajuridicavirtual.cl\/index.php\/wp-json\/wp\/v2\/types\/product"}],"replies":[{"embeddable":true,"href":"https:\/\/bibliotecajuridicavirtual.cl\/index.php\/wp-json\/wp\/v2\/comments?post=3238"}],"wp:featuredmedia":[{"embeddable":true,"href":"https:\/\/bibliotecajuridicavirtual.cl\/index.php\/wp-json\/wp\/v2\/media\/3283"}],"wp:attachment":[{"href":"https:\/\/bibliotecajuridicavirtual.cl\/index.php\/wp-json\/wp\/v2\/media?parent=3238"}],"wp:term":[{"taxonomy":"product_brand","embeddable":true,"href":"https:\/\/bibliotecajuridicavirtual.cl\/index.php\/wp-json\/wp\/v2\/product_brand?post=3238"},{"taxonomy":"product_cat","embeddable":true,"href":"https:\/\/bibliotecajuridicavirtual.cl\/index.php\/wp-json\/wp\/v2\/product_cat?post=3238"},{"taxonomy":"product_tag","embeddable":true,"href":"https:\/\/bibliotecajuridicavirtual.cl\/index.php\/wp-json\/wp\/v2\/product_tag?post=3238"}],"curies":[{"name":"wp","href":"https:\/\/api.w.org\/{rel}","templated":true}]}}