{"id":3244,"date":"2026-02-28T01:10:57","date_gmt":"2026-02-28T04:10:57","guid":{"rendered":"https:\/\/bibliotecajuridicavirtual.cl\/?post_type=product&#038;p=3244"},"modified":"2026-02-28T01:11:43","modified_gmt":"2026-02-28T04:11:43","slug":"manual-de-proceso-civil-ordinario-ano-2024-316-pag-autor-jordi-delgado-castro-y-ivan-hunter-ampuero","status":"publish","type":"product","link":"https:\/\/bibliotecajuridicavirtual.cl\/index.php\/product\/manual-de-proceso-civil-ordinario-ano-2024-316-pag-autor-jordi-delgado-castro-y-ivan-hunter-ampuero\/","title":{"rendered":"Manual de Proceso Civil Ordinario. A\u00f1o 2024\/ 316 P\u00e1g. Autor  Jordi Delgado Castro y Iv\u00e1n Hunter Ampuero"},"content":{"rendered":"<p>Tabla de Contenido<\/p>\n<p>UNIDAD 1. ACCI\u00d3N, JURISDICCI\u00d3N Y PROCESO\u00a0\u00a0 \u00a07<br \/>\nI. Derecho Fundamental de Acci\u00f3n\u00a0\u00a0 \u00a07<br \/>\nII. Elementos comunes a todo proceso\u00a0\u00a0 \u00a08<br \/>\n1. Conflicto\u00a0\u00a0 \u00a08<br \/>\n2. Partes\u00a0\u00a0 \u00a09<br \/>\n3. Juez\u00a0\u00a0 \u00a09<br \/>\nIII. Proceso y procedimiento\u00a0\u00a0 \u00a010<br \/>\nUNIDAD 2. NORMAS COMUNES A TODO PROCEDIMIENTO\u00a0\u00a0 \u00a012<br \/>\nI. Cuestiones generales\u00a0\u00a0 \u00a012<br \/>\n1. Concepto\u00a0\u00a0 \u00a012<br \/>\n2. Ubicaci\u00f3n\u00a0\u00a0 \u00a013<br \/>\n3. \u00c1mbito de aplicaci\u00f3n\u00a0\u00a0 \u00a013<br \/>\n4. Enumeraci\u00f3n\u00a0\u00a0 \u00a015<br \/>\nII. Las actuaciones judiciales\u00a0\u00a0 \u00a015<br \/>\n1. Concepto\u00a0\u00a0 \u00a015<br \/>\n2. Regulaci\u00f3n\u00a0\u00a0 \u00a016<br \/>\n3. Clasificaci\u00f3n\u00a0\u00a0 \u00a016<br \/>\n4. Requisitos de las actuaciones judiciales\u00a0\u00a0 \u00a016<br \/>\n5. Forma en que se decretan las actuaciones judiciales\u00a0\u00a0 \u00a018<br \/>\n6. Ley de tramitaci\u00f3n electr\u00f3nica \u00a0(Ley N\u00ba 20.886)\u00a0\u00a0 \u00a019<br \/>\nIII. Incidentes\u00a0\u00a0 \u00a024<br \/>\n1. Concepto\u00a0\u00a0 \u00a024<br \/>\n2. Clasificaci\u00f3n de los incidentes\u00a0\u00a0 \u00a025<br \/>\n3. El incidente ordinario\u00a0\u00a0 \u00a026<br \/>\n4. Abandono del procedimiento\u00a0\u00a0 \u00a028<br \/>\nIV. Nulidad procesal\u00a0\u00a0 \u00a034<br \/>\n1. Concepto\u00a0\u00a0 \u00a034<br \/>\n2. Regulaci\u00f3n\u00a0\u00a0 \u00a035<br \/>\n3. Caracter\u00edsticas y principios que la rigen\u00a0\u00a0 \u00a035<br \/>\n4. Principio de trascendencia del acto ilegal\u00a0\u00a0 \u00a037<br \/>\n5. Plazo para alegar la nulidad\u00a0\u00a0 \u00a037<br \/>\n6. Extensi\u00f3n de la declaraci\u00f3n de nulidad procesal\u00a0\u00a0 \u00a038<br \/>\nV. Las partes\u00a0\u00a0 \u00a038<br \/>\n1. Concepto\u00a0\u00a0 \u00a038<br \/>\n2. Clases de relaci\u00f3n procesal: simple y m\u00faltiple\u00a0\u00a0 \u00a039<br \/>\n3. Capacidad para ser parte y capacidad procesal\u00a0\u00a0 \u00a040<br \/>\n4. Pluralidad de partes: Litisconsorcio\u00a0\u00a0 \u00a042<br \/>\nVI. Terceros\u00a0\u00a0 \u00a046<br \/>\n1. Concepto\u00a0\u00a0 \u00a046<br \/>\n2. Fundamento\u00a0\u00a0 \u00a047<br \/>\n3. Clases de intervenci\u00f3n de los terceros\u00a0\u00a0 \u00a047<br \/>\nVII. Plazos\u00a0\u00a0 \u00a053<br \/>\n1. Concepto\u00a0\u00a0 \u00a053<br \/>\n2. Plazos legales\u00a0\u00a0 \u00a054<br \/>\n3. Plazos Judiciales\u00a0\u00a0 \u00a055<br \/>\n4. Plazos convencionales\u00a0\u00a0 \u00a055<br \/>\n5. Importancia y efectos\u00a0\u00a0 \u00a055<br \/>\n6. Algunas consideraciones importantes para contabilizar plazos: dies a quo, suspensi\u00f3n del c\u00f3mputo y pluralidad de partes con plazos corriendo\u00a0\u00a0 \u00a057<br \/>\n7. La rebeld\u00eda\u00a0\u00a0 \u00a058<br \/>\nVIII. Resoluciones judiciales\u00a0\u00a0 \u00a060<br \/>\n1. Concepto y clases\u00a0\u00a0 \u00a061<br \/>\n2. Requisitos de las resoluciones: requisitos comunes\u00a0\u00a0 \u00a062<br \/>\n3. Sentencia definitiva\u00a0\u00a0 \u00a063<br \/>\n4. Sentencia interlocutoria\u00a0\u00a0 \u00a069<br \/>\n5. Autos\u00a0\u00a0 \u00a070<br \/>\n6. Decreto, providencia o prove\u00eddo\u00a0\u00a0 \u00a072<br \/>\n7. Efectos de las resoluciones judiciales\u00a0\u00a0 \u00a073<br \/>\nIX. Notificaciones\u00a0\u00a0 \u00a079<br \/>\n1. Notificaci\u00f3n personal\u00a0\u00a0 \u00a081<br \/>\n2. Notificaci\u00f3n personal subsidiaria\u00a0\u00a0 \u00a086<br \/>\n3. Notificaci\u00f3n por c\u00e9dula\u00a0\u00a0 \u00a088<br \/>\n4. Notificaci\u00f3n por Estado Diario\u00a0\u00a0 \u00a090<br \/>\n5. Notificaci\u00f3n por avisos\u00a0\u00a0 \u00a091<br \/>\n6. Notificaci\u00f3n T\u00e1cita\u00a0\u00a0 \u00a092<br \/>\n7. Notificaci\u00f3n ficta\u00a0\u00a0 \u00a093<br \/>\nX. Comparecencia en juicio\u00a0\u00a0 \u00a094<br \/>\n1. Introducci\u00f3n\u00a0\u00a0 \u00a094<br \/>\n2. Consideraciones generales\u00a0\u00a0 \u00a095<br \/>\n3. Personas habilitadas para comparecer por las partes\u00a0\u00a0 \u00a096<br \/>\n4. Mandato Judicial\u00a0\u00a0 \u00a096<br \/>\n5. Patrocinio\u00a0\u00a0 \u00a0101<br \/>\n6. Representaci\u00f3n especial\u00a0\u00a0 \u00a0102<br \/>\nXI. La comparecencia voluntaria en audiencias por medios remotos\u00a0\u00a0 \u00a0104<br \/>\nUNIDAD 3. LAS MEDIDAS PREJUDICIALES\u00a0\u00a0 \u00a0106<br \/>\nI. Concepto\u00a0\u00a0 \u00a0106<br \/>\nII. Clasificaci\u00f3n de las medidas prejudiciales\u00a0\u00a0 \u00a0107<br \/>\nIII. Tramitaci\u00f3n de las medidas prejudiciales\u00a0\u00a0 \u00a0107<br \/>\nIV. Requisitos para decretar las medidas prejudiciales\u00a0\u00a0 \u00a0107<br \/>\nV. Medidas prejudiciales preparatorias\u00a0\u00a0 \u00a0108<br \/>\n1. Concepto\u00a0\u00a0 \u00a0108<br \/>\n2. Requisitos\u00a0\u00a0 \u00a0109<br \/>\nVI. Medidas prejudiciales probatorias\u00a0\u00a0 \u00a0115<br \/>\n1. Concepto\u00a0\u00a0 \u00a0115<br \/>\n2. Clases de medidas prejudiciales probatorias\u00a0\u00a0 \u00a0116<br \/>\nVIII. Medidas prejudiciales precautorias\u00a0\u00a0 \u00a0118<br \/>\n1. Concepto\u00a0\u00a0 \u00a0118<br \/>\nUNIDAD 4. LAS MEDIDAS CAUTELARES\u00a0\u00a0 \u00a0123<br \/>\nI. Introducci\u00f3n\u00a0\u00a0 \u00a0123<br \/>\nII. Caracter\u00edsticas\u00a0\u00a0 \u00a0124<br \/>\nIII. Los presupuestos de las medidas cautelares\u00a0\u00a0 \u00a0125<br \/>\n1. Fumus boni iuris\u00a0\u00a0 \u00a0126<br \/>\n2. Periculum in mora\u00a0\u00a0 \u00a0127<br \/>\n3. Cauci\u00f3n\u00a0\u00a0 \u00a0128<br \/>\nIV. Medidas expresamente contempladas en el CPC\u00a0\u00a0 \u00a0129<br \/>\nV. Tramitaci\u00f3n\u00a0\u00a0 \u00a0129<br \/>\n1. Oportunidad\u00a0\u00a0 \u00a0129<br \/>\n2. Competencia\u00a0\u00a0 \u00a0130<br \/>\n3. Escrito\u00a0\u00a0 \u00a0130<br \/>\n4. Resoluci\u00f3n\u00a0\u00a0 \u00a0132<br \/>\nUNIDAD 5. JUICIO ORDINARIO DE MAYOR CUANT\u00cdA: PERIODO DE DISCUSI\u00d3N\u00a0\u00a0 \u00a0140<br \/>\nI. Ubicaci\u00f3n\u00a0\u00a0 \u00a0140<br \/>\nII. \u00c1mbito de aplicaci\u00f3n\u00a0\u00a0 \u00a0140<br \/>\nIII. Caracter\u00edsticas del proceso civil ordinario\u00a0\u00a0 \u00a0141<br \/>\n1. Se trata de un procedimiento escrito\u00a0\u00a0 \u00a0141<br \/>\n2. Se trata de un procedimiento guiado por un orden consecutivo legal\u00a0\u00a0 \u00a0142<br \/>\n3. \u00a0El procedimiento ordinario constituye un procedimiento declarativo en sentido lato\u00a0\u00a0 \u00a0142<br \/>\n4. Es un procedimiento com\u00fan o de aplicaci\u00f3n general sin otras limitaciones que la cuant\u00eda o la existencia de procedimientos especiales.\u00a0\u00a0 \u00a0142<br \/>\n5. Tiene un car\u00e1cter supletorio\u00a0\u00a0 \u00a0143<br \/>\nIV. Manifestaci\u00f3n del principio dispositivo y el de aportaci\u00f3n de parte en el procedimiento civil ordinario\u00a0\u00a0 \u00a0143<br \/>\n1. El principio dispositivo\u00a0\u00a0 \u00a0143<br \/>\n2. Las m\u00e1ximas del principio dispositivo y CPC\u00a0\u00a0 \u00a0145<br \/>\n3. El principio de aportaci\u00f3n de parte\u00a0\u00a0 \u00a0147<br \/>\nV. Estructura del juicio ordinario\u00a0\u00a0 \u00a0148<br \/>\nVI. Iniciaci\u00f3n\u00a0\u00a0 \u00a0151<br \/>\nVII. Demanda\u00a0\u00a0 \u00a0151<br \/>\n1. Concepto\u00a0\u00a0 \u00a0151<br \/>\n2. Requisitos y estructura de la demanda\u00a0\u00a0 \u00a0151<br \/>\n3. Documentos que se acompa\u00f1an con la demanda\u00a0\u00a0 \u00a0157<br \/>\nVIII. Control de la demanda\u00a0\u00a0 \u00a0157<br \/>\n1. Control material de la demanda\u00a0\u00a0 \u00a0158<br \/>\n2. Control formal de la demanda\u00a0\u00a0 \u00a0159<br \/>\n3. Resoluci\u00f3n que recae sobre la demanda\u00a0\u00a0 \u00a0159<br \/>\nIX. Modificaci\u00f3n de la demanda\u00a0\u00a0 \u00a0159<br \/>\n1. Modificaci\u00f3n de la demanda antes de ser notificada\u00a0\u00a0 \u00a0160<br \/>\n2. Despu\u00e9s de notificada la demanda y antes de contestada\u00a0\u00a0 \u00a0160<br \/>\n3. Despu\u00e9s de contestada la demanda\u00a0\u00a0 \u00a0161<br \/>\nX. El emplazamiento del demandado\u00a0\u00a0 \u00a0161<br \/>\n1. Concepto\u00a0\u00a0 \u00a0161<br \/>\n2. T\u00e9rmino de emplazamiento del demandado\u00a0\u00a0 \u00a0162<br \/>\nXI. Actitudes del demandado\u00a0\u00a0 \u00a0164<br \/>\n1. Introducci\u00f3n\u00a0\u00a0 \u00a0164<br \/>\n2. Aceptar lisa y llanamente las peticiones del demandado\u00a0\u00a0 \u00a0164<br \/>\n3. El demandado no contesta la demanda en el plazo se\u00f1alado en la ley\u00a0\u00a0 \u00a0166<br \/>\n4. El demandado puede defenderse\u00a0\u00a0 \u00a0168<br \/>\nXII. Oposici\u00f3n en la forma: excepciones dilatorias\u00a0\u00a0 \u00a0168<br \/>\n1. Concepto\u00a0\u00a0 \u00a0168<br \/>\n2. Acerca de la taxatividad de las excepciones dilatorias en el CPC\u00a0\u00a0 \u00a0170<br \/>\n3. Relevancia del vicio para la procedencia de las excepciones dilatorias\u00a0\u00a0 \u00a0170<br \/>\n4. An\u00e1lisis particular de las excepciones dilatorias\u00a0\u00a0 \u00a0171<br \/>\n5. Manera y oportunidad de oponer excepciones dilatorias.\u00a0\u00a0 \u00a0179<br \/>\n6. Tramitaci\u00f3n\u00a0\u00a0 \u00a0181<br \/>\n7. Resoluci\u00f3n y recursos procesales\u00a0\u00a0 \u00a0181<br \/>\n8. Curso posterior del juicio\u00a0\u00a0 \u00a0183<br \/>\nXIII. Oposici\u00f3n en el fondo: contestaci\u00f3n de la demanda\u00a0\u00a0 \u00a0184<br \/>\n1. Concepto\u00a0\u00a0 \u00a0184<br \/>\n2. Distintas clases de contestaci\u00f3n de la demanda\u00a0\u00a0 \u00a0186<br \/>\n3. Requisitos y estructura de la contestaci\u00f3n de la demanda\u00a0\u00a0 \u00a0186<br \/>\n4. Plazo para contestar la demanda y resoluci\u00f3n\u00a0\u00a0 \u00a0191<br \/>\n5. Excepciones perentorias que pueden oponerse en cualquier estado del juicio\u00a0\u00a0 \u00a0191<br \/>\nXIV. Reconvenci\u00f3n\u00a0\u00a0 \u00a0193<br \/>\n1. Concepto\u00a0\u00a0 \u00a0193<br \/>\n2. Fundamento\u00a0\u00a0 \u00a0194<br \/>\n3. Clases de reconvenci\u00f3n\u00a0\u00a0 \u00a0195<br \/>\n4. Sujetos de la reconvenci\u00f3n\u00a0\u00a0 \u00a0195<br \/>\n5. Condiciones de procedencia de la reconvenci\u00f3n\u00a0\u00a0 \u00a0198<br \/>\n6. Tramitaci\u00f3n de la reconvenci\u00f3n.\u00a0\u00a0 \u00a0198<br \/>\n7. El abandono del procedimiento y la demanda reconvencional\u00a0\u00a0 \u00a0200<br \/>\nXV. R\u00e9plica y d\u00faplica\u00a0\u00a0 \u00a0201<br \/>\n1. Finalidad de estos escritos\u00a0\u00a0 \u00a0202<br \/>\n2. \u00bfPuede en estos escritos modificarse la calificaci\u00f3n jur\u00eddica de la acci\u00f3n o excepci\u00f3n?\u00a0\u00a0 \u00a0203<br \/>\n3. Tramitaci\u00f3n\u00a0\u00a0 \u00a0203<br \/>\nUNIDAD 6. LA CONCILIACI\u00d3N\u00a0\u00a0 \u00a0205<br \/>\nI. Concepto\u00a0\u00a0 \u00a0205<br \/>\nII. Conciliaci\u00f3n, autocomposici\u00f3n y transacci\u00f3n\u00a0\u00a0 \u00a0206<br \/>\nIII. Procedencia y regulaci\u00f3n de la conciliaci\u00f3n en nuestro derecho\u00a0\u00a0 \u00a0206<br \/>\nIV. Oportunidad, procedimiento e iniciativa.\u00a0\u00a0 \u00a0208<br \/>\n1. Oportunidad\u00a0\u00a0 \u00a0208<br \/>\n2. Procedimiento\u00a0\u00a0 \u00a0208<br \/>\n3. Iniciativa\u00a0\u00a0 \u00a0208<br \/>\nV. Rol del juez en la conciliaci\u00f3n\u00a0\u00a0 \u00a0209<br \/>\nVI. Comparendo de conciliaci\u00f3n y sus resultados\u00a0\u00a0 \u00a0210<br \/>\nVII. Acta de conciliaci\u00f3n y m\u00e9rito ejecutivo\u00a0\u00a0 \u00a0211<br \/>\nUNIDAD 7. ACTIVIDAD Y PROCEDIMIENTO PROBATORIO EN EL CPC\u00a0\u00a0 \u00a0213<br \/>\nI. Concepto\u00a0\u00a0 \u00a0213<br \/>\nII. Recepci\u00f3n de la causa a prueba\u00a0\u00a0 \u00a0213<br \/>\nIII. La resoluci\u00f3n que recibe la causa a prueba\u00a0\u00a0 \u00a0214<br \/>\n1. Requisitos de la resoluci\u00f3n que recibe la causa a prueba\u00a0\u00a0 \u00a0215<br \/>\n2. Naturaleza jur\u00eddica del auto de prueba\u00a0\u00a0 \u00a0216<br \/>\nIV. Recursos con motivo de la recepci\u00f3n de la causa a prueba\u00a0\u00a0 \u00a0216<br \/>\n1. Causales y recursos procedentes\u00a0\u00a0 \u00a0216<br \/>\nV. Ampliaci\u00f3n de la prueba: los hechos nuevos o de nueva noticia\u00a0\u00a0 \u00a0219<br \/>\n1. Concepto\u00a0\u00a0 \u00a0219<br \/>\n2. Fundamento y tramitaci\u00f3n\u00a0\u00a0 \u00a0220<br \/>\nVI. Pr\u00e1ctica de diligencias probatorias Art. 324 CPC\u00a0\u00a0 \u00a0221<br \/>\nVII. Del t\u00e9rmino probatorio\u00a0\u00a0 \u00a0221<br \/>\n1. Concepto\u00a0\u00a0 \u00a0221<br \/>\n2. Clases y caracter\u00edsticas del t\u00e9rmino probatorio\u00a0\u00a0 \u00a0221<br \/>\n3. El t\u00e9rmino probatorio ordinario\u00a0\u00a0 \u00a0222<br \/>\n4. El t\u00e9rmino probatorio extraordinario\u00a0\u00a0 \u00a0222<br \/>\n5. El t\u00e9rmino probatorio especial\u00a0\u00a0 \u00a0225<br \/>\nVIII. Tr\u00e1mites posteriores a la prueba\u00a0\u00a0 \u00a0228<br \/>\n1. Observaciones a la prueba\u00a0\u00a0 \u00a0228<br \/>\n2. Citaci\u00f3n a las partes a o\u00edr sentencia\u00a0\u00a0 \u00a0228<br \/>\n3. Medidas para mejor resolver\u00a0\u00a0 \u00a0228<br \/>\nBIBLIOGRAF\u00cdA CITADA\u00a0\u00a0 \u00a0230<\/p>\n","protected":false},"excerpt":{"rendered":"<p>Tabla de Contenido UNIDAD 1. ACCI\u00d3N, JURISDICCI\u00d3N Y PROCESO\u00a0\u00a0 \u00a07 I. Derecho Fundamental de Acci\u00f3n\u00a0\u00a0 \u00a07 II. Elementos comunes a todo proceso\u00a0\u00a0 \u00a08 1. Conflicto\u00a0\u00a0 \u00a08 2. Partes\u00a0\u00a0 \u00a09 3. Juez\u00a0\u00a0 \u00a09 III. Proceso y procedimiento\u00a0\u00a0 \u00a010 UNIDAD 2. NORMAS COMUNES A TODO PROCEDIMIENTO\u00a0\u00a0 \u00a012 I. Cuestiones generales\u00a0\u00a0 \u00a012 1. Concepto\u00a0\u00a0 \u00a012 2. Ubicaci\u00f3n\u00a0\u00a0 \u00a013 3. \u00c1mbito de aplicaci\u00f3n\u00a0\u00a0 \u00a013 4. Enumeraci\u00f3n\u00a0\u00a0 \u00a015 II. Las actuaciones judiciales\u00a0\u00a0 \u00a015 1. Concepto\u00a0\u00a0 \u00a015 2. Regulaci\u00f3n\u00a0\u00a0 \u00a016 3. Clasificaci\u00f3n\u00a0\u00a0 \u00a016 4. Requisitos de las actuaciones judiciales\u00a0\u00a0 \u00a016 5. Forma en que se decretan las actuaciones judiciales\u00a0\u00a0 \u00a018 6. Ley de tramitaci\u00f3n electr\u00f3nica \u00a0(Ley N\u00ba 20.886)\u00a0\u00a0 \u00a019 III. Incidentes\u00a0\u00a0 \u00a024 1. Concepto\u00a0\u00a0 \u00a024 2. Clasificaci\u00f3n de los incidentes\u00a0\u00a0 \u00a025 3. El incidente ordinario\u00a0\u00a0 \u00a026 4. Abandono del procedimiento\u00a0\u00a0 \u00a028 IV. Nulidad procesal\u00a0\u00a0 \u00a034 1. Concepto\u00a0\u00a0 \u00a034 2. Regulaci\u00f3n\u00a0\u00a0 \u00a035 3. Caracter\u00edsticas y principios que la rigen\u00a0\u00a0 \u00a035 4. Principio de trascendencia del acto ilegal\u00a0\u00a0 \u00a037 5. Plazo para alegar la nulidad\u00a0\u00a0 \u00a037 6. Extensi\u00f3n de la declaraci\u00f3n de nulidad procesal\u00a0\u00a0 \u00a038 V. Las partes\u00a0\u00a0 \u00a038 1. Concepto\u00a0\u00a0 \u00a038 2. Clases de relaci\u00f3n procesal: simple y m\u00faltiple\u00a0\u00a0 \u00a039 3. Capacidad para ser parte y capacidad procesal\u00a0\u00a0 \u00a040 4. Pluralidad de partes: Litisconsorcio\u00a0\u00a0 \u00a042 VI. Terceros\u00a0\u00a0 \u00a046 1. Concepto\u00a0\u00a0 \u00a046 2. Fundamento\u00a0\u00a0 \u00a047 3. Clases de intervenci\u00f3n de los terceros\u00a0\u00a0 \u00a047 VII. Plazos\u00a0\u00a0 \u00a053 1. Concepto\u00a0\u00a0 \u00a053 2. Plazos legales\u00a0\u00a0 \u00a054 3. Plazos Judiciales\u00a0\u00a0 \u00a055 4. Plazos convencionales\u00a0\u00a0 \u00a055 5. Importancia y efectos\u00a0\u00a0 \u00a055 6. Algunas consideraciones importantes para contabilizar plazos: dies a quo, suspensi\u00f3n del c\u00f3mputo y pluralidad de partes con plazos corriendo\u00a0\u00a0 \u00a057 7. La rebeld\u00eda\u00a0\u00a0 \u00a058 VIII. Resoluciones judiciales\u00a0\u00a0 \u00a060 1. Concepto y clases\u00a0\u00a0 \u00a061 2. Requisitos de las resoluciones: requisitos comunes\u00a0\u00a0 \u00a062 3. Sentencia definitiva\u00a0\u00a0 \u00a063 4. Sentencia interlocutoria\u00a0\u00a0 \u00a069 5. Autos\u00a0\u00a0 \u00a070 6. Decreto, providencia o prove\u00eddo\u00a0\u00a0 \u00a072 7. Efectos de las resoluciones judiciales\u00a0\u00a0 \u00a073 IX. Notificaciones\u00a0\u00a0 \u00a079 1. Notificaci\u00f3n personal\u00a0\u00a0 \u00a081 2. Notificaci\u00f3n personal subsidiaria\u00a0\u00a0 \u00a086 3. Notificaci\u00f3n por c\u00e9dula\u00a0\u00a0 \u00a088 4. Notificaci\u00f3n por Estado Diario\u00a0\u00a0 \u00a090 5. Notificaci\u00f3n por avisos\u00a0\u00a0 \u00a091 6. Notificaci\u00f3n T\u00e1cita\u00a0\u00a0 \u00a092 7. Notificaci\u00f3n ficta\u00a0\u00a0 \u00a093 X. Comparecencia en juicio\u00a0\u00a0 \u00a094 1. Introducci\u00f3n\u00a0\u00a0 \u00a094 2. Consideraciones generales\u00a0\u00a0 \u00a095 3. Personas habilitadas para comparecer por las partes\u00a0\u00a0 \u00a096 4. Mandato Judicial\u00a0\u00a0 \u00a096 5. Patrocinio\u00a0\u00a0 \u00a0101 6. Representaci\u00f3n especial\u00a0\u00a0 \u00a0102 XI. La comparecencia voluntaria en audiencias por medios remotos\u00a0\u00a0 \u00a0104 UNIDAD 3. LAS MEDIDAS PREJUDICIALES\u00a0\u00a0 \u00a0106 I. Concepto\u00a0\u00a0 \u00a0106 II. Clasificaci\u00f3n de las medidas prejudiciales\u00a0\u00a0 \u00a0107 III. Tramitaci\u00f3n de las medidas prejudiciales\u00a0\u00a0 \u00a0107 IV. Requisitos para decretar las medidas prejudiciales\u00a0\u00a0 \u00a0107 V. Medidas prejudiciales preparatorias\u00a0\u00a0 \u00a0108 1. Concepto\u00a0\u00a0 \u00a0108 2. Requisitos\u00a0\u00a0 \u00a0109 VI. Medidas prejudiciales probatorias\u00a0\u00a0 \u00a0115 1. Concepto\u00a0\u00a0 \u00a0115 2. Clases de medidas prejudiciales probatorias\u00a0\u00a0 \u00a0116 VIII. Medidas prejudiciales precautorias\u00a0\u00a0 \u00a0118 1. Concepto\u00a0\u00a0 \u00a0118 UNIDAD 4. LAS MEDIDAS CAUTELARES\u00a0\u00a0 \u00a0123 I. Introducci\u00f3n\u00a0\u00a0 \u00a0123 II. Caracter\u00edsticas\u00a0\u00a0 \u00a0124 III. Los presupuestos de las medidas cautelares\u00a0\u00a0 \u00a0125 1. Fumus boni iuris\u00a0\u00a0 \u00a0126 2. Periculum in mora\u00a0\u00a0 \u00a0127 3. Cauci\u00f3n\u00a0\u00a0 \u00a0128 IV. Medidas expresamente contempladas en el CPC\u00a0\u00a0 \u00a0129 V. Tramitaci\u00f3n\u00a0\u00a0 \u00a0129 1. Oportunidad\u00a0\u00a0 \u00a0129 2. Competencia\u00a0\u00a0 \u00a0130 3. Escrito\u00a0\u00a0 \u00a0130 4. Resoluci\u00f3n\u00a0\u00a0 \u00a0132 UNIDAD 5. JUICIO ORDINARIO DE MAYOR CUANT\u00cdA: PERIODO DE DISCUSI\u00d3N\u00a0\u00a0 \u00a0140 I. Ubicaci\u00f3n\u00a0\u00a0 \u00a0140 II. \u00c1mbito de aplicaci\u00f3n\u00a0\u00a0 \u00a0140 III. Caracter\u00edsticas del proceso civil ordinario\u00a0\u00a0 \u00a0141 1. Se trata de un procedimiento escrito\u00a0\u00a0 \u00a0141 2. Se trata de un procedimiento guiado por un orden consecutivo legal\u00a0\u00a0 \u00a0142 3. \u00a0El procedimiento ordinario constituye un procedimiento declarativo en sentido lato\u00a0\u00a0 \u00a0142 4. Es un procedimiento com\u00fan o de aplicaci\u00f3n general sin otras limitaciones que la cuant\u00eda o la existencia de procedimientos especiales.\u00a0\u00a0 \u00a0142 5. Tiene un car\u00e1cter supletorio\u00a0\u00a0 \u00a0143 IV. Manifestaci\u00f3n del principio dispositivo y el de aportaci\u00f3n de parte en el procedimiento civil ordinario\u00a0\u00a0 \u00a0143 1. El principio dispositivo\u00a0\u00a0 \u00a0143 2. Las m\u00e1ximas del principio dispositivo y CPC\u00a0\u00a0 \u00a0145 3. El principio de aportaci\u00f3n de parte\u00a0\u00a0 \u00a0147 V. Estructura del juicio ordinario\u00a0\u00a0 \u00a0148 VI. Iniciaci\u00f3n\u00a0\u00a0 \u00a0151 VII. Demanda\u00a0\u00a0 \u00a0151 1. Concepto\u00a0\u00a0 \u00a0151 2. Requisitos y estructura de la demanda\u00a0\u00a0 \u00a0151 3. Documentos que se acompa\u00f1an con la demanda\u00a0\u00a0 \u00a0157 VIII. Control de la demanda\u00a0\u00a0 \u00a0157 1. Control material de la demanda\u00a0\u00a0 \u00a0158 2. Control formal de la demanda\u00a0\u00a0 \u00a0159 3. Resoluci\u00f3n que recae sobre la demanda\u00a0\u00a0 \u00a0159 IX. Modificaci\u00f3n de la demanda\u00a0\u00a0 \u00a0159 1. Modificaci\u00f3n de la demanda antes de ser notificada\u00a0\u00a0 \u00a0160 2. Despu\u00e9s de notificada la demanda y antes de contestada\u00a0\u00a0 \u00a0160 3. Despu\u00e9s de contestada la demanda\u00a0\u00a0 \u00a0161 X. El emplazamiento del demandado\u00a0\u00a0 \u00a0161 1. Concepto\u00a0\u00a0 \u00a0161 2. T\u00e9rmino de emplazamiento del demandado\u00a0\u00a0 \u00a0162 XI. Actitudes del demandado\u00a0\u00a0 \u00a0164 1. Introducci\u00f3n\u00a0\u00a0 \u00a0164 2. Aceptar lisa y llanamente las peticiones del demandado\u00a0\u00a0 \u00a0164 3. El demandado no contesta la demanda en el plazo se\u00f1alado en la ley\u00a0\u00a0 \u00a0166 4. El demandado puede defenderse\u00a0\u00a0 \u00a0168 XII. Oposici\u00f3n en la forma: excepciones dilatorias\u00a0\u00a0 \u00a0168 1. Concepto\u00a0\u00a0 \u00a0168 2. Acerca de la taxatividad de las excepciones dilatorias en el CPC\u00a0\u00a0 \u00a0170 3. Relevancia del vicio para la procedencia de las excepciones dilatorias\u00a0\u00a0 \u00a0170 4. An\u00e1lisis particular de las excepciones dilatorias\u00a0\u00a0 \u00a0171 5. Manera y oportunidad de oponer excepciones dilatorias.\u00a0\u00a0 \u00a0179 6. Tramitaci\u00f3n\u00a0\u00a0 \u00a0181 7. Resoluci\u00f3n y recursos procesales\u00a0\u00a0 \u00a0181 8. Curso posterior del juicio\u00a0\u00a0 \u00a0183 XIII. Oposici\u00f3n en el fondo: contestaci\u00f3n de la demanda\u00a0\u00a0 \u00a0184 1. Concepto\u00a0\u00a0 \u00a0184 2. Distintas clases de contestaci\u00f3n de la demanda\u00a0\u00a0 \u00a0186 3. Requisitos y estructura de la contestaci\u00f3n de la demanda\u00a0\u00a0 \u00a0186 4. Plazo para contestar la demanda y resoluci\u00f3n\u00a0\u00a0 \u00a0191 5. Excepciones perentorias que pueden oponerse en cualquier estado del juicio\u00a0\u00a0 \u00a0191 XIV. Reconvenci\u00f3n\u00a0\u00a0 \u00a0193 1. Concepto\u00a0\u00a0 \u00a0193 2. Fundamento\u00a0\u00a0 \u00a0194 3. Clases de reconvenci\u00f3n\u00a0\u00a0 \u00a0195 4. Sujetos de la reconvenci\u00f3n\u00a0\u00a0 \u00a0195 5. Condiciones de procedencia de la reconvenci\u00f3n\u00a0\u00a0 \u00a0198 6. Tramitaci\u00f3n de la reconvenci\u00f3n.\u00a0\u00a0 \u00a0198 7. El abandono del procedimiento y la demanda reconvencional\u00a0\u00a0 \u00a0200 XV. R\u00e9plica y d\u00faplica\u00a0\u00a0 \u00a0201 1. Finalidad de estos escritos\u00a0\u00a0 \u00a0202 2. \u00bfPuede en estos escritos modificarse la calificaci\u00f3n jur\u00eddica de la acci\u00f3n o excepci\u00f3n?\u00a0\u00a0 \u00a0203 3. Tramitaci\u00f3n\u00a0\u00a0 \u00a0203 UNIDAD 6. LA CONCILIACI\u00d3N\u00a0\u00a0 \u00a0205 I. Concepto\u00a0\u00a0 \u00a0205 II. Conciliaci\u00f3n, autocomposici\u00f3n y transacci\u00f3n\u00a0\u00a0 \u00a0206 III. Procedencia y regulaci\u00f3n de la conciliaci\u00f3n en nuestro derecho\u00a0\u00a0 \u00a0206 IV.<\/p>\n","protected":false},"featured_media":3302,"comment_status":"open","ping_status":"closed","template":"","meta":{"inline_featured_image":false,"_joinchat":[]},"product_brand":[],"product_cat":[27,26],"product_tag":[],"class_list":{"0":"post-3244","1":"product","2":"type-product","3":"status-publish","4":"has-post-thumbnail","6":"product_cat-civil","7":"product_cat-derecho","8":"product_shipping_class-a-convenir","10":"first","11":"instock","12":"shipping-taxable","13":"purchasable","14":"product-type-simple"},"_links":{"self":[{"href":"https:\/\/bibliotecajuridicavirtual.cl\/index.php\/wp-json\/wp\/v2\/product\/3244","targetHints":{"allow":["GET"]}}],"collection":[{"href":"https:\/\/bibliotecajuridicavirtual.cl\/index.php\/wp-json\/wp\/v2\/product"}],"about":[{"href":"https:\/\/bibliotecajuridicavirtual.cl\/index.php\/wp-json\/wp\/v2\/types\/product"}],"replies":[{"embeddable":true,"href":"https:\/\/bibliotecajuridicavirtual.cl\/index.php\/wp-json\/wp\/v2\/comments?post=3244"}],"wp:featuredmedia":[{"embeddable":true,"href":"https:\/\/bibliotecajuridicavirtual.cl\/index.php\/wp-json\/wp\/v2\/media\/3302"}],"wp:attachment":[{"href":"https:\/\/bibliotecajuridicavirtual.cl\/index.php\/wp-json\/wp\/v2\/media?parent=3244"}],"wp:term":[{"taxonomy":"product_brand","embeddable":true,"href":"https:\/\/bibliotecajuridicavirtual.cl\/index.php\/wp-json\/wp\/v2\/product_brand?post=3244"},{"taxonomy":"product_cat","embeddable":true,"href":"https:\/\/bibliotecajuridicavirtual.cl\/index.php\/wp-json\/wp\/v2\/product_cat?post=3244"},{"taxonomy":"product_tag","embeddable":true,"href":"https:\/\/bibliotecajuridicavirtual.cl\/index.php\/wp-json\/wp\/v2\/product_tag?post=3244"}],"curies":[{"name":"wp","href":"https:\/\/api.w.org\/{rel}","templated":true}]}}