{"id":3265,"date":"2026-02-28T01:11:19","date_gmt":"2026-02-28T04:11:19","guid":{"rendered":"https:\/\/bibliotecajuridicavirtual.cl\/?post_type=product&#038;p=3265"},"modified":"2026-02-28T01:11:58","modified_gmt":"2026-02-28T04:11:58","slug":"delitos-informaticos-y-cibercriminalidad-aspectos-sustantivos-y-procesales-1ra-edicion-actualizada-ano-2024-413-pag-autor-laura-mayer-lux-y-jaime-vera-vega","status":"publish","type":"product","link":"https:\/\/bibliotecajuridicavirtual.cl\/index.php\/product\/delitos-informaticos-y-cibercriminalidad-aspectos-sustantivos-y-procesales-1ra-edicion-actualizada-ano-2024-413-pag-autor-laura-mayer-lux-y-jaime-vera-vega\/","title":{"rendered":"Delitos Inform\u00e1ticos y Cibercriminalidad, Aspectos Sustantivos y Procesales &#8211; 1ra Edici\u00f3n Actualizada. A\u00f1o 2024\/ 413 P\u00e1g. Autor Laura Mayer Lux y Jaime Vera Vega"},"content":{"rendered":"<h3 style=\"text-align: left;\">Mayer Lux, Laura \u2013 Vera Vega, Jaime (profesores chilenos): Delitos inform\u00e1ticos y cibercriminalidad. Elementos criminol\u00f3gicos para el an\u00e1lisis jur\u00eddico-penal de los delitos inform\u00e1ticos. El bien jur\u00eddico afectado por los delitos inform\u00e1ticos. Delitos inform\u00e1ticos regulados por la ley. Reglas relativas a la pena aplicable contenidas en la ley. Reglas procesales contenidas en la ley. 2024.<\/h3>\n<p>&nbsp;<\/p>\n<p>&nbsp;<\/p>\n","protected":false},"excerpt":{"rendered":"<p>EDICI\u00d3N ACTUALIZADA 2024<\/p>\n","protected":false},"featured_media":3308,"comment_status":"open","ping_status":"closed","template":"","meta":{"inline_featured_image":false,"_joinchat":[]},"product_brand":[],"product_cat":[30],"product_tag":[],"class_list":{"0":"post-3265","1":"product","2":"type-product","3":"status-publish","4":"has-post-thumbnail","6":"product_cat-penal","7":"product_shipping_class-a-convenir","9":"first","10":"instock","11":"shipping-taxable","12":"purchasable","13":"product-type-simple"},"_links":{"self":[{"href":"https:\/\/bibliotecajuridicavirtual.cl\/index.php\/wp-json\/wp\/v2\/product\/3265","targetHints":{"allow":["GET"]}}],"collection":[{"href":"https:\/\/bibliotecajuridicavirtual.cl\/index.php\/wp-json\/wp\/v2\/product"}],"about":[{"href":"https:\/\/bibliotecajuridicavirtual.cl\/index.php\/wp-json\/wp\/v2\/types\/product"}],"replies":[{"embeddable":true,"href":"https:\/\/bibliotecajuridicavirtual.cl\/index.php\/wp-json\/wp\/v2\/comments?post=3265"}],"wp:featuredmedia":[{"embeddable":true,"href":"https:\/\/bibliotecajuridicavirtual.cl\/index.php\/wp-json\/wp\/v2\/media\/3308"}],"wp:attachment":[{"href":"https:\/\/bibliotecajuridicavirtual.cl\/index.php\/wp-json\/wp\/v2\/media?parent=3265"}],"wp:term":[{"taxonomy":"product_brand","embeddable":true,"href":"https:\/\/bibliotecajuridicavirtual.cl\/index.php\/wp-json\/wp\/v2\/product_brand?post=3265"},{"taxonomy":"product_cat","embeddable":true,"href":"https:\/\/bibliotecajuridicavirtual.cl\/index.php\/wp-json\/wp\/v2\/product_cat?post=3265"},{"taxonomy":"product_tag","embeddable":true,"href":"https:\/\/bibliotecajuridicavirtual.cl\/index.php\/wp-json\/wp\/v2\/product_tag?post=3265"}],"curies":[{"name":"wp","href":"https:\/\/api.w.org\/{rel}","templated":true}]}}