{"id":3267,"date":"2026-02-28T01:11:19","date_gmt":"2026-02-28T04:11:19","guid":{"rendered":"https:\/\/bibliotecajuridicavirtual.cl\/?post_type=product&#038;p=3267"},"modified":"2026-02-28T01:12:00","modified_gmt":"2026-02-28T04:12:00","slug":"problemas-actuales-del-derecho-administrativo-chileno-actas-de-las-xviii-jornadas-de-derecho-administrativo-ano-2024-592-pag-autor-guillermo-jimenez","status":"publish","type":"product","link":"https:\/\/bibliotecajuridicavirtual.cl\/index.php\/product\/problemas-actuales-del-derecho-administrativo-chileno-actas-de-las-xviii-jornadas-de-derecho-administrativo-ano-2024-592-pag-autor-guillermo-jimenez\/","title":{"rendered":"Problemas Actuales del Derecho Administrativo Chileno. Actas de las XVIII Jornadas de Derecho Administrativo. A\u00f1o 2024\/ 592 P\u00e1g. Autor Guillermo Jim\u00e9nez"},"content":{"rendered":"<p>La presente obra re\u00fane los trabajos presentados en las XVIII Jornadas de Derecho Administrativo, celebradas en el campus Vi\u00f1a del Mar de la Universidad Adolfo Ib\u00e1\u00f1ez, los d\u00edas 24 y 25 de noviembre del a\u00f1o 2022. Este volumen contiene contribuciones de especialistas en la disciplina que examinan las lecciones del proceso constitucional para el derecho administrativo -tales como sus principios legitimadores o la potestad reglamentaria- y tambi\u00e9n estudios que analizan problemas contempor\u00e1neos de la disciplina tales como la interpretaci\u00f3n administrativa, el control judicial y la potestad sancionatoria de la Administraci\u00f3n. Es posible agrupar los 20 trabajos reunidos en seis categor\u00edas: principios, normas, polic\u00eda, control judicial, propiedad y contratos administrativos. \u00a0El derecho administrativo es una de las \u00e1reas m\u00e1s din\u00e1micas del derecho chileno en la actualidad. Por lo anterior, esta obra resultar\u00e1 de especial inter\u00e9s para abogados, investigadores, estudiantes de derecho y el p\u00fablico en general que busquen reflexionar sobre el marco jur\u00eddico de la actuaci\u00f3n estatal en diversas esferas sociales y tambi\u00e9n sobre el perfeccionamiento de las garant\u00edas sustantivas y procedimentales respectivas.<\/p>\n<p>\u00cdndice<\/p>\n<p>Presentaci\u00f3n\u00a0\u00a0 \u00a0\u00a0\u00a0 \u00a019<br \/>\nGuillermo Jim\u00e9nez<br \/>\nCap\u00edtulo 1.\u00a0Estado social, procura existencial y subsidiariedad\u00a0\u00a0 \u00a0\u00a0\u00a0 \u00a027<br \/>\nPablo Soto Delgado,Vicente Bustos S\u00e1nchez<br \/>\nIntroducci\u00f3n\u00a0\u00a0 \u00a0\u00a0\u00a0 \u00a028<br \/>\n1. La tr\u00edada sagrada de la subsidiariedad: primac\u00eda de la persona, grupos intermedios y servicialidad\u00a0\u00a0 \u00a0\u00a0\u00a0 \u00a029<br \/>\n2. El Estado social del derecho administrativo: la procura existencial\u00a0\u00a0 \u00a0\u00a0\u00a0 \u00a036<br \/>\n3. La incompatibilidad entre la procura existencial y la subsidiariedad\u00a0\u00a0 \u00a0\u00a0\u00a0 \u00a042<br \/>\nConclusiones\u00a0\u00a0 \u00a0\u00a0\u00a0 \u00a046<br \/>\nReferencias \u00a0\u00a0 \u00a0\u00a0\u00a0 \u00a047<br \/>\nCap\u00edtulo 2.\u00a0Gobierno abierto: Lecciones para una nueva constituci\u00f3n\u00a0\u00a0 \u00a0\u00a0\u00a0 \u00a049<br \/>\nVannesa Retamal Guti\u00e9rrez, Carolina Serrano Herrera<br \/>\nIntroducci\u00f3n\u00a0\u00a0 \u00a0\u00a0\u00a0 \u00a050<br \/>\n1. Gobierno Abierto en Chile \u00a0\u00a0 \u00a0\u00a0\u00a0 \u00a053<br \/>\n2. Regulaci\u00f3n Constitucional del Gobierno Abierto\u00a0\u00a0 \u00a0\u00a0\u00a0 \u00a057<br \/>\n3. Reflexiones sobre la incorporaci\u00f3n constitucional de los principios de Gobierno Abierto en la Constituci\u00f3n y recomendaciones frente a un nuevo proceso constituyente \u00a0\u00a0 \u00a0\u00a0\u00a0 \u00a060<br \/>\nConclusiones\u00a0\u00a0 \u00a0\u00a0\u00a0 \u00a062<br \/>\nReferencias\u00a0\u00a0 \u00a0\u00a0\u00a0 \u00a063<br \/>\nCap\u00edtulo 3.\u00a0La reconfiguraci\u00f3n del Derecho administrativo chileno, hacia una versi\u00f3n direccional y responsiva. Necesidad y evidencia\u00a0\u00a0 \u00a0\u00a0\u00a0 \u00a065<br \/>\nChristian Rojas Calder\u00f3n<br \/>\n1. Pensar el Derecho administrativo desde la teor\u00eda general. La inadecuaci\u00f3n de la corriente tradicional a las nuevas realidades\u00a0\u00a0 \u00a0\u00a0\u00a0 \u00a066<br \/>\n2. Un Derecho administrativo actualizador y superador del panorama dogm\u00e1tico, que se manifiesta en los sectores de referencia\u00a0\u00a0 \u00a0\u00a0\u00a0 \u00a084<br \/>\n3. La comprensi\u00f3n del procedimiento como instrumento de la responsividad o direccionalidad, en \u00e1reas o sectores de referencia.\u00a0\u00a0 \u00a0\u00a0\u00a0 \u00a094<br \/>\nConclusiones\u00a0\u00a0 \u00a0\u00a0\u00a0 \u00a0106<br \/>\nReferencias\u00a0\u00a0 \u00a0\u00a0\u00a0 \u00a0107<br \/>\nCap\u00edtulo 4. La relevancia constitucional de las potestades normativas de la administraci\u00f3n\u00a0\u00a0 \u00a0\u00a0\u00a0 \u00a0113<br \/>\nJos\u00e9 Miguel Valdivia Olivares, Tom\u00e1s Izquierdo Serrano<br \/>\nIntroducci\u00f3n\u00a0\u00a0 \u00a0\u00a0\u00a0 \u00a0114<br \/>\n1. La fuente hist\u00f3rica y conceptual de las potestades normativas de la administraci\u00f3n\u00a0\u00a0 \u00a0\u00a0\u00a0 \u00a0115<br \/>\n2. Manifestaciones de las potestades normativas de la administraci\u00f3n \u00a0\u00a0 \u00a0\u00a0\u00a0 \u00a0127<br \/>\nConclusi\u00f3n \u00a0\u00a0 \u00a0\u00a0\u00a0 \u00a0137<br \/>\nReferencias\u00a0\u00a0 \u00a0\u00a0\u00a0 \u00a0138<br \/>\nCap\u00edtulo 5. El lugar del reglamento en el derecho administrativo chileno\u00a0\u00a0 \u00a0\u00a0\u00a0 \u00a0141<br \/>\nAlejandro Vergara Blanco<br \/>\nIntroducci\u00f3n\u00a0\u00a0 \u00a0\u00a0\u00a0 \u00a0142<br \/>\n1. El lugar del reglamento en el sistema de fuentes del derecho\u00a0\u00a0 \u00a0\u00a0\u00a0 \u00a0143<br \/>\n2. Naturaleza y l\u00edmites de la potestad reglamentaria de ejecuci\u00f3n\u00a0\u00a0 \u00a0\u00a0\u00a0 \u00a0153<br \/>\n3. El llamado \u201creglamento aut\u00f3nomo\u201d: Una hip\u00f3tesis de falso reglamento\u00a0\u00a0 \u00a0\u00a0\u00a0 \u00a0169<br \/>\n4. Distinci\u00f3n entre reglamento y acto administrativo\u00a0\u00a0 \u00a0\u00a0\u00a0 \u00a0174<br \/>\n5. Control jur\u00eddico de la potestad reglamentaria\u00a0\u00a0 \u00a0\u00a0\u00a0 \u00a0179<br \/>\nConclusiones\u00a0\u00a0 \u00a0\u00a0\u00a0 \u00a0182<br \/>\nReferencias\u00a0\u00a0 \u00a0\u00a0\u00a0 \u00a0183<br \/>\nCap\u00edtulo 6.\u00a0La interpretaci\u00f3n administrativa en la doctrina chilena: perspectivas y debates\u00a0\u00a0 \u00a0\u00a0\u00a0 \u00a0187<br \/>\nGuillermo Jim\u00e9nez, Samuel Tschorne<br \/>\nIntroducci\u00f3n\u00a0\u00a0 \u00a0\u00a0\u00a0 \u00a0188<br \/>\n1. Las teor\u00edas de la interpretaci\u00f3n administrativa\u00a0\u00a0 \u00a0\u00a0\u00a0 \u00a0189<br \/>\n2. \u00c1mbitos material, personal y temporal de la interpretaci\u00f3n administrativa.\u00a0\u00a0 \u00a0\u00a0\u00a0 \u00a0203<br \/>\n3. M\u00e9todo, funci\u00f3n y control de la interpretaci\u00f3n administrativa\u00a0\u00a0 \u00a0\u00a0\u00a0 \u00a0212<br \/>\nConclusiones\u00a0\u00a0 \u00a0\u00a0\u00a0 \u00a0221<br \/>\nReferencias\u00a0\u00a0 \u00a0\u00a0\u00a0 \u00a0224<br \/>\nCap\u00edtulo 7.\u00a0Potestades interpretativas de \u00f3rganos administrativos especializados y su control por parte de la Contralor\u00eda General de la Rep\u00fablica \u00a0\u00a0 \u00a0\u00a0\u00a0 \u00a0227<br \/>\nGiannina Bocchi Jim\u00e9nez, Mat\u00edas Larroulet Philippi<br \/>\nIntroducci\u00f3n \u00a0\u00a0 \u00a0\u00a0\u00a0 \u00a0228<br \/>\n1. La potestad interpretativa de \u00f3rganos administrativos\u00a0\u00a0 \u00a0\u00a0\u00a0 \u00a0230<br \/>\n2. Panorama de la potestad interpretativa de los \u00f3rganos administrativos: inexistencia de un sistema org\u00e1nico de atribuci\u00f3n de potestades\u00a0\u00a0 \u00a0\u00a0\u00a0 \u00a0232<br \/>\n3. El control de la Contralor\u00eda General de la Rep\u00fablica de las potestades administrativas \u00a0\u00a0 \u00a0\u00a0\u00a0 \u00a0236<br \/>\nConclusiones\u00a0\u00a0 \u00a0\u00a0\u00a0 \u00a0246<br \/>\nReferencias\u00a0\u00a0 \u00a0\u00a0\u00a0 \u00a0247<br \/>\nCap\u00edtulo 8.\u00a0Aproximaci\u00f3n a las modalidades de determinaci\u00f3n y distribuci\u00f3n de las competencias de las entidades territoriales en el proyecto de una nueva constituci\u00f3n para Chile. An\u00e1lisis cr\u00edtico y prospectivo\u00a0\u00a0 \u00a0\u00a0\u00a0 \u00a0259<br \/>\nBeno\u00eet Delooz Brochet<br \/>\nIntroducci\u00f3n\u00a0\u00a0 \u00a0\u00a0\u00a0 \u00a0260<br \/>\n1. Principales disposiciones relativas a las modalidades de determinaci\u00f3n y distribuci\u00f3n de las competencias normativas de las entidades territoriales, que hab\u00eda previsto el texto sometido a plebiscito\u00a0\u00a0 \u00a0\u00a0\u00a0 \u00a0261<br \/>\n2. Algunas reflexiones y propuestas para la distribuci\u00f3n y la determinaci\u00f3n de las competencias a las entidades territoriales chilenas\u00a0\u00a0 \u00a0\u00a0\u00a0 \u00a0266<br \/>\nConclusi\u00f3n\u00a0\u00a0 \u00a0\u00a0\u00a0 \u00a0276<br \/>\nReferencias\u00a0\u00a0 \u00a0\u00a0\u00a0 \u00a0277<br \/>\nCap\u00edtulo 9.\u00a0La aplicaci\u00f3n \u201ccon matices\u201d de los principios penales en la configuraci\u00f3n de la potestad sancionadora de la Administraci\u00f3n P\u00fablica: una formulaci\u00f3n vac\u00eda y de contenido normativo impreciso \u00a0\u00a0 \u00a0\u00a0\u00a0 \u00a0279<br \/>\nJuan Carlos Ferrada B\u00f3rquez<br \/>\nIntroducci\u00f3n\u00a0\u00a0 \u00a0\u00a0\u00a0 \u00a0280<br \/>\n1. La tesis mayoritaria del \u201cius puniendi estatal \u00fanico\u201d \u00a0\u00a0 \u00a0\u00a0\u00a0 \u00a0284<br \/>\n2. Los principios penales aplicables al Derecho Administrativo Sancionador\u00a0\u00a0 \u00a0\u00a0\u00a0 \u00a0291<br \/>\n3. Una aproximaci\u00f3n inicial a la necesaria reformulaci\u00f3n de los principios penales a la luz del Derecho Administrativo\u00a0\u00a0 \u00a0\u00a0\u00a0 \u00a0304<br \/>\nConclusiones\u00a0\u00a0 \u00a0\u00a0\u00a0 \u00a0306<br \/>\nReferencias \u00a0\u00a0 \u00a0\u00a0\u00a0 \u00a0307<br \/>\nCap\u00edtulo 10.\u00a0Las transformaciones del Derecho Administrativo Sancionador: Orden p\u00fablico y responsividad en el siglo XXI\u00a0\u00a0 \u00a0\u00a0\u00a0 \u00a0311<br \/>\nPablo M\u00e9ndez\u00b7<br \/>\nIntroducci\u00f3n\u00a0\u00a0 \u00a0\u00a0\u00a0 \u00a0312<br \/>\n1. Actividad de polic\u00eda, orden p\u00fablico y disuasi\u00f3n\u00a0\u00a0 \u00a0\u00a0\u00a0 \u00a0315<br \/>\n2. Instrumentos alternativos a la sanci\u00f3n \u00a0\u00a0 \u00a0\u00a0\u00a0 \u00a0322<br \/>\n3. La recomposici\u00f3n de los objetivos del Derecho Administrativo Sancionador\u00a0\u00a0 \u00a0\u00a0\u00a0 \u00a0333<br \/>\nConclusiones\u00a0\u00a0 \u00a0\u00a0\u00a0 \u00a0338<br \/>\nReferencias\u00a0\u00a0 \u00a0\u00a0\u00a0 \u00a0339<br \/>\nCap\u00edtulo 11.\u00a0Distinci\u00f3n entre sanci\u00f3n administrativa y \u201cmedida\u201d o deber original ex post facto\u00a0\u00a0 \u00a0\u00a0\u00a0 \u00a0343<br \/>\nJaime Arancibia Mattar<br \/>\nIntroducci\u00f3n\u00a0\u00a0 \u00a0\u00a0\u00a0 \u00a0343<br \/>\n1. Diferencias entre sanci\u00f3n y deber o medida regulatoria ex post facto\u00a0\u00a0 \u00a0\u00a0\u00a0 \u00a0345<br \/>\n2. Imposici\u00f3n conjunta de sanci\u00f3n y deber o medida ex post facto\u00a0\u00a0 \u00a0\u00a0\u00a0 \u00a0348<br \/>\nConclusiones\u00a0\u00a0 \u00a0\u00a0\u00a0 \u00a0350<br \/>\nReferencias\u00a0\u00a0 \u00a0\u00a0\u00a0 \u00a0351<br \/>\nCap\u00edtulo 12.\u00a0El nuevo derecho administrativo sancionador: una aproximaci\u00f3n desde el principio de irretroactividad\u00a0\u00a0 \u00a0\u00a0\u00a0 \u00a0353<br \/>\nValentina Lagos Luque, Aldo Beratto \u00c1lvarez, Jaime Phillips Letelier<br \/>\nIntroducci\u00f3n\u00a0\u00a0 \u00a0\u00a0\u00a0 \u00a0354<br \/>\n1. Del ius puniendi al ius corrigendi: naturaleza y funci\u00f3n del DAS\u00a0\u00a0 \u00a0\u00a0\u00a0 \u00a0356<br \/>\n2. Rendimiento del cambio \u00a0\u00a0 \u00a0\u00a0\u00a0 \u00a0367<br \/>\nConclusiones\u00a0\u00a0 \u00a0\u00a0\u00a0 \u00a0387<br \/>\nReferencias\u00a0\u00a0 \u00a0\u00a0\u00a0 \u00a0388<br \/>\nCap\u00edtulo 13.\u00a0Regulaci\u00f3n de la potestad sancionadora de la Unidad de An\u00e1lisis Financiero\u00a0\u00a0 \u00a0\u00a0\u00a0 \u00a0393<br \/>\nJaime Gallegos Z\u00fa\u00f1iga, Joaqu\u00edn Lepe Vergara<br \/>\nIntroducci\u00f3n\u00a0\u00a0 \u00a0\u00a0\u00a0 \u00a0394<br \/>\n1. Las sanciones administrativas de la Unidad de An\u00e1lisis Financiero\u00a0\u00a0 \u00a0\u00a0\u00a0 \u00a0396<br \/>\n2. El procedimiento administrativo sancionador que tramita la UAF\u00a0\u00a0 \u00a0\u00a0\u00a0 \u00a0407<br \/>\n3. El control de la sanci\u00f3n administrativa dispuesta por la UAF\u00a0\u00a0 \u00a0\u00a0\u00a0 \u00a0415<br \/>\nConsideraciones finales\u00a0\u00a0 \u00a0\u00a0\u00a0 \u00a0419<br \/>\nReferencias\u00a0\u00a0 \u00a0\u00a0\u00a0 \u00a0420<br \/>\nCap\u00edtulo 14.\u00a0El rol de la resoluci\u00f3n de calificaci\u00f3n ambiental como mecanismo de tutela ambiental: Vinculaci\u00f3n con el derecho administrativo sancionador\u00a0\u00a0 \u00a0\u00a0\u00a0 \u00a0425<br \/>\nPablo Javier Carrasco Fuentes<br \/>\nIntroducci\u00f3n\u00a0\u00a0 \u00a0\u00a0\u00a0 \u00a0426<br \/>\n1. La resoluci\u00f3n de calificaci\u00f3n ambiental y desarrollo sustentable\u00a0\u00a0 \u00a0\u00a0\u00a0 \u00a0427<br \/>\n2. Tutela ambiental y dise\u00f1o de la RCA\u00a0\u00a0 \u00a0\u00a0\u00a0 \u00a0429<br \/>\n3. Primac\u00eda de la postura de acto administrativo ambiental terminal de la RCA\u00a0\u00a0 \u00a0\u00a0\u00a0 \u00a0431<br \/>\n4. RCA y su car\u00e1cter resolutorio normativo\u00a0\u00a0 \u00a0\u00a0\u00a0 \u00a0431<br \/>\n5. Fiscalizaci\u00f3n de la observancia normativa de la RCA \u00a0\u00a0 \u00a0\u00a0\u00a0 \u00a0436<br \/>\n6. Reconducci\u00f3n del incumplimiento administrativo hacia el cumplimiento efectivo u observancia real del ordenamiento administrativo ambiental\u00a0\u00a0 \u00a0\u00a0\u00a0 \u00a0440<br \/>\nConclusiones\u00a0\u00a0 \u00a0\u00a0\u00a0 \u00a0448<br \/>\nReferencias\u00a0\u00a0 \u00a0\u00a0\u00a0 \u00a0449<br \/>\nCap\u00edtulo 15.\u00a0Procedimientos disciplinarios en la administraci\u00f3n del estado bajo la mirada de una propuesta de constituci\u00f3n pol\u00edtica\u00a0\u00a0 \u00a0\u00a0\u00a0 \u00a0453<br \/>\nGlenn Calvo Mu\u00f1oz<br \/>\nIntroducci\u00f3n\u00a0\u00a0 \u00a0\u00a0\u00a0 \u00a0454<br \/>\n1. Marco normativo: escenario actual\u00a0\u00a0 \u00a0\u00a0\u00a0 \u00a0456<br \/>\n2. Debido proceso como principio aplicable a los procedimientos disciplinarios\u00a0\u00a0 \u00a0\u00a0\u00a0 \u00a0459<br \/>\n3. Algunas razones para instituir el principio del debido proceso en el \u00e1mbito disciplinario\u00a0\u00a0 \u00a0\u00a0\u00a0 \u00a0472<br \/>\nConclusi\u00f3n\u00a0\u00a0 \u00a0\u00a0\u00a0 \u00a0473<br \/>\nReferencias\u00a0\u00a0 \u00a0\u00a0\u00a0 \u00a0476<br \/>\nCap\u00edtulo 16.\u00a0An\u00e1lisis cr\u00edtico de la subsidiariedad de la nulidad de Derecho p\u00fablico\u00a0\u00a0 \u00a0\u00a0\u00a0 \u00a0479<br \/>\nNicol\u00e1s Humeres Guajardo<br \/>\nIntroducci\u00f3n\u00a0\u00a0 \u00a0\u00a0\u00a0 \u00a0480<br \/>\n1. Estado del arte\u00a0\u00a0 \u00a0\u00a0\u00a0 \u00a0481<br \/>\n2. An\u00e1lisis cr\u00edtico y propuesta\u00a0\u00a0 \u00a0\u00a0\u00a0 \u00a0492<br \/>\n3. Reflexiones finales\u00a0\u00a0 \u00a0\u00a0\u00a0 \u00a0497<br \/>\nReferencias\u00a0\u00a0 \u00a0\u00a0\u00a0 \u00a0498<br \/>\nCap\u00edtulo 17.\u00a0Los poderes del juez y el reenv\u00edo del expediente administrativo: una propuesta de interpretaci\u00f3n\u00a0\u00a0 \u00a0\u00a0\u00a0 \u00a0501<br \/>\nWilliam Garc\u00eda Machmar<br \/>\nIntroducci\u00f3n\u00a0\u00a0 \u00a0\u00a0\u00a0 \u00a0501<br \/>\n1. Relevancia Constitucional \u00a0\u00a0 \u00a0\u00a0\u00a0 \u00a0503<br \/>\n2. Regulaci\u00f3n positiva\u00a0\u00a0 \u00a0\u00a0\u00a0 \u00a0507<br \/>\n3. An\u00e1lisis de jurisprudencia seleccionada\u00a0\u00a0 \u00a0\u00a0\u00a0 \u00a0512<br \/>\nConclusi\u00f3n\u00a0\u00a0 \u00a0\u00a0\u00a0 \u00a0517<br \/>\nReferencias\u00a0\u00a0 \u00a0\u00a0\u00a0 \u00a0518<br \/>\nCap\u00edtulo 18.\u00a0La constitucionalizaci\u00f3n de la funci\u00f3n p\u00fablica del urbanismo\u00a0\u00a0 \u00a0\u00a0\u00a0 \u00a0521<br \/>\nTom\u00e1s Valenzuela Za\u00f1artu<br \/>\nIntroducci\u00f3n\u00a0\u00a0 \u00a0\u00a0\u00a0 \u00a0522<br \/>\n1. El planeamiento urban\u00edstico como funci\u00f3n p\u00fablica\u00a0\u00a0 \u00a0\u00a0\u00a0 \u00a0524<br \/>\n2. La constitucionalizaci\u00f3n de la funci\u00f3n p\u00fablica del urbanismo\u00a0\u00a0 \u00a0\u00a0\u00a0 \u00a0527<br \/>\n3. El derecho a la ciudad y la funci\u00f3n p\u00fablica del urbanismo\u00a0\u00a0 \u00a0\u00a0\u00a0 \u00a0531<br \/>\nConclusi\u00f3n\u00a0\u00a0 \u00a0\u00a0\u00a0 \u00a0533<br \/>\nReferencias\u00a0\u00a0 \u00a0\u00a0\u00a0 \u00a0534<br \/>\nCap\u00edtulo 19.\u00a0El noble sue\u00f1o por una nueva constituci\u00f3n y los entresijos de su laberinto: el impacto de los tratados de protecci\u00f3n de inversi\u00f3n extranjera\u00a0\u00a0 \u00a0\u00a0\u00a0 \u00a0537<br \/>\nCarlos Dorn Garrido<br \/>\n1. El arbitraje internacional de inversiones: no es un simple acuerdo de arbitraje comercial\u00a0\u00a0 \u00a0\u00a0\u00a0 \u00a0538<br \/>\n2. La porosa densidad normativa de los principios rectores de la jurisdicci\u00f3n del arbitraje de inversiones\u00a0\u00a0 \u00a0\u00a0\u00a0 \u00a0546<br \/>\n3. Una jurisdicci\u00f3n arbitral paralela, principal, de acceso exclusivo al inversionista internacional y disociada del ordenamiento normativo dom\u00e9stico\u00a0\u00a0 \u00a0\u00a0\u00a0 \u00a0549<br \/>\n4. La expropiaci\u00f3n indirecta o regulatoria: l\u00edmite difuso a la potestad regulatoria y de polic\u00eda\u00a0\u00a0 \u00a0\u00a0\u00a0 \u00a0553<br \/>\n5. El proceso constituyente en su laberinto: un minotauro desafiante y peligroso\u00a0\u00a0 \u00a0\u00a0\u00a0 \u00a0559<br \/>\nReferencias \u00a0\u00a0 \u00a0\u00a0\u00a0 \u00a0561<\/p>\n<p>Cap\u00edtulo 20.\u00a0La incorporaci\u00f3n de cl\u00e1usulas sociales en la contrataci\u00f3n administrativa y su relaci\u00f3n con el modelo de estado social de derecho\u00a0\u00a0 \u00a0\u00a0\u00a0 \u00a0563<\/p>\n<p>Karen R. Asenjo A.<br \/>\n1. contextualizaci\u00f3n general de las cl\u00e1usulas sociales en la contrataci\u00f3n administrativa\u00a0\u00a0 \u00a0\u00a0\u00a0 \u00a0564<br \/>\n2. Incorporaci\u00f3n de Cl\u00e1usulas Sociales en la Contrataci\u00f3n Administrativa en Chile\u00a0\u00a0 \u00a0\u00a0\u00a0 \u00a0570<br \/>\n3. Controversias suscitadas en torno a la incorporaci\u00f3n de cl\u00e1usulas sociales a la contrataci\u00f3n administrativa en Chile. Perspectiva doctrinal y jurisprudencial\u00a0\u00a0 \u00a0\u00a0\u00a0 \u00a0575<br \/>\n4. Las cl\u00e1usulas sociales y su relaci\u00f3n con el modelo de Estado social de derecho. Un an\u00e1lisis a la luz de nuestro modelo constitucional\u00a0\u00a0 \u00a0\u00a0\u00a0 \u00a0582<br \/>\nReflexiones finales\u00a0\u00a0 \u00a0\u00a0\u00a0 \u00a0586<br \/>\nReferencias\u00a0\u00a0 \u00a0\u00a0\u00a0 \u00a0587<\/p>\n","protected":false},"excerpt":{"rendered":"<p>NUEVA EDICI\u00d3N ACTUALIZADA MARZO 2024<\/p>\n","protected":false},"featured_media":3310,"comment_status":"open","ping_status":"closed","template":"","meta":{"inline_featured_image":false,"_joinchat":[]},"product_brand":[],"product_cat":[45,26],"product_tag":[],"class_list":{"0":"post-3267","1":"product","2":"type-product","3":"status-publish","4":"has-post-thumbnail","6":"product_cat-administrativo","7":"product_cat-derecho","8":"product_shipping_class-a-convenir","10":"first","11":"instock","12":"shipping-taxable","13":"purchasable","14":"product-type-simple"},"_links":{"self":[{"href":"https:\/\/bibliotecajuridicavirtual.cl\/index.php\/wp-json\/wp\/v2\/product\/3267","targetHints":{"allow":["GET"]}}],"collection":[{"href":"https:\/\/bibliotecajuridicavirtual.cl\/index.php\/wp-json\/wp\/v2\/product"}],"about":[{"href":"https:\/\/bibliotecajuridicavirtual.cl\/index.php\/wp-json\/wp\/v2\/types\/product"}],"replies":[{"embeddable":true,"href":"https:\/\/bibliotecajuridicavirtual.cl\/index.php\/wp-json\/wp\/v2\/comments?post=3267"}],"wp:featuredmedia":[{"embeddable":true,"href":"https:\/\/bibliotecajuridicavirtual.cl\/index.php\/wp-json\/wp\/v2\/media\/3310"}],"wp:attachment":[{"href":"https:\/\/bibliotecajuridicavirtual.cl\/index.php\/wp-json\/wp\/v2\/media?parent=3267"}],"wp:term":[{"taxonomy":"product_brand","embeddable":true,"href":"https:\/\/bibliotecajuridicavirtual.cl\/index.php\/wp-json\/wp\/v2\/product_brand?post=3267"},{"taxonomy":"product_cat","embeddable":true,"href":"https:\/\/bibliotecajuridicavirtual.cl\/index.php\/wp-json\/wp\/v2\/product_cat?post=3267"},{"taxonomy":"product_tag","embeddable":true,"href":"https:\/\/bibliotecajuridicavirtual.cl\/index.php\/wp-json\/wp\/v2\/product_tag?post=3267"}],"curies":[{"name":"wp","href":"https:\/\/api.w.org\/{rel}","templated":true}]}}