{"id":3269,"date":"2026-02-28T01:11:19","date_gmt":"2026-02-28T04:11:19","guid":{"rendered":"https:\/\/bibliotecajuridicavirtual.cl\/?post_type=product&#038;p=3269"},"modified":"2026-03-28T00:06:53","modified_gmt":"2026-03-28T03:06:53","slug":"codigo-procesal-penal-de-chile-5-edicion-con-apendice-legislativo-indices-tematico-y-analitico-ano-2025-550-pag","status":"publish","type":"product","link":"https:\/\/bibliotecajuridicavirtual.cl\/index.php\/product\/codigo-procesal-penal-de-chile-5-edicion-con-apendice-legislativo-indices-tematico-y-analitico-ano-2025-550-pag\/","title":{"rendered":"C\u00f3digo Procesal Penal de Chile * Paula Vial Reynal &#8211; 6\u00b0 edici\u00f3n con Ap\u00e9ndice Legislativo &#8211; \u00cdndices Tem\u00e1tico y Anal\u00edtico. A\u00f1o 2026 * 556 P\u00e1g."},"content":{"rendered":"<p style=\"font-weight: 400;\">Incluye:<\/p>\n<ul style=\"font-weight: 400;\">\n<li>\n<p style=\"font-weight: 400;\">Incluye:<\/p>\n<ul style=\"font-weight: 400;\">\n<li>Ley N\u00b0 18.216 establece penas que indica como sustitutivas a las penas privativas o restrictivas de libertad<\/li>\n<li>Ley N\u00b0 20.000 sustituye la Ley N\u00b0 19.366, que sanciona el tr\u00e1fico il\u00edcito de estupefacientes y sustancias sicotr\u00f3picas<\/li>\n<li>Ley N\u00b0 20.393 establece la responsabilidad penal de las personas jur\u00eddicas en los delitos que indica<\/li>\n<li>Ley N\u00b0 21.057 regula entrevistas grabadas en video y, otras medidas de resguardo a menores de edad, victimas de delitos sexuales.<\/li>\n<li>Decreto 400 del Ministerio de Defensa Nacional fija texto refundido, coordinado y sistematizado de la 17.798, sobre control de armas<\/li>\n<li>DFL N\u00b0 1 fija texto refundido, coordinado y sistematizado de la ley de tr\u00e1nsito, N\u00b0 18.290<\/li>\n<li>Ley N\u00b0 19.718 crea la Defensor\u00eda Penal P\u00fablica<\/li>\n<li>Ley N\u00b0 19.640 org\u00e1nica constitucional del Ministerio P\u00fablico<\/li>\n<li>Ley N\u00b0 20.084 de responsabilidad penal adolescente<\/li>\n<li>Ley N\u00b0 21.459 establece normas sobre delitos inform\u00e1ticos, deroga la Ley No 19.223 y modifica otros legales con el objeto de adecuarlos al Convenio de Budapest<\/li>\n<li>N\u00b0 Ley N\u00ba 21.426 sobre comercio ilegal<\/li>\n<\/ul>\n<\/li>\n<\/ul>\n","protected":false},"excerpt":{"rendered":"<p>Buscas un libro Jur\u00eddico.? Lo puedes encontrar en nuestra tienda virtual.<br \/>\nContamos con prestigiosos autores y muchas alternativas en sus diferentes materias al igual que grandes descuentos.! Vis\u00edtanos en <a class=\"QKwVMNcugJZCSCraHfEjkhgrjQqBBdvPIrI \" href=\"https:\/\/lnkd.in\/eiAG7jdZ\" target=\"_blank\" rel=\"noopener\" data-test-app-aware-link=\"\">https:\/\/lnkd.in\/eiAG7jdZ<\/a><br \/>\nEscr\u00edbenos al +56930565235 \/ <a class=\"QKwVMNcugJZCSCraHfEjkhgrjQqBBdvPIrI \" href=\"mailto:ventaslegallexglobal@gmail.com\" target=\"_self\" data-test-app-aware-link=\"\">ventaslegallexglobal@gmail.com<\/a><br \/>\nHacemos env\u00edos a todo Chile &#8211; Starken o Correos Chile \/ Te esperamos<\/p>\n","protected":false},"featured_media":5347,"comment_status":"open","ping_status":"closed","template":"","meta":{"inline_featured_image":false,"_joinchat":[]},"product_brand":[],"product_cat":[32,34],"product_tag":[],"class_list":{"0":"post-3269","1":"product","2":"type-product","3":"status-publish","4":"has-post-thumbnail","6":"product_cat-codigos-de-la-republica-de-chile-ano-2026","7":"product_cat-procesal-penal","8":"product_shipping_class-a-convenir","10":"first","11":"instock","12":"shipping-taxable","13":"purchasable","14":"product-type-simple"},"_links":{"self":[{"href":"https:\/\/bibliotecajuridicavirtual.cl\/index.php\/wp-json\/wp\/v2\/product\/3269","targetHints":{"allow":["GET"]}}],"collection":[{"href":"https:\/\/bibliotecajuridicavirtual.cl\/index.php\/wp-json\/wp\/v2\/product"}],"about":[{"href":"https:\/\/bibliotecajuridicavirtual.cl\/index.php\/wp-json\/wp\/v2\/types\/product"}],"replies":[{"embeddable":true,"href":"https:\/\/bibliotecajuridicavirtual.cl\/index.php\/wp-json\/wp\/v2\/comments?post=3269"}],"wp:featuredmedia":[{"embeddable":true,"href":"https:\/\/bibliotecajuridicavirtual.cl\/index.php\/wp-json\/wp\/v2\/media\/5347"}],"wp:attachment":[{"href":"https:\/\/bibliotecajuridicavirtual.cl\/index.php\/wp-json\/wp\/v2\/media?parent=3269"}],"wp:term":[{"taxonomy":"product_brand","embeddable":true,"href":"https:\/\/bibliotecajuridicavirtual.cl\/index.php\/wp-json\/wp\/v2\/product_brand?post=3269"},{"taxonomy":"product_cat","embeddable":true,"href":"https:\/\/bibliotecajuridicavirtual.cl\/index.php\/wp-json\/wp\/v2\/product_cat?post=3269"},{"taxonomy":"product_tag","embeddable":true,"href":"https:\/\/bibliotecajuridicavirtual.cl\/index.php\/wp-json\/wp\/v2\/product_tag?post=3269"}],"curies":[{"name":"wp","href":"https:\/\/api.w.org\/{rel}","templated":true}]}}