{"id":3288,"date":"2026-02-28T01:11:41","date_gmt":"2026-02-28T04:11:41","guid":{"rendered":"https:\/\/bibliotecajuridicavirtual.cl\/?post_type=product&#038;p=3288"},"modified":"2026-02-28T01:12:11","modified_gmt":"2026-02-28T04:12:11","slug":"la-ley-21-202-sobre-humedales-urbanos-ano-2024-282-pag-autor-benjamin-gonzalez-guzman-y-ximena-insunza-corvalan","status":"publish","type":"product","link":"https:\/\/bibliotecajuridicavirtual.cl\/index.php\/product\/la-ley-21-202-sobre-humedales-urbanos-ano-2024-282-pag-autor-benjamin-gonzalez-guzman-y-ximena-insunza-corvalan\/","title":{"rendered":"La Ley 21.202 Sobre Humedales Urbanos. A\u00f1o 2024\/ 282 P\u00e1g. Autor Benjam\u00edn Gonz\u00e1lez Guzm\u00e1n y Ximena Insunza Corval\u00e1n"},"content":{"rendered":"<p>La ley N\u00b021.202, promulgada en enero de 2020, tiene como objetivo la protecci\u00f3n de los humedales urbanos oficialmente declarados como tales por el Ministerio del Medio Ambiente, de oficio o a trav\u00e9s de solicitudes municipales. Esta ley, cuya gestaci\u00f3n involucr\u00f3 activamente a diversos sectores de la sociedad civil, ha enfrentado importantes desaf\u00edos en su aplicaci\u00f3n. A cuatro a\u00f1os de su promulgaci\u00f3n, este libro se propone examinar estos desaf\u00edos en seis cap\u00edtulos escritos entre los a\u00f1os 2022 y 2023 por expertos provenientes de diversas disciplinas. La publicaci\u00f3n compila seis art\u00edculos que exploran temas claves en la implementaci\u00f3n de la norma, tales como el marco normativo nacional e internacional relacionado con la protecci\u00f3n de humedales y el papel fundamental de la ciudadan\u00eda en el surgimiento como en la aplicaci\u00f3n de la ley. Adem\u00e1s, se incluyen dos cap\u00edtulos que detallan los impactos que su implementaci\u00f3n ha tenido en la jurisprudencia de los Tribunales Ambientales, la Corte Suprema y el Tribunal Constitucional. Este an\u00e1lisis busca contribuir al entendimiento de la compleja din\u00e1mica que rodea la protecci\u00f3n de los humedales urbanos en el contexto de la Ley N\u00b021.202.<\/p>\n<p>\u00cdndice<br \/>\nPr\u00f3logo\u00a0\u00a0 \u00a0\u00a0\u00a0 \u00a013<br \/>\nSenador Alfonso De Urresti<br \/>\nCap\u00edtulo I<br \/>\nEstatuto jur\u00eddico internacional y nacional de los humedales\u00a0\u00a0 \u00a0\u00a0\u00a0 \u00a017<br \/>\nAntonia Schmidt Alvear,<br \/>\nIntroducci\u00f3n\u00a0\u00a0 \u00a0\u00a0\u00a0 \u00a017<br \/>\n1. Conceptualizaci\u00f3n t\u00e9cnica y ecol\u00f3gica de los humedales y sus principales amenazas\u00a0\u00a0 \u00a0\u00a0\u00a0 \u00a019<br \/>\n2. Humedales en el derecho internacional\u00a0\u00a0 \u00a0\u00a0\u00a0 \u00a023<br \/>\n3. Humedales en el derecho nacional\u00a0\u00a0 \u00a0\u00a0\u00a0 \u00a035<br \/>\n3.1. Protecci\u00f3n de humedales en sede constitucional\u00a0\u00a0 \u00a0\u00a0\u00a0 \u00a037<br \/>\n3.2. Protecci\u00f3n de humedales en sede legal \u00a0\u00a0 \u00a0\u00a0\u00a0 \u00a039<br \/>\n3.2.1. Ley n\u00b0 19.300 sobre Bases Generales del Medio Ambiente \u00a0\u00a0 \u00a0\u00a0\u00a0 \u00a039<br \/>\n3.2.2. Ley n\u00b0 21.202 que Modifica diversos cuerpos legales con el objeto de proteger los humedales urbanos y su Reglamento\u00a0\u00a0 \u00a0\u00a0\u00a0 \u00a043<br \/>\n3.2.3. La regulaci\u00f3n y protecci\u00f3n de los humedales en el C\u00f3digo de Aguas \u00a0\u00a0 \u00a0\u00a0\u00a0 \u00a053<br \/>\n3.2.4. La protecci\u00f3n de los humedales en la Ley n\u00b0 21.455 Marco de Cambio Clim\u00e1tico \u00a0\u00a0 \u00a0\u00a0\u00a0 \u00a058<br \/>\n3.2.5. Proyectos de ley\u00a0\u00a0 \u00a0\u00a0\u00a0 \u00a063<br \/>\nReflexiones finales\u00a0\u00a0 \u00a0\u00a0\u00a0 \u00a065<br \/>\nReferencias Bibliogr\u00e1ficas \u00a0\u00a0 \u00a0\u00a0\u00a0 \u00a067<br \/>\nCap\u00edtulo II<br \/>\nLey de Humedales Urbanos: una iniciativa ciudadana\u00a0\u00a0 \u00a0\u00a0\u00a0 \u00a069<br \/>\nAlejandra Fisher Telias,<br \/>\nMelissa Mallega Acevedo,<br \/>\n1. Historia de la ley de humedales urbanos\u00a0\u00a0 \u00a0\u00a0\u00a0 \u00a072<br \/>\nIntroducci\u00f3n\u00a0\u00a0 \u00a0\u00a0\u00a0 \u00a072<br \/>\n1.1. Moci\u00f3n parlamentaria\u00a0\u00a0 \u00a0\u00a0\u00a0 \u00a074<br \/>\n1.2. Primer tr\u00e1mite constitucional en el Senado\u00a0\u00a0 \u00a0\u00a0\u00a0 \u00a075<br \/>\n1.3. Segundo tr\u00e1mite constitucional en la C\u00e1mara de Diputadas y Diputados\u00a0\u00a0 \u00a0\u00a0\u00a0 \u00a079<br \/>\n1.4. Aprobaci\u00f3n del proyecto de ley: tercer tr\u00e1mite y Comisi\u00f3n Mixta \u00a0\u00a0 \u00a0\u00a0\u00a0 \u00a086<br \/>\n2. La historia del reglamento de la Ley n\u00b0 21.202: un reglamento ciudadano\u00a0\u00a0 \u00a0\u00a0\u00a0 \u00a090<br \/>\n2.1. \u00a0Un reglamento ciudadano \u00a0\u00a0 \u00a0\u00a0\u00a0 \u00a090<br \/>\n2.2. Proceso de elaboraci\u00f3n del reglamento para la Ley n\u00b0 21.202\u00a0\u00a0 \u00a0\u00a0\u00a0 \u00a091<br \/>\n2.2.1. Contenido de Informe \u00a0\u00a0 \u00a0\u00a0\u00a0 \u00a091<br \/>\n2.2.2. Metodolog\u00eda para la participaci\u00f3n ciudadana \u00a0\u00a0 \u00a0\u00a0\u00a0 \u00a092<br \/>\n2.2.3. Resultados de los talleres participativos \u00a0\u00a0 \u00a0\u00a0\u00a0 \u00a095<br \/>\nConclusiones \u00a0\u00a0 \u00a0\u00a0\u00a0 \u00a0102<br \/>\nReferencias Bibliogr\u00e1ficas \u00a0\u00a0 \u00a0\u00a0\u00a0 \u00a0103<br \/>\nCap\u00edtulo III<br \/>\nEl rol de la ciudadan\u00eda y las organizaciones sociales en la implementaci\u00f3n de la Ley de Protecci\u00f3n de Humedales Urbanos\u00a0\u00a0 \u00a0\u00a0\u00a0 \u00a0105<br \/>\nAlejandra Fischer Telias,<br \/>\nBenjam\u00edn Gonz\u00e1lez Guzm\u00e1n,<br \/>\nJaviera Larra\u00edn Suckel,<br \/>\nGabriel de Saint Pierre Carvajal,<br \/>\nIntroducci\u00f3n \u00a0\u00a0 \u00a0\u00a0\u00a0 \u00a0105<br \/>\n1. La participaci\u00f3n ciudadana en materia ambiental\u00a0\u00a0 \u00a0\u00a0\u00a0 \u00a0107<br \/>\n2. An\u00e1lisis de la participaci\u00f3n ciudadana en la LHU y su Reglamento \u00a0\u00a0 \u00a0\u00a0\u00a0 \u00a0111<br \/>\nAntecedentes \u00a0\u00a0 \u00a0\u00a0\u00a0 \u00a0111<br \/>\n2.1. La participaci\u00f3n ciudadana en el procedimiento de declaratoria \u00a0\u00a0 \u00a0\u00a0\u00a0 \u00a0112<br \/>\n2.2. Participaci\u00f3n ciudadana en el procedimiento a instancia municipal\u00a0\u00a0 \u00a0\u00a0\u00a0 \u00a0114<br \/>\n2.3. Participaci\u00f3n ciudadana en el procedimiento de oficio\u00a0\u00a0 \u00a0\u00a0\u00a0 \u00a0117<br \/>\n3. La participaci\u00f3n ciudadana en la implementaci\u00f3n de la LHU\u00a0\u00a0 \u00a0\u00a0\u00a0 \u00a0120<br \/>\n3.1. La participaci\u00f3n ciudadana posterior a la declaratoria \u00a0\u00a0 \u00a0\u00a0\u00a0 \u00a0122<br \/>\n3.2. Instancia adicional de participaci\u00f3n ciudadana ante la Municipalidad\u00a0\u00a0 \u00a0\u00a0\u00a0 \u00a0125<br \/>\n3.3. Instancia adicional de participaci\u00f3n ciudadana ante el MMA\u00a0\u00a0 \u00a0\u00a0\u00a0 \u00a0126<br \/>\n3.4. Participaci\u00f3n ciudadana en el cumplimiento de la Ley\u00a0\u00a0 \u00a0\u00a0\u00a0 \u00a0126<br \/>\n4. Participaci\u00f3n ciudadana en tres casos de estudio\u00a0\u00a0 \u00a0\u00a0\u00a0 \u00a0133<br \/>\n4.1. Metodolog\u00eda: \u00a0\u00a0 \u00a0\u00a0\u00a0 \u00a0133<br \/>\n4.2. R\u00edo Elqui \u00a0\u00a0 \u00a0\u00a0\u00a0 \u00a0134<br \/>\n4.3. Ojos de Mar \u00a0\u00a0 \u00a0\u00a0\u00a0 \u00a0142<br \/>\n4.4. Krahmer \u00a0\u00a0 \u00a0\u00a0\u00a0 \u00a0146<br \/>\n5. Hallazgos\u00a0\u00a0 \u00a0\u00a0\u00a0 \u00a0152<br \/>\nConclusiones\u00a0\u00a0 \u00a0\u00a0\u00a0 \u00a0154<br \/>\nReferencias Bibliogr\u00e1ficas \u00a0\u00a0 \u00a0\u00a0\u00a0 \u00a0156<br \/>\nCap\u00edtulo IV<br \/>\nAn\u00e1lisis jurisprudencial de la implementaci\u00f3n de la Ley n\u00b0 21.202\u00a0\u00a0 \u00a0\u00a0\u00a0 \u00a0159<br \/>\nBenjam\u00edn Gonz\u00e1lez Guzm\u00e1n,<br \/>\nXimena Insunza Corval\u00e1n,<br \/>\nIntroducci\u00f3n \u00a0\u00a0 \u00a0\u00a0\u00a0 \u00a0159<br \/>\n1. Los humedales en la jurisprudencia de la Corte Suprema: antes y despu\u00e9s de la dictaci\u00f3n de la LHU\u00a0\u00a0 \u00a0\u00a0\u00a0 \u00a0160<br \/>\n2. La jurisprudencia de los Tribunales ambientales conociendo de las reclamaciones del inciso final del art\u00edculo 3\u00b0 de la LHU\u00a0\u00a0 \u00a0\u00a0\u00a0 \u00a0170<br \/>\n2.1. Las cifras de la LHU \u00a0\u00a0 \u00a0\u00a0\u00a0 \u00a0171<br \/>\n2.2. La jurisprudencia de los Tribunales Ambientales \u00a0\u00a0 \u00a0\u00a0\u00a0 \u00a0174<br \/>\n2.2.1. Falta de motivaci\u00f3n o fundamentaci\u00f3n\u00a0\u00a0 \u00a0\u00a0\u00a0 \u00a0175<br \/>\ni) Incumplimiento de los requisitos para ser declarado humedal\u00a0\u00a0\u00a0 \u00a0\u00a0\u00a0 \u00a0176<br \/>\nii) No se tomaron en cuenta los antecedentes acompa\u00f1ados\u00a0\u00a0 \u00a0\u00a0\u00a0 \u00a0180<br \/>\n2.2.2. Vulneraci\u00f3n al derecho de propiedad \u00a0\u00a0 \u00a0\u00a0\u00a0 \u00a0181<br \/>\n2.2.3. Vulneraci\u00f3n al derecho a desarrollar cualquier actividad econ\u00f3mica l\u00edcita \u00a0\u00a0 \u00a0\u00a0\u00a0 \u00a0182<br \/>\n2.2.4. Acuerdo del Concejo Municipal\u00a0\u00a0 \u00a0\u00a0\u00a0 \u00a0183<br \/>\n2.2.5. Modificaci\u00f3n de la superficie del humedal\u00a0\u00a0 \u00a0\u00a0\u00a0 \u00a0183<br \/>\n2.2.6. Humedal en parte rural \u00a0\u00a0 \u00a0\u00a0\u00a0 \u00a0185<br \/>\n2.2.7. Calidad de interesado \u00a0\u00a0 \u00a0\u00a0\u00a0 \u00a0186<br \/>\n2.2.8. Infraestructura especial y relaci\u00f3n con otras pol\u00edticas p\u00fablicas\u00a0\u00a0 \u00a0\u00a0\u00a0 \u00a0186<br \/>\n2.2.9. Efecto erga omnes\u00a0\u00a0 \u00a0\u00a0\u00a0 \u00a0187<br \/>\n3. LA JURISPRUDENCIA DE LA CORTE SUPREMA CONOCIENDO recursos de queja\u00a0\u00a0 \u00a0\u00a0\u00a0 \u00a0202<br \/>\nConclusiones \u00a0\u00a0 \u00a0\u00a0\u00a0 \u00a0207<br \/>\nReferencias bibliogr\u00e1ficas \u00a0\u00a0 \u00a0\u00a0\u00a0 \u00a0210<br \/>\nCap\u00edtulo V<br \/>\nHumedales en la propuesta de la Convenci\u00f3n Constitucional (2021-2022)\u00a0\u00a0 \u00a0\u00a0\u00a0 \u00a0211<br \/>\nBenjam\u00edn Gonz\u00e1lez Guzm\u00e1n,<br \/>\nIntroducci\u00f3n\u00a0\u00a0 \u00a0\u00a0\u00a0 \u00a0211<br \/>\n1. El medio ambiente en el proceso constituyente del segundo gobierno de Michelle Bachelet (2014-2018)\u00a0\u00a0 \u00a0\u00a0\u00a0 \u00a0212<br \/>\n2. El medio ambiente en la propuesta constitucional de la Convenci\u00f3n Constitucional (2021-2022)\u00a0\u00a0 \u00a0\u00a0\u00a0 \u00a0215<br \/>\n3. \u00a0Humedales en el texto propuesto por la Convenci\u00f3n Constitucional (2021-2022)\u00a0\u00a0 \u00a0\u00a0\u00a0 \u00a0220<br \/>\n3.1. Los humedales como Bienes Comunes Naturales \u00a0\u00a0 \u00a0\u00a0\u00a0 \u00a0220<br \/>\n3.2. Humedales como objeto del derecho de acceso a la naturaleza\u00a0\u00a0 \u00a0\u00a0\u00a0 \u00a0229<br \/>\n3.3. La protecci\u00f3n indirecta de los humedales \u00a0\u00a0 \u00a0\u00a0\u00a0 \u00a0230<br \/>\n3.3.1. Los derechos de la naturaleza \u00a0\u00a0 \u00a0\u00a0\u00a0 \u00a0231<br \/>\nConclusiones \u00a0\u00a0 \u00a0\u00a0\u00a0 \u00a0235<br \/>\nReferencias bibliogr\u00e1ficas\u00a0\u00a0 \u00a0\u00a0\u00a0 \u00a0238<br \/>\nCap\u00edtulo VI<br \/>\nLa Ley de Humedales Urbanos y la Constituci\u00f3n: an\u00e1lisis de su compatibilidad\u00a0\u00a0 \u00a0\u00a0\u00a0 \u00a0241<br \/>\n\u00c1lvaro Dorta Phillips,<br \/>\nIntroducci\u00f3n\u00a0\u00a0 \u00a0\u00a0\u00a0 \u00a0241<br \/>\n1. Las alegaciones en sede inaplicabilidad por inconstitucionalidad\u00a0\u00a0 \u00a0\u00a0\u00a0 \u00a0245<br \/>\n1.1. Las alegaciones formuladas por los requirentes de inaplicabilidad por inconstitucionalidad\u00a0\u00a0 \u00a0\u00a0\u00a0 \u00a0245<br \/>\n1.2. Las alegaciones del Consejo de Defensa del Estado\u00a0\u00a0 \u00a0\u00a0\u00a0 \u00a0248<br \/>\n2. An\u00e1lisis de los cuestionamientos\u00a0\u00a0 \u00a0\u00a0\u00a0 \u00a0250<br \/>\n2.1. El caso de la LHU\u00a0\u00a0 \u00a0\u00a0\u00a0 \u00a0250<br \/>\n2.2. Sobre la vulneraci\u00f3n al debido proceso\u00a0\u00a0 \u00a0\u00a0\u00a0 \u00a0253<br \/>\n2.3. Sobre la vulneraci\u00f3n a la igualdad ante la ley\u00a0\u00a0 \u00a0\u00a0\u00a0 \u00a0260<br \/>\n2.4. Sobre la diferencia entre los procedimientos de oficio y municipal\u00a0\u00a0 \u00a0\u00a0\u00a0 \u00a0263<br \/>\n2.4.1. Sobre la diferencia de la figura de la LHU con otras figuras de protecci\u00f3n\u00a0\u00a0 \u00a0\u00a0\u00a0 \u00a0263<br \/>\nSantuario de la Naturaleza\u00a0\u00a0 \u00a0\u00a0\u00a0 \u00a0264<br \/>\nParque Nacional\u00a0\u00a0 \u00a0\u00a0\u00a0 \u00a0266<br \/>\nEl Consejo de Ministros para la Sustentabilidad\u00a0\u00a0 \u00a0\u00a0\u00a0 \u00a0269<br \/>\n3. \u00bfVulnera la LHU la garant\u00eda de igualdad ante la ley por la diferencia con otros procedimientos de declaraci\u00f3n de figuras de protecci\u00f3n?\u00a0\u00a0 \u00a0\u00a0\u00a0 \u00a0272<br \/>\nConclusiones\u00a0\u00a0 \u00a0\u00a0\u00a0 \u00a0276<br \/>\nReferencias bibliogr\u00e1ficas\u00a0\u00a0 \u00a0\u00a0\u00a0 \u00a0278<\/p>\n","protected":false},"excerpt":{"rendered":"<p>La ley N\u00b021.202, promulgada en enero de 2020, tiene como objetivo la protecci\u00f3n de los humedales urbanos oficialmente declarados como tales por el Ministerio del Medio Ambiente, de oficio o a trav\u00e9s de solicitudes municipales. Esta ley, cuya gestaci\u00f3n involucr\u00f3 activamente a diversos sectores de la sociedad civil, ha enfrentado importantes desaf\u00edos en su aplicaci\u00f3n. A cuatro a\u00f1os de su promulgaci\u00f3n, este libro se propone examinar estos desaf\u00edos en seis cap\u00edtulos escritos entre los a\u00f1os 2022 y 2023 por expertos provenientes de diversas disciplinas. La publicaci\u00f3n compila seis art\u00edculos que exploran temas claves en la implementaci\u00f3n de la norma, tales como el marco normativo nacional e internacional relacionado con la protecci\u00f3n de humedales y el papel fundamental de la ciudadan\u00eda en el surgimiento como en la aplicaci\u00f3n de la ley. Adem\u00e1s, se incluyen dos cap\u00edtulos que detallan los impactos que su implementaci\u00f3n ha tenido en la jurisprudencia de los Tribunales Ambientales, la Corte Suprema y el Tribunal Constitucional. Este an\u00e1lisis busca contribuir al entendimiento de la compleja din\u00e1mica que rodea la protecci\u00f3n de los humedales urbanos en el contexto de la Ley N\u00b021.202. \u00cdndice Pr\u00f3logo\u00a0\u00a0 \u00a0\u00a0\u00a0 \u00a013 Senador Alfonso De Urresti Cap\u00edtulo I Estatuto jur\u00eddico internacional y nacional de los humedales\u00a0\u00a0 \u00a0\u00a0\u00a0 \u00a017 Antonia Schmidt Alvear, Introducci\u00f3n\u00a0\u00a0 \u00a0\u00a0\u00a0 \u00a017 1. Conceptualizaci\u00f3n t\u00e9cnica y ecol\u00f3gica de los humedales y sus principales amenazas\u00a0\u00a0 \u00a0\u00a0\u00a0 \u00a019 2. Humedales en el derecho internacional\u00a0\u00a0 \u00a0\u00a0\u00a0 \u00a023 3. Humedales en el derecho nacional\u00a0\u00a0 \u00a0\u00a0\u00a0 \u00a035 3.1. Protecci\u00f3n de humedales en sede constitucional\u00a0\u00a0 \u00a0\u00a0\u00a0 \u00a037 3.2. Protecci\u00f3n de humedales en sede legal \u00a0\u00a0 \u00a0\u00a0\u00a0 \u00a039 3.2.1. Ley n\u00b0 19.300 sobre Bases Generales del Medio Ambiente \u00a0\u00a0 \u00a0\u00a0\u00a0 \u00a039 3.2.2. Ley n\u00b0 21.202 que Modifica diversos cuerpos legales con el objeto de proteger los humedales urbanos y su Reglamento\u00a0\u00a0 \u00a0\u00a0\u00a0 \u00a043 3.2.3. La regulaci\u00f3n y protecci\u00f3n de los humedales en el C\u00f3digo de Aguas \u00a0\u00a0 \u00a0\u00a0\u00a0 \u00a053 3.2.4. La protecci\u00f3n de los humedales en la Ley n\u00b0 21.455 Marco de Cambio Clim\u00e1tico \u00a0\u00a0 \u00a0\u00a0\u00a0 \u00a058 3.2.5. Proyectos de ley\u00a0\u00a0 \u00a0\u00a0\u00a0 \u00a063 Reflexiones finales\u00a0\u00a0 \u00a0\u00a0\u00a0 \u00a065 Referencias Bibliogr\u00e1ficas \u00a0\u00a0 \u00a0\u00a0\u00a0 \u00a067 Cap\u00edtulo II Ley de Humedales Urbanos: una iniciativa ciudadana\u00a0\u00a0 \u00a0\u00a0\u00a0 \u00a069 Alejandra Fisher Telias, Melissa Mallega Acevedo, 1. Historia de la ley de humedales urbanos\u00a0\u00a0 \u00a0\u00a0\u00a0 \u00a072 Introducci\u00f3n\u00a0\u00a0 \u00a0\u00a0\u00a0 \u00a072 1.1. Moci\u00f3n parlamentaria\u00a0\u00a0 \u00a0\u00a0\u00a0 \u00a074 1.2. Primer tr\u00e1mite constitucional en el Senado\u00a0\u00a0 \u00a0\u00a0\u00a0 \u00a075 1.3. Segundo tr\u00e1mite constitucional en la C\u00e1mara de Diputadas y Diputados\u00a0\u00a0 \u00a0\u00a0\u00a0 \u00a079 1.4. Aprobaci\u00f3n del proyecto de ley: tercer tr\u00e1mite y Comisi\u00f3n Mixta \u00a0\u00a0 \u00a0\u00a0\u00a0 \u00a086 2. La historia del reglamento de la Ley n\u00b0 21.202: un reglamento ciudadano\u00a0\u00a0 \u00a0\u00a0\u00a0 \u00a090 2.1. \u00a0Un reglamento ciudadano \u00a0\u00a0 \u00a0\u00a0\u00a0 \u00a090 2.2. Proceso de elaboraci\u00f3n del reglamento para la Ley n\u00b0 21.202\u00a0\u00a0 \u00a0\u00a0\u00a0 \u00a091 2.2.1. Contenido de Informe \u00a0\u00a0 \u00a0\u00a0\u00a0 \u00a091 2.2.2. Metodolog\u00eda para la participaci\u00f3n ciudadana \u00a0\u00a0 \u00a0\u00a0\u00a0 \u00a092 2.2.3. Resultados de los talleres participativos \u00a0\u00a0 \u00a0\u00a0\u00a0 \u00a095 Conclusiones \u00a0\u00a0 \u00a0\u00a0\u00a0 \u00a0102 Referencias Bibliogr\u00e1ficas \u00a0\u00a0 \u00a0\u00a0\u00a0 \u00a0103 Cap\u00edtulo III El rol de la ciudadan\u00eda y las organizaciones sociales en la implementaci\u00f3n de la Ley de Protecci\u00f3n de Humedales Urbanos\u00a0\u00a0 \u00a0\u00a0\u00a0 \u00a0105 Alejandra Fischer Telias, Benjam\u00edn Gonz\u00e1lez Guzm\u00e1n, Javiera Larra\u00edn Suckel, Gabriel de Saint Pierre Carvajal, Introducci\u00f3n \u00a0\u00a0 \u00a0\u00a0\u00a0 \u00a0105 1. La participaci\u00f3n ciudadana en materia ambiental\u00a0\u00a0 \u00a0\u00a0\u00a0 \u00a0107 2. An\u00e1lisis de la participaci\u00f3n ciudadana en la LHU y su Reglamento \u00a0\u00a0 \u00a0\u00a0\u00a0 \u00a0111 Antecedentes \u00a0\u00a0 \u00a0\u00a0\u00a0 \u00a0111 2.1. La participaci\u00f3n ciudadana en el procedimiento de declaratoria \u00a0\u00a0 \u00a0\u00a0\u00a0 \u00a0112 2.2. Participaci\u00f3n ciudadana en el procedimiento a instancia municipal\u00a0\u00a0 \u00a0\u00a0\u00a0 \u00a0114 2.3. Participaci\u00f3n ciudadana en el procedimiento de oficio\u00a0\u00a0 \u00a0\u00a0\u00a0 \u00a0117 3. La participaci\u00f3n ciudadana en la implementaci\u00f3n de la LHU\u00a0\u00a0 \u00a0\u00a0\u00a0 \u00a0120 3.1. La participaci\u00f3n ciudadana posterior a la declaratoria \u00a0\u00a0 \u00a0\u00a0\u00a0 \u00a0122 3.2. Instancia adicional de participaci\u00f3n ciudadana ante la Municipalidad\u00a0\u00a0 \u00a0\u00a0\u00a0 \u00a0125 3.3. Instancia adicional de participaci\u00f3n ciudadana ante el MMA\u00a0\u00a0 \u00a0\u00a0\u00a0 \u00a0126 3.4. Participaci\u00f3n ciudadana en el cumplimiento de la Ley\u00a0\u00a0 \u00a0\u00a0\u00a0 \u00a0126 4. Participaci\u00f3n ciudadana en tres casos de estudio\u00a0\u00a0 \u00a0\u00a0\u00a0 \u00a0133 4.1. Metodolog\u00eda: \u00a0\u00a0 \u00a0\u00a0\u00a0 \u00a0133 4.2. R\u00edo Elqui \u00a0\u00a0 \u00a0\u00a0\u00a0 \u00a0134 4.3. Ojos de Mar \u00a0\u00a0 \u00a0\u00a0\u00a0 \u00a0142 4.4. Krahmer \u00a0\u00a0 \u00a0\u00a0\u00a0 \u00a0146 5. Hallazgos\u00a0\u00a0 \u00a0\u00a0\u00a0 \u00a0152 Conclusiones\u00a0\u00a0 \u00a0\u00a0\u00a0 \u00a0154 Referencias Bibliogr\u00e1ficas \u00a0\u00a0 \u00a0\u00a0\u00a0 \u00a0156 Cap\u00edtulo IV An\u00e1lisis jurisprudencial de la implementaci\u00f3n de la Ley n\u00b0 21.202\u00a0\u00a0 \u00a0\u00a0\u00a0 \u00a0159 Benjam\u00edn Gonz\u00e1lez Guzm\u00e1n, Ximena Insunza Corval\u00e1n, Introducci\u00f3n \u00a0\u00a0 \u00a0\u00a0\u00a0 \u00a0159 1. Los humedales en la jurisprudencia de la Corte Suprema: antes y despu\u00e9s de la dictaci\u00f3n de la LHU\u00a0\u00a0 \u00a0\u00a0\u00a0 \u00a0160 2. La jurisprudencia de los Tribunales ambientales conociendo de las reclamaciones del inciso final del art\u00edculo 3\u00b0 de la LHU\u00a0\u00a0 \u00a0\u00a0\u00a0 \u00a0170 2.1. Las cifras de la LHU \u00a0\u00a0 \u00a0\u00a0\u00a0 \u00a0171 2.2. La jurisprudencia de los Tribunales Ambientales \u00a0\u00a0 \u00a0\u00a0\u00a0 \u00a0174 2.2.1. Falta de motivaci\u00f3n o fundamentaci\u00f3n\u00a0\u00a0 \u00a0\u00a0\u00a0 \u00a0175 i) Incumplimiento de los requisitos para ser declarado humedal\u00a0\u00a0\u00a0 \u00a0\u00a0\u00a0 \u00a0176 ii) No se tomaron en cuenta los antecedentes acompa\u00f1ados\u00a0\u00a0 \u00a0\u00a0\u00a0 \u00a0180 2.2.2. Vulneraci\u00f3n al derecho de propiedad \u00a0\u00a0 \u00a0\u00a0\u00a0 \u00a0181 2.2.3. Vulneraci\u00f3n al derecho a desarrollar cualquier actividad econ\u00f3mica l\u00edcita \u00a0\u00a0 \u00a0\u00a0\u00a0 \u00a0182 2.2.4. Acuerdo del Concejo Municipal\u00a0\u00a0 \u00a0\u00a0\u00a0 \u00a0183 2.2.5. Modificaci\u00f3n de la superficie del humedal\u00a0\u00a0 \u00a0\u00a0\u00a0 \u00a0183 2.2.6. Humedal en parte rural \u00a0\u00a0 \u00a0\u00a0\u00a0 \u00a0185 2.2.7. Calidad de interesado \u00a0\u00a0 \u00a0\u00a0\u00a0 \u00a0186 2.2.8. Infraestructura especial y relaci\u00f3n con otras pol\u00edticas p\u00fablicas\u00a0\u00a0 \u00a0\u00a0\u00a0 \u00a0186 2.2.9. Efecto erga omnes\u00a0\u00a0 \u00a0\u00a0\u00a0 \u00a0187 3. LA JURISPRUDENCIA DE LA CORTE SUPREMA CONOCIENDO recursos de queja\u00a0\u00a0 \u00a0\u00a0\u00a0 \u00a0202 Conclusiones \u00a0\u00a0 \u00a0\u00a0\u00a0 \u00a0207 Referencias bibliogr\u00e1ficas \u00a0\u00a0 \u00a0\u00a0\u00a0 \u00a0210 Cap\u00edtulo V Humedales en la propuesta de la Convenci\u00f3n Constitucional (2021-2022)\u00a0\u00a0 \u00a0\u00a0\u00a0 \u00a0211 Benjam\u00edn Gonz\u00e1lez Guzm\u00e1n, Introducci\u00f3n\u00a0\u00a0 \u00a0\u00a0\u00a0 \u00a0211 1. El medio ambiente en el proceso constituyente del segundo gobierno de Michelle Bachelet (2014-2018)\u00a0\u00a0 \u00a0\u00a0\u00a0 \u00a0212 2. El medio ambiente en la propuesta constitucional de la Convenci\u00f3n Constitucional (2021-2022)\u00a0\u00a0 \u00a0\u00a0\u00a0 \u00a0215 3. \u00a0Humedales en el texto propuesto por la Convenci\u00f3n Constitucional (2021-2022)\u00a0\u00a0 \u00a0\u00a0\u00a0 \u00a0220 3.1. Los humedales como Bienes Comunes Naturales \u00a0\u00a0 \u00a0\u00a0\u00a0 \u00a0220 3.2. Humedales como objeto del derecho de acceso a la naturaleza\u00a0\u00a0 \u00a0\u00a0\u00a0 \u00a0229 3.3. La protecci\u00f3n indirecta de los humedales \u00a0\u00a0 \u00a0\u00a0\u00a0 \u00a0230 3.3.1. Los derechos de la naturaleza \u00a0\u00a0 \u00a0\u00a0\u00a0<\/p>\n","protected":false},"featured_media":3331,"comment_status":"open","ping_status":"closed","template":"","meta":{"inline_featured_image":false,"_joinchat":[]},"product_brand":[],"product_cat":[27],"product_tag":[],"class_list":{"0":"post-3288","1":"product","2":"type-product","3":"status-publish","4":"has-post-thumbnail","6":"product_cat-civil","7":"product_shipping_class-a-convenir","9":"first","10":"instock","11":"shipping-taxable","12":"purchasable","13":"product-type-simple"},"_links":{"self":[{"href":"https:\/\/bibliotecajuridicavirtual.cl\/index.php\/wp-json\/wp\/v2\/product\/3288","targetHints":{"allow":["GET"]}}],"collection":[{"href":"https:\/\/bibliotecajuridicavirtual.cl\/index.php\/wp-json\/wp\/v2\/product"}],"about":[{"href":"https:\/\/bibliotecajuridicavirtual.cl\/index.php\/wp-json\/wp\/v2\/types\/product"}],"replies":[{"embeddable":true,"href":"https:\/\/bibliotecajuridicavirtual.cl\/index.php\/wp-json\/wp\/v2\/comments?post=3288"}],"wp:featuredmedia":[{"embeddable":true,"href":"https:\/\/bibliotecajuridicavirtual.cl\/index.php\/wp-json\/wp\/v2\/media\/3331"}],"wp:attachment":[{"href":"https:\/\/bibliotecajuridicavirtual.cl\/index.php\/wp-json\/wp\/v2\/media?parent=3288"}],"wp:term":[{"taxonomy":"product_brand","embeddable":true,"href":"https:\/\/bibliotecajuridicavirtual.cl\/index.php\/wp-json\/wp\/v2\/product_brand?post=3288"},{"taxonomy":"product_cat","embeddable":true,"href":"https:\/\/bibliotecajuridicavirtual.cl\/index.php\/wp-json\/wp\/v2\/product_cat?post=3288"},{"taxonomy":"product_tag","embeddable":true,"href":"https:\/\/bibliotecajuridicavirtual.cl\/index.php\/wp-json\/wp\/v2\/product_tag?post=3288"}],"curies":[{"name":"wp","href":"https:\/\/api.w.org\/{rel}","templated":true}]}}