{"id":3294,"date":"2026-02-28T01:11:41","date_gmt":"2026-02-28T04:11:41","guid":{"rendered":"https:\/\/bibliotecajuridicavirtual.cl\/?post_type=product&#038;p=3294"},"modified":"2026-02-28T01:12:22","modified_gmt":"2026-02-28T04:12:22","slug":"el-cese-de-goce-gratuito-de-la-cosa-comun-doctrina-jurisprudencia-y-practica-forense-ano-2024-162-pag-autor-patricia-arevalo-ayala-philipe-llulle-navarrete","status":"publish","type":"product","link":"https:\/\/bibliotecajuridicavirtual.cl\/index.php\/product\/el-cese-de-goce-gratuito-de-la-cosa-comun-doctrina-jurisprudencia-y-practica-forense-ano-2024-162-pag-autor-patricia-arevalo-ayala-philipe-llulle-navarrete\/","title":{"rendered":"El Cese de Goce Gratuito de la Cosa Comun Doctrina, Jurisprudencia y Practica Forense . A\u00f1o 2024\/ 162 P\u00e1g. Autor Patricia Ar\u00e9valo Ayala &#8211; Philipe Llulle Navarrete"},"content":{"rendered":"<p style=\"font-weight: 400;\">Este libro desarrolla de una forma sucinta y clara el instituto del \u201ccese de goce gratuito\u201d, que opera cuando existe m\u00e1s de un due\u00f1o o poseedor sobre una universalidad jur\u00eddica, y su presupuesto material consiste, en que, existiendo una comunidad de due\u00f1os, respecto de una misma cosa singular o universal, uno o m\u00e1s de ellos se aprovecha de forma gratuita de aquella cosa, en perjuicio econ\u00f3mico de los dem\u00e1s due\u00f1os. En t\u00e9rminos amplios, el goce consiste en aprovecharse de lo que una cosa produce.<\/p>\n<p style=\"font-weight: 400;\">Para una mejor comprensi\u00f3n del texto, el lector encontrar\u00e1 los antecedentes hist\u00f3ricos de la instituci\u00f3n sobre que versa. Cabe hacer presente que, as\u00ed como la acci\u00f3n de partici\u00f3n de herencia es imprescriptible, conforme al art\u00edculo 1317 del C\u00f3digo Civil, lo mismo ocurre con la acci\u00f3n judicial para solicitar el cese gratuito del goce de una cosa, que es imprescriptible.<\/p>\n<p style=\"font-weight: 400;\">\n<p style=\"font-weight: 400;\"><b><strong>CAP\u00cdTULO I<\/strong><\/b><br \/>\n<b><strong>ASPECTOS DE FONDO O SUSTANTIVOS DEL CESE DE GOCE GRATUITO DE LA COSA COM\u00daN<\/strong><\/b><\/p>\n<ol>\n<li style=\"font-weight: 400;\">Denominaci\u00f3n<br \/>\n2. Or\u00edgenes del art. 655 del C\u00f3digo de Procedimiento Civil y elementos de interpretaci\u00f3n<br \/>\n3. Definici\u00f3n de cese de goce gratuito de la cosa com\u00fan<br \/>\n4. Fundamentos cl\u00e1sicos del cese de goce gratuito de la cosa com\u00fan<br \/>\n5. Fundamentos modernos del cese de goce gratuito de la cosa com\u00fan<br \/>\n6. Requisitos para que opere el cese de goce gratuito de la cosa com\u00fan<br \/>\n7. Que exista un bien sujeto a comunidad<br \/>\n8. Que el bien sea usado por uno o m\u00e1s comuneros con exclusi\u00f3n a otro o a los dem\u00e1s<br \/>\n9. Que el uso del bien no se funde en alg\u00fan t\u00edtulo especial<br \/>\n10. Que exista una reclamaci\u00f3n por parte de uno o m\u00e1s de los comuneros excluidos solicitando el cese o t\u00e9rmino del uso del bien sujeto a comunidad<br \/>\n11. La petici\u00f3n y efectos del cese de goce gratuito de la cosa com\u00fan<br \/>\n12. Casos en que s\u00f3lo se puede pedir el pago de una suma o renta<br \/>\n13. Criterio para determinar la suma a pagar<br \/>\n14. Momento en que empieza a producir efectos el cese de goce gratuito<br \/>\n15. Cese de goce gratuito de la cosa com\u00fan, cobro retroactivo e indemnizaci\u00f3n de perjuicios<br \/>\n16. El cese de goce gratuito de la cosa com\u00fan y la rendici\u00f3n de cuentas<br \/>\n17. Sobre los frutos en relaci\u00f3n a la comunidad y en relaci\u00f3n al cese gratuito de la cosa com\u00fan<br \/>\n18. El cese de goce gratuito y los terceros<br \/>\n19. El cese de goce gratuito y el precario<\/li>\n<\/ol>\n<p style=\"font-weight: 400;\"><b><strong>CAP\u00cdTULO II<\/strong><\/b><br \/>\n<b><strong>ASPECTOS ADJETIVOS O PROCESALES DEL CESE DE GOCE GRATUITO DE LA COSA COM\u00daN<\/strong><\/b><\/p>\n<ol start=\"20\">\n<li style=\"font-weight: 400;\">Tribunales que pueden conocer el cese de goce gratuito de la cosa com\u00fan<br \/>\n21. La acci\u00f3n de cese de goce gratuito de la cosa com\u00fan<br \/>\n22. La acci\u00f3n de cese de goce gratuito de la cosa com\u00fan seg\u00fan la especie de sentencia que impone<br \/>\n23. La acci\u00f3n de cese de goce gratuito seg\u00fan el derecho cuya protecci\u00f3n persigue<br \/>\n24. La acci\u00f3n de cese de goce gratuito de la cosa com\u00fan seg\u00fan la naturaleza del bien a que se refiere<br \/>\n25. Otras caracter\u00edsticas de la acci\u00f3n de cese de goce gratuito de la cosa com\u00fan<br \/>\n26. Los requisitos de la acci\u00f3n de cese de goce gratuito de la cosa com\u00fan<br \/>\n27. Requisitos de existencia de la acci\u00f3n de cese de goce gratuito de la cosa com\u00fan<br \/>\n28. Requisitos de validez o admisibilidad de la acci\u00f3n de cese de goce gratuito de la cosa com\u00fan<br \/>\n29. Requisitos de procedencia o eficacia de la acci\u00f3n de cese de goce gratuito de la cosa com\u00fan<br \/>\n30. El procedimiento de la acci\u00f3n de cese de goce gratuito de la cosa com\u00fan<br \/>\n31. El incidente de cese de goce gratuito de la cosa com\u00fan<br \/>\n32. Caracter\u00edsticas del incidente de cese de goce gratuito de la cosa com\u00fan<br \/>\n33. Onus probandi<\/li>\n<\/ol>\n<p style=\"font-weight: 400;\"><b><strong>CAP\u00cdTULO III<\/strong><\/b><br \/>\nLA ACCI\u00d3N DE CESE DE GOCE GRATUITO COMO ACCI\u00d3N DE TENENCIA COMPARTIDA DE MASCOTAS<\/p>\n<ol start=\"34\">\n<li style=\"font-weight: 400;\">La sentencia del 8\u00b0 Juzgado de Letras de Santiago<br \/>\n35. Comentario del fallo precedente<\/li>\n<\/ol>\n<p style=\"font-weight: 400;\"><b><strong>CAP\u00cdTULO IV<\/strong><\/b><br \/>\n<b><strong>PR\u00c1CTICA FORENSE<\/strong><\/b><\/p>\n<ol start=\"36\">\n<li style=\"font-weight: 400;\">Demanda de cese de goce gratuito de la cosa com\u00fan<br \/>\n37. Incidente de cese de goce gratuito de la cosa com\u00fan<\/li>\n<\/ol>\n","protected":false},"excerpt":{"rendered":"<p>Este libro desarrolla de una forma sucinta y clara el instituto del \u201ccese de goce gratuito\u201d, que opera cuando existe m\u00e1s de un due\u00f1o o poseedor sobre una universalidad jur\u00eddica, y su presupuesto material consiste, en que, existiendo una comunidad de due\u00f1os, respecto de una misma cosa singular o universal, uno o m\u00e1s de ellos se aprovecha de forma gratuita de aquella cosa, en perjuicio econ\u00f3mico de los dem\u00e1s due\u00f1os. En t\u00e9rminos amplios, el goce consiste en aprovecharse de lo que una cosa produce. Para una mejor comprensi\u00f3n del texto, el lector encontrar\u00e1 los antecedentes hist\u00f3ricos de la instituci\u00f3n sobre que versa. Cabe hacer presente que, as\u00ed como la acci\u00f3n de partici\u00f3n de herencia es imprescriptible, conforme al art\u00edculo 1317 del C\u00f3digo Civil, lo mismo ocurre con la acci\u00f3n judicial para solicitar el cese gratuito del goce de una cosa, que es imprescriptible. CAP\u00cdTULO I ASPECTOS DE FONDO O SUSTANTIVOS DEL CESE DE GOCE GRATUITO DE LA COSA COM\u00daN Denominaci\u00f3n 2. Or\u00edgenes del art. 655 del C\u00f3digo de Procedimiento Civil y elementos de interpretaci\u00f3n 3. Definici\u00f3n de cese de goce gratuito de la cosa com\u00fan 4. Fundamentos cl\u00e1sicos del cese de goce gratuito de la cosa com\u00fan 5. Fundamentos modernos del cese de goce gratuito de la cosa com\u00fan 6. Requisitos para que opere el cese de goce gratuito de la cosa com\u00fan 7. Que exista un bien sujeto a comunidad 8. Que el bien sea usado por uno o m\u00e1s comuneros con exclusi\u00f3n a otro o a los dem\u00e1s 9. Que el uso del bien no se funde en alg\u00fan t\u00edtulo especial 10. Que exista una reclamaci\u00f3n por parte de uno o m\u00e1s de los comuneros excluidos solicitando el cese o t\u00e9rmino del uso del bien sujeto a comunidad 11. La petici\u00f3n y efectos del cese de goce gratuito de la cosa com\u00fan 12. Casos en que s\u00f3lo se puede pedir el pago de una suma o renta 13. Criterio para determinar la suma a pagar 14. Momento en que empieza a producir efectos el cese de goce gratuito 15. Cese de goce gratuito de la cosa com\u00fan, cobro retroactivo e indemnizaci\u00f3n de perjuicios 16. El cese de goce gratuito de la cosa com\u00fan y la rendici\u00f3n de cuentas 17. Sobre los frutos en relaci\u00f3n a la comunidad y en relaci\u00f3n al cese gratuito de la cosa com\u00fan 18. El cese de goce gratuito y los terceros 19. El cese de goce gratuito y el precario CAP\u00cdTULO II ASPECTOS ADJETIVOS O PROCESALES DEL CESE DE GOCE GRATUITO DE LA COSA COM\u00daN Tribunales que pueden conocer el cese de goce gratuito de la cosa com\u00fan 21. La acci\u00f3n de cese de goce gratuito de la cosa com\u00fan 22. La acci\u00f3n de cese de goce gratuito de la cosa com\u00fan seg\u00fan la especie de sentencia que impone 23. La acci\u00f3n de cese de goce gratuito seg\u00fan el derecho cuya protecci\u00f3n persigue 24. La acci\u00f3n de cese de goce gratuito de la cosa com\u00fan seg\u00fan la naturaleza del bien a que se refiere 25. Otras caracter\u00edsticas de la acci\u00f3n de cese de goce gratuito de la cosa com\u00fan 26. Los requisitos de la acci\u00f3n de cese de goce gratuito de la cosa com\u00fan 27. Requisitos de existencia de la acci\u00f3n de cese de goce gratuito de la cosa com\u00fan 28. Requisitos de validez o admisibilidad de la acci\u00f3n de cese de goce gratuito de la cosa com\u00fan 29. Requisitos de procedencia o eficacia de la acci\u00f3n de cese de goce gratuito de la cosa com\u00fan 30. El procedimiento de la acci\u00f3n de cese de goce gratuito de la cosa com\u00fan 31. El incidente de cese de goce gratuito de la cosa com\u00fan 32. Caracter\u00edsticas del incidente de cese de goce gratuito de la cosa com\u00fan 33. Onus probandi CAP\u00cdTULO III LA ACCI\u00d3N DE CESE DE GOCE GRATUITO COMO ACCI\u00d3N DE TENENCIA COMPARTIDA DE MASCOTAS La sentencia del 8\u00b0 Juzgado de Letras de Santiago 35. Comentario del fallo precedente CAP\u00cdTULO IV PR\u00c1CTICA FORENSE Demanda de cese de goce gratuito de la cosa com\u00fan 37. Incidente de cese de goce gratuito de la cosa com\u00fan<\/p>\n","protected":false},"featured_media":3337,"comment_status":"open","ping_status":"closed","template":"","meta":{"inline_featured_image":false,"_joinchat":[]},"product_brand":[],"product_cat":[27,60],"product_tag":[],"class_list":{"0":"post-3294","1":"product","2":"type-product","3":"status-publish","4":"has-post-thumbnail","6":"product_cat-civil","7":"product_cat-editorial-el-jurista","8":"product_shipping_class-a-convenir","10":"first","11":"instock","12":"shipping-taxable","13":"purchasable","14":"product-type-simple"},"_links":{"self":[{"href":"https:\/\/bibliotecajuridicavirtual.cl\/index.php\/wp-json\/wp\/v2\/product\/3294","targetHints":{"allow":["GET"]}}],"collection":[{"href":"https:\/\/bibliotecajuridicavirtual.cl\/index.php\/wp-json\/wp\/v2\/product"}],"about":[{"href":"https:\/\/bibliotecajuridicavirtual.cl\/index.php\/wp-json\/wp\/v2\/types\/product"}],"replies":[{"embeddable":true,"href":"https:\/\/bibliotecajuridicavirtual.cl\/index.php\/wp-json\/wp\/v2\/comments?post=3294"}],"wp:featuredmedia":[{"embeddable":true,"href":"https:\/\/bibliotecajuridicavirtual.cl\/index.php\/wp-json\/wp\/v2\/media\/3337"}],"wp:attachment":[{"href":"https:\/\/bibliotecajuridicavirtual.cl\/index.php\/wp-json\/wp\/v2\/media?parent=3294"}],"wp:term":[{"taxonomy":"product_brand","embeddable":true,"href":"https:\/\/bibliotecajuridicavirtual.cl\/index.php\/wp-json\/wp\/v2\/product_brand?post=3294"},{"taxonomy":"product_cat","embeddable":true,"href":"https:\/\/bibliotecajuridicavirtual.cl\/index.php\/wp-json\/wp\/v2\/product_cat?post=3294"},{"taxonomy":"product_tag","embeddable":true,"href":"https:\/\/bibliotecajuridicavirtual.cl\/index.php\/wp-json\/wp\/v2\/product_tag?post=3294"}],"curies":[{"name":"wp","href":"https:\/\/api.w.org\/{rel}","templated":true}]}}