{"id":3374,"date":"2026-02-28T01:12:53","date_gmt":"2026-02-28T04:12:53","guid":{"rendered":"https:\/\/bibliotecajuridicavirtual.cl\/?post_type=product&#038;p=3374"},"modified":"2026-02-28T01:13:39","modified_gmt":"2026-02-28T04:13:39","slug":"pretension-de-mera-certeza-en-el-contencioso-administrativo-chileno-ano-abril-2024-112-pag-autor-andrea-cartagena-sepulveda","status":"publish","type":"product","link":"https:\/\/bibliotecajuridicavirtual.cl\/index.php\/product\/pretension-de-mera-certeza-en-el-contencioso-administrativo-chileno-ano-abril-2024-112-pag-autor-andrea-cartagena-sepulveda\/","title":{"rendered":"Pretensi\u00f3n de Mera Certeza en el Contencioso  Administrativo Chileno. A\u00f1o Abril 2024\/ 112 P\u00e1g. Autor  Andrea Cartagena Sep\u00falveda"},"content":{"rendered":"<p style=\"font-weight: 400;\"><b><strong>LA PROBLEM\u00c1TICA RECEPCI\u00d3N DE UNA TUTELA JUDICIAL MERAMENTE DECLARATIVA<\/strong><\/b><\/p>\n<p style=\"font-weight: 400;\">A lo largo de este trabajo la autora va planteando una serie de interrogantes y cuestiones complejas a que da lugar la aplicaci\u00f3n de la mera certeza en este \u00e1mbito y que hacen avizorar, claramente, que la configuraci\u00f3n y aplicaci\u00f3n pr\u00e1ctica de la tutela de mera certeza en nuestro actual sistema contencioso-administrativo-cuyo r\u00e9gimen de acciones o recursos, por lo dem\u00e1s, se ha venido forjando esencialmente por la v\u00eda de la jurisprudencia-, seguir\u00e1 siendo un camino dificultoso en la medida en que no exista una adecuada regulaci\u00f3n tanto de los tribunales como del procedimiento contencioso-administrativo aplicable.<\/p>\n<p style=\"font-weight: 400;\">\n<p><b><strong>CAP\u00cdTULO I<\/strong><\/b><br \/>\n<b><strong>LA TUTELA MERAMENTE DECLARATIVA Y SU PROYECCI\u00d3N AL CONTENCIOSO-ADMINISTRATIVO<\/strong><\/b><\/p>\n<p style=\"font-weight: 400;\">1.1. La tutela meramente declarativa en el derecho com\u00fan<br \/>\n1.2. La tutela meramente declarativa en el derecho administrativo<br \/>\n1.3. Pretensiones procedentes en el contencioso-administrativo<br \/>\n1.3.1 Dualidad Tradicional entre Exceso de Poder y Plena Jurisdicci\u00f3n<br \/>\n1.3.2. Aplicaci\u00f3n de la Tipolog\u00eda a la Pretensi\u00f3n de Mera Certeza<\/p>\n<p style=\"font-weight: 400;\"><b><strong>CAP\u00cdTULO II<\/strong><\/b><br \/>\n<b><strong>RECEPCI\u00d3N DOCTRINAL DE PRETENSIONES DE MERA CERTEZA EN EL CONTENCIOSO-ADMINISTRATIVO CHILENO<\/strong><\/b><\/p>\n<p style=\"font-weight: 400;\">2.1. Jurisdicci\u00f3n y principio de inexcusabilidad<br \/>\n2.2. Sistema de justicia administrativa chileno: \u00bfcontrol subjetivo u objetivo?<\/p>\n<p style=\"font-weight: 400;\"><b><strong>CAP\u00cdTULO III<\/strong><\/b><br \/>\n<b><strong>RECEPCI\u00d3N JURISPRUDENCIAL DE PRETENSIONES DE MERA CERTEZA EN EL CONTENCIOSO-ADMINISTRATIVO CHILENO<\/strong><\/b><\/p>\n<p style=\"font-weight: 400;\">3.1. Contiendas de competencia entre la Contralor\u00eda General de la Rep\u00fablica y los tribunales de justicia<br \/>\n3.2. Demandas de mera certeza deducidas por instituciones pertenecientes a la administraci\u00f3n p\u00fablica<br \/>\n3.3. Reflexiones<\/p>\n<p style=\"font-weight: 400;\"><b><strong>ANEXO<\/strong><\/b><\/p>\n<p style=\"font-weight: 400;\">Jurisprudencia<br \/>\nJurisprudencia administrativa<\/p>\n","protected":false},"excerpt":{"rendered":"<p>LA PROBLEM\u00c1TICA RECEPCI\u00d3N DE UNA TUTELA JUDICIAL MERAMENTE DECLARATIVA A lo largo de este trabajo la autora va planteando una serie de interrogantes y cuestiones complejas a que da lugar la aplicaci\u00f3n de la mera certeza en este \u00e1mbito y que hacen avizorar, claramente, que la configuraci\u00f3n y aplicaci\u00f3n pr\u00e1ctica de la tutela de mera certeza en nuestro actual sistema contencioso-administrativo-cuyo r\u00e9gimen de acciones o recursos, por lo dem\u00e1s, se ha venido forjando esencialmente por la v\u00eda de la jurisprudencia-, seguir\u00e1 siendo un camino dificultoso en la medida en que no exista una adecuada regulaci\u00f3n tanto de los tribunales como del procedimiento contencioso-administrativo aplicable. CAP\u00cdTULO I LA TUTELA MERAMENTE DECLARATIVA Y SU PROYECCI\u00d3N AL CONTENCIOSO-ADMINISTRATIVO 1.1. La tutela meramente declarativa en el derecho com\u00fan 1.2. La tutela meramente declarativa en el derecho administrativo 1.3. Pretensiones procedentes en el contencioso-administrativo 1.3.1 Dualidad Tradicional entre Exceso de Poder y Plena Jurisdicci\u00f3n 1.3.2. Aplicaci\u00f3n de la Tipolog\u00eda a la Pretensi\u00f3n de Mera Certeza CAP\u00cdTULO II RECEPCI\u00d3N DOCTRINAL DE PRETENSIONES DE MERA CERTEZA EN EL CONTENCIOSO-ADMINISTRATIVO CHILENO 2.1. Jurisdicci\u00f3n y principio de inexcusabilidad 2.2. Sistema de justicia administrativa chileno: \u00bfcontrol subjetivo u objetivo? CAP\u00cdTULO III RECEPCI\u00d3N JURISPRUDENCIAL DE PRETENSIONES DE MERA CERTEZA EN EL CONTENCIOSO-ADMINISTRATIVO CHILENO 3.1. Contiendas de competencia entre la Contralor\u00eda General de la Rep\u00fablica y los tribunales de justicia 3.2. Demandas de mera certeza deducidas por instituciones pertenecientes a la administraci\u00f3n p\u00fablica 3.3. Reflexiones ANEXO Jurisprudencia Jurisprudencia administrativa<\/p>\n","protected":false},"featured_media":3414,"comment_status":"open","ping_status":"closed","template":"","meta":{"inline_featured_image":false,"_joinchat":[]},"product_brand":[],"product_cat":[45],"product_tag":[],"class_list":{"0":"post-3374","1":"product","2":"type-product","3":"status-publish","4":"has-post-thumbnail","6":"product_cat-administrativo","7":"product_shipping_class-a-convenir","9":"first","10":"instock","11":"shipping-taxable","12":"purchasable","13":"product-type-simple"},"_links":{"self":[{"href":"https:\/\/bibliotecajuridicavirtual.cl\/index.php\/wp-json\/wp\/v2\/product\/3374","targetHints":{"allow":["GET"]}}],"collection":[{"href":"https:\/\/bibliotecajuridicavirtual.cl\/index.php\/wp-json\/wp\/v2\/product"}],"about":[{"href":"https:\/\/bibliotecajuridicavirtual.cl\/index.php\/wp-json\/wp\/v2\/types\/product"}],"replies":[{"embeddable":true,"href":"https:\/\/bibliotecajuridicavirtual.cl\/index.php\/wp-json\/wp\/v2\/comments?post=3374"}],"wp:featuredmedia":[{"embeddable":true,"href":"https:\/\/bibliotecajuridicavirtual.cl\/index.php\/wp-json\/wp\/v2\/media\/3414"}],"wp:attachment":[{"href":"https:\/\/bibliotecajuridicavirtual.cl\/index.php\/wp-json\/wp\/v2\/media?parent=3374"}],"wp:term":[{"taxonomy":"product_brand","embeddable":true,"href":"https:\/\/bibliotecajuridicavirtual.cl\/index.php\/wp-json\/wp\/v2\/product_brand?post=3374"},{"taxonomy":"product_cat","embeddable":true,"href":"https:\/\/bibliotecajuridicavirtual.cl\/index.php\/wp-json\/wp\/v2\/product_cat?post=3374"},{"taxonomy":"product_tag","embeddable":true,"href":"https:\/\/bibliotecajuridicavirtual.cl\/index.php\/wp-json\/wp\/v2\/product_tag?post=3374"}],"curies":[{"name":"wp","href":"https:\/\/api.w.org\/{rel}","templated":true}]}}